-- https://www.phpmyadmin.net/
--
-- Versi Server: 10.1.30-MariaDB

START TRANSACTION;



--
-- Database: `mypos`
--

-- --------------------------------------------------------

--
-- Struktur dari tabel `customer`
--

CREATE TABLE `customer` (
  `customer_id` int(11) NOT NULL,
  `name` varchar(100) DEFAULT NULL,
  `gender` enum('L','P') DEFAULT NULL,
  `phone` varchar(15) DEFAULT NULL,
  `address` text,
  `created` datetime NOT NULL DEFAULT CURRENT_TIMESTAMP,
  `updated` datetime DEFAULT NULL
) ENGINE=InnoDB DEFAULT CHARSET=latin1;

--
-- Dumping data untuk tabel `customer`
--

INSERT INTO `customer` (`customer_id`, `name`, `gender`, `phone`, `address`, `created`, `updated`) VALUES
(2, 'Miranti A', 'P', '00909444099', 'Kebun Sirih', '2022-08-11 13:11:18', '2022-09-23 09:49:57'),
(3, 'Intan Aryani', 'P', '081299009933', 'Bekasi Timur 2', '2022-08-11 13:27:41', '2022-08-11 08:28:38'),
(4, 'Galih Pranatio', 'L', '00909444099', 'bekasi', '2022-09-23 14:54:52', NULL),
(5, 'Bu Sriwangi', 'P', '00909444099', 'Jl pulogadung', '2022-10-07 16:40:25', NULL),
(6, 'Angel', 'P', '00909444099', 'fdfd', '2022-10-07 16:44:02', NULL),
(7, 'Tes', 'P', '', '', '2022-10-07 16:45:18', NULL),
(8, 'Hadi Pranatiyo', 'L', '', '', '2022-10-10 10:20:08', NULL),
(9, 'Yulian', 'L', '', '', '2022-10-10 10:36:01', NULL),
(10, 'fdfdfdfdf', 'L', '00909444099', 'dfdf', '2022-10-11 09:16:43', NULL),
(12, 'aliiiii', 'L', '', '', '2022-10-11 09:22:28', NULL),
(13, 'Budi', 'L', '', '', '2022-10-12 11:11:03', NULL),
(14, 'Surya', 'L', '', '', '2022-10-12 11:17:30', NULL),
(15, 'ika Listianawati', 'P', '089373527282', 'Bekasi', '2022-10-12 11:18:15', NULL),
(16, 'Fery', 'L', '08124578233', '', '2022-10-13 10:58:40', NULL),
(17, 'Puyuk', 'L', '0818876622229', 'Kemayoran', '2022-10-13 10:59:00', NULL),
(18, 'Karyo', 'L', '0815230001676', 'Kramat jati', '2022-10-13 11:15:56', NULL);

-- --------------------------------------------------------

--
-- Struktur dari tabel `p_category`
--

CREATE TABLE `p_category` (
  `category_id` int(11) NOT NULL,
  `name` varchar(100) NOT NULL,
  `created` datetime NOT NULL DEFAULT CURRENT_TIMESTAMP,
  `updated` datetime DEFAULT NULL
) ENGINE=InnoDB DEFAULT CHARSET=latin1;

--
-- Dumping data untuk tabel `p_category`
--

INSERT INTO `p_category` (`category_id`, `name`, `created`, `updated`) VALUES
(3, 'fg wrap', '2022-08-11 14:08:37', '2022-09-05 06:37:25'),
(4, 'fg doilies', '2022-08-11 14:35:33', '2022-08-15 04:27:29'),
(10, 'fg paper bag', '2022-10-07 09:05:20', NULL),
(11, 'fg sheet', '2022-10-07 09:05:42', NULL),
(12, 'fg cupcake', '2022-10-07 09:06:02', NULL);

-- --------------------------------------------------------

--
-- Struktur dari tabel `p_item`
--

CREATE TABLE `p_item` (
  `item_id` int(11) NOT NULL,
  `name` varchar(100) DEFAULT NULL,
  `category_id` int(11) NOT NULL,
  `unit_id` int(11) NOT NULL,
  `price` int(11) DEFAULT NULL,
  `stock` int(10) NOT NULL DEFAULT '0',
  `image` varchar(100) DEFAULT NULL,
  `created` datetime NOT NULL DEFAULT CURRENT_TIMESTAMP,
  `updated` datetime DEFAULT NULL,
  `barcode` varchar(100) DEFAULT NULL,
  `keterangan` varchar(100) NOT NULL
) ENGINE=InnoDB DEFAULT CHARSET=latin1;

--
-- Dumping data untuk tabel `p_item`
--

INSERT INTO `p_item` (`item_id`, `name`, `category_id`, `unit_id`, `price`, `stock`, `image`, `created`, `updated`, `barcode`, `keterangan`) VALUES
(1479, 'Minuman Soda', 4, 3, 2000, 15, 'null', '0000-00-00 00:00:00', '0000-00-00 00:00:00', 'B0008', ''),
(1483, 'Aluminium Foil Wrap 30cm x 7,6m Silver 1x24', 3, 3, 326000, 20, 'null', '0000-00-00 00:00:00', '0000-00-00 00:00:00', 'WAF02A0022P02S', ''),
(1484, 'Aluminium Foil Wrap 30cm x 7,6m Silver', 3, 4, 15000, 20, 'null', '0000-00-00 00:00:00', '0000-00-00 00:00:00', 'WAF02A0022P02T', ''),
(1485, 'Aluminium Foil Wrap 45cm x 7,6m Silver 1x24', 3, 3, 465000, 20, 'null', '0000-00-00 00:00:00', '0000-00-00 00:00:00', 'WAF03A0022P02S', ''),
(1486, 'Aluminium Foil Wrap 45cm x 7,6m Silver', 3, 4, 21000, 20, 'null', '0000-00-00 00:00:00', '0000-00-00 00:00:00', 'WAF03A0022P02T', ''),
(1487, 'Cling Wrap 30cm x 30m Clear 1x24', 3, 3, 480000, 20, 'null', '0000-00-00 00:00:00', '0000-00-00 00:00:00', 'WCW02A0099P02S', ''),
(1488, 'Cling Wrap 30cm x 30m Clear', 3, 4, 21000, 20, 'null', '0000-00-00 00:00:00', '0000-00-00 00:00:00', 'WCW02A0099T01T', ''),
(1489, 'Cling Wrap 45cm x 30m Clear 1x24', 3, 3, 697000, 20, 'null', '0000-00-00 00:00:00', '0000-00-00 00:00:00', 'WCW03A0099P02S', ''),
(1490, 'Cling Wrap 45cm x 30m Clear', 3, 4, 31000, 20, 'null', '0000-00-00 00:00:00', '0000-00-00 00:00:00', 'WCW03A0099T01T', ''),
(1491, 'Baking Paper Roll 30cm x 10m BP White 1x24', 3, 3, 542000, 20, 'null', '0000-00-00 00:00:00', '0000-00-00 00:00:00', 'WBR01A0025P02S', ''),
(1492, 'Baking Paper Roll 30cm x 10m BP White', 3, 4, 24000, 20, 'null', '0000-00-00 00:00:00', '0000-00-00 00:00:00', 'WBR01A0025P02T', ''),
(1493, 'Baking Paper Roll 40cm x 10mtr BP White 1x24', 3, 3, 697000, 20, 'null', '0000-00-00 00:00:00', '0000-00-00 00:00:00', 'WBR02A0025P02S', ''),
(1494, 'Baking Paper Roll 40cm x 10mtr BP White', 3, 4, 31000, 20, 'null', '0000-00-00 00:00:00', '0000-00-00 00:00:00', 'WBR02A0025P02T', ''),
(1495, 'Baking Paper Roll 30cm x 10mtr Siliconize White 1x24', 3, 3, 682000, 20, 'null', '0000-00-00 00:00:00', '0000-00-00 00:00:00', 'WBR01B0025P02S', ''),
(1496, 'Baking Paper Roll 30cm x 10mtr Siliconize White', 3, 4, 30000, 20, 'null', '0000-00-00 00:00:00', '0000-00-00 00:00:00', 'WBR01B0025P02T', ''),
(1497, 'Baking Paper Roll 40cm x 10mtr Siliconize White 1x24', 3, 3, 883000, 20, 'null', '0000-00-00 00:00:00', '0000-00-00 00:00:00', 'WBR02B0025P02S', ''),
(1498, 'Baking Paper Roll 40cm x 10mtr Siliconize White', 3, 4, 39000, 20, 'null', '0000-00-00 00:00:00', '0000-00-00 00:00:00', 'WBR02B0025P02T', ''),
(1499, 'Cling Film 25cm 1x6 Roll', 3, 3, 645000, 20, 'null', '0000-00-00 00:00:00', '0000-00-00 00:00:00', 'WDW01A0099P01S', ''),
(1500, 'Cling Film 25cm', 3, 4, 115000, 20, 'null', '0000-00-00 00:00:00', '0000-00-00 00:00:00', 'WDW01A0099T01T', ''),
(1501, 'Cling Film 30cm 1x6 Roll', 3, 3, 774000, 20, 'null', '0000-00-00 00:00:00', '0000-00-00 00:00:00', 'WDW02A0099P01S', ''),
(1502, 'Cling Film 30cm', 3, 4, 143000, 20, 'null', '0000-00-00 00:00:00', '0000-00-00 00:00:00', 'WDW02A0099T01T', ''),
(1503, 'Cling Film 45cm 1x6 Roll', 3, 3, 1160000, 20, 'null', '0000-00-00 00:00:00', '0000-00-00 00:00:00', 'WDW04A0099P01S', ''),
(1504, 'Cling Film 45cm', 3, 4, 213000, 20, 'null', '0000-00-00 00:00:00', '0000-00-00 00:00:00', 'WDW04A0099T01T', ''),
(1505, 'Cling Film 60cm 1x4 Roll', 3, 3, 1031000, 20, 'null', '0000-00-00 00:00:00', '0000-00-00 00:00:00', 'WDW05A0099P02S', ''),
(1506, 'Cling Film 60cm', 3, 3, 285000, 20, 'null', '0000-00-00 00:00:00', '0000-00-00 00:00:00', 'WDW05A0099T01T', ''),
(1507, 'Baking Paper 40x60 BP White 1x5', 11, 3, 10000, 20, 'null', '0000-00-00 00:00:00', '0000-00-00 00:00:00', 'BP41A0025T14T', ''),
(1508, 'Baking Paper 40x60 Siliconize White 1x5', 11, 3, 12500, 20, 'null', '0000-00-00 00:00:00', '0000-00-00 00:00:00', 'BP41C0025T14T', ''),
(1509, 'Baking Paper 40x60 BP White 1x500', 11, 3, 644000, 11, 'null', '0000-00-00 00:00:00', '0000-00-00 00:00:00', 'BP41A0025P01S', ''),
(1510, 'Baking Paper 75x100 GP White 1x500', 11, 3, 772000, 20, 'null', '0000-00-00 00:00:00', '0000-00-00 00:00:00', 'BP71B0025P01S', ''),
(1511, 'Baking Paper 40x60 Siliconize White 1x500', 11, 3, 906000, 20, 'null', '0000-00-00 00:00:00', '0000-00-00 00:00:00', 'BP41C0025P01S', ''),
(1512, 'Paper Straw Dia 6mm MF White 100x25', 3, 4, 286000, 20, 'null', '0000-00-00 00:00:00', '0000-00-00 00:00:00', 'WPS01A0025P01S', ''),
(1513, 'Paper Straw Dia 6mm MF White 1x25', 3, 3, 3000, 20, 'null', '0000-00-00 00:00:00', '0000-00-00 00:00:00', 'WPS01A0025P01T', ''),
(1514, 'Doilies Round 3,5\" Flower MG White NF 20x250', 4, 4, 236000, 20, 'null', '0000-00-00 00:00:00', '0000-00-00 00:00:00', 'DO01D0027P04S', ''),
(1515, 'Doilies Round 3,5\" Flower MG White NF 1x250', 4, 3, 13000, 20, 'null', '0000-00-00 00:00:00', '0000-00-00 00:00:00', 'DO01D0027T04T', ''),
(1516, 'Doilies Round 3,5\" Flower MG Mix 4 Light Colour 20x250', 4, 4, 259000, 20, 'null', '0000-00-00 00:00:00', '0000-00-00 00:00:00', 'DO01D0000P04SS', ''),
(1517, 'Doilies Round 3,5\" Flower MG Blue 1x250', 4, 3, 14000, 20, 'null', '0000-00-00 00:00:00', '0000-00-00 00:00:00', 'DO01D0002T04T', ''),
(1518, 'Doilies Round 3,5\" Flower MG Pink 1x250', 4, 3, 14000, 20, 'null', '0000-00-00 00:00:00', '0000-00-00 00:00:00', 'DO01D0019T04T', ''),
(1519, 'Doilies Round 3,5\" Flower MG Green 1x250', 4, 3, 14000, 20, 'null', '0000-00-00 00:00:00', '0000-00-00 00:00:00', 'DO01D0011T04T', ''),
(1520, 'Doilies Round 3,5\" Flower MG Yellow 1x250', 4, 3, 14000, 20, 'null', '0000-00-00 00:00:00', '0000-00-00 00:00:00', 'DO01D0028T04T', ''),
(1521, 'Doilies Round 4,5\" Flower MG White NF 20x100', 4, 4, 117000, 20, 'null', '0000-00-00 00:00:00', '0000-00-00 00:00:00', 'DO02D0027P03S', ''),
(1522, 'Doilies Round 4,5\" Flower MG White NF 1x100', 4, 3, 7000, 20, 'null', '0000-00-00 00:00:00', '0000-00-00 00:00:00', 'DO02D0027T05T', ''),
(1523, 'Doilies Round 4,5\" Flower MG White NF 8x250', 4, 4, 117000, 20, 'null', '0000-00-00 00:00:00', '0000-00-00 00:00:00', 'DO02D0027P02S', ''),
(1524, 'Doilies Round 4,5\" Flower MG White NF 1x250', 4, 3, 16000, 20, 'null', '0000-00-00 00:00:00', '0000-00-00 00:00:00', 'DO02D0027T04T', ''),
(1525, 'Doilies Round 4,5\" Flower MG Mix 4 Light Colour 20x100', 4, 4, 126000, 20, 'null', '0000-00-00 00:00:00', '0000-00-00 00:00:00', 'DO02D0000P03SS', ''),
(1526, 'Doilies Round 4,5\" Flower MG Blue 1x100', 4, 3, 8000, 20, 'null', '0000-00-00 00:00:00', '0000-00-00 00:00:00', 'DO02D0002T05T', ''),
(1527, 'Doilies Round 4,5\" Flower MG Pink 1x100', 4, 3, 8000, 20, 'null', '0000-00-00 00:00:00', '0000-00-00 00:00:00', 'DO02D0019T05T', ''),
(1528, 'Doilies Round 4,5\" Flower MG Green 1x100', 4, 3, 8000, 20, 'null', '0000-00-00 00:00:00', '0000-00-00 00:00:00', 'DO02D0011T05T', ''),
(1529, 'Doilies Round 4,5\" Flower MG Yellow 1x100', 4, 3, 8000, 20, 'null', '0000-00-00 00:00:00', '0000-00-00 00:00:00', 'DO02D0028T05T', ''),
(1530, 'Doilies Round 4,5\" Flower Glassine Mix 4 Colour 20x100', 4, 4, 150000, 20, 'null', '0000-00-00 00:00:00', '0000-00-00 00:00:00', 'DO02B0000P03S', ''),
(1531, 'Doilies Round 4,5\" Flower Glassine Blue 1x100', 4, 3, 9000, 20, 'null', '0000-00-00 00:00:00', '0000-00-00 00:00:00', 'DO02B0002T05T', ''),
(1532, 'Doilies Round 4,5\" Flower Glassine Orange 1x100', 4, 3, 9000, 20, 'null', '0000-00-00 00:00:00', '0000-00-00 00:00:00', 'DO02B0018T05T', ''),
(1533, 'Doilies Round 4,5\" Flower Glassine Pink 1x100', 4, 3, 9000, 20, 'null', '0000-00-00 00:00:00', '0000-00-00 00:00:00', 'DO02B0019T05T', ''),
(1534, 'Doilies Round 4,5\" Flower Glassine Purple 1x100', 4, 3, 9000, 20, 'null', '0000-00-00 00:00:00', '0000-00-00 00:00:00', 'DO02B0020T05T', ''),
(1535, 'Doilies Round 5\" Flower MG White NF 20x100', 4, 4, 142000, 20, 'null', '0000-00-00 00:00:00', '0000-00-00 00:00:00', 'DO04D0027P03S', ''),
(1536, 'Doilies Round 5\" Flower MG White NF 1x100', 4, 3, 8000, 20, 'null', '0000-00-00 00:00:00', '0000-00-00 00:00:00', 'DO04D0027T05T', ''),
(1537, 'Doilies Round 5\" Flower MG White NF 8x250', 4, 4, 142000, 20, 'null', '0000-00-00 00:00:00', '0000-00-00 00:00:00', 'DO04D0027P02S', ''),
(1538, 'Doilies Round 5\" Flower MG White NF 1x250', 4, 3, 19000, 20, 'null', '0000-00-00 00:00:00', '0000-00-00 00:00:00', 'DO04D0027T04T', ''),
(1539, 'Doilies Round 5\" Flower MG Mix 4 Dark Colour 20x100', 4, 4, 156000, 20, 'null', '0000-00-00 00:00:00', '0000-00-00 00:00:00', 'DO04D0000P03S', ''),
(1540, 'Doilies Round 5\" Flower MG Blue New 1x100', 4, 3, 9000, 20, 'null', '0000-00-00 00:00:00', '0000-00-00 00:00:00', 'DO04D0005T05T', ''),
(1541, 'Doilies Round 5\" Flower MG Green New 1x100', 4, 3, 9000, 20, 'null', '0000-00-00 00:00:00', '0000-00-00 00:00:00', 'DO04D0007T05T', ''),
(1542, 'Doilies Round 5\" Flower MG Pink New 1x100', 4, 3, 9000, 20, 'null', '0000-00-00 00:00:00', '0000-00-00 00:00:00', 'DO04D0032T05T', ''),
(1543, 'Doilies Round 5\" Flower MG Dark Red 1x100', 4, 3, 9000, 20, 'null', '0000-00-00 00:00:00', '0000-00-00 00:00:00', 'DO04D0008T05T', ''),
(1544, 'Doilies Round 5\" Flower MG Mix 4 Light Colour 20x100', 4, 4, 156000, 20, 'null', '0000-00-00 00:00:00', '0000-00-00 00:00:00', 'DO04D0000P03SS', ''),
(1545, 'Doilies Round 5\" Flower MG Blue 1x100', 4, 3, 9000, 20, 'null', '0000-00-00 00:00:00', '0000-00-00 00:00:00', 'DO04D0002T05T', ''),
(1546, 'Doilies Round 5\" Flower MG Pink 1x100', 4, 3, 9000, 20, 'null', '0000-00-00 00:00:00', '0000-00-00 00:00:00', 'DO04D0019T05T', ''),
(1547, 'Doilies Round 5\" Flower MG Green 1x100', 4, 3, 9000, 20, 'null', '0000-00-00 00:00:00', '0000-00-00 00:00:00', 'DO04D0011T05T', ''),
(1548, 'Doilies Round 5\" Flower MG Yellow 1x100', 4, 3, 9000, 20, 'null', '0000-00-00 00:00:00', '0000-00-00 00:00:00', 'DO04D0028T05T', ''),
(1549, 'Doilies Round 5,5\" Flower MG White NF 20x100', 4, 4, 150000, 20, 'null', '0000-00-00 00:00:00', '0000-00-00 00:00:00', 'DO05D0027P03S', ''),
(1550, 'Doilies Round 5,5\" Flower MG White NF 1x100', 4, 3, 8000, 20, 'null', '0000-00-00 00:00:00', '0000-00-00 00:00:00', 'DO05D0027T05T', ''),
(1551, 'Doilies Round 5,5\" Flower MG White NF 8x250', 4, 4, 150000, 20, 'null', '0000-00-00 00:00:00', '0000-00-00 00:00:00', 'DO05D0027P02S', ''),
(1552, 'Doilies Round 5,5\" Flower MG White NF 1x250', 4, 3, 20000, 20, 'null', '0000-00-00 00:00:00', '0000-00-00 00:00:00', 'DO05D0027T04T', ''),
(1553, 'Doilies Round 5,5\" Flower MG Mix 4 Dark Colour 20x100', 4, 4, 163000, 20, 'null', '0000-00-00 00:00:00', '0000-00-00 00:00:00', 'DO05D0000P03S', ''),
(1554, 'Doilies Round 5,5\" Flower MG Blue New 1x100', 4, 3, 10000, 20, 'null', '0000-00-00 00:00:00', '0000-00-00 00:00:00', 'DO05D0005T05T', ''),
(1555, 'Doilies Round 5,5\" Flower MG Green New 1x100', 4, 3, 10000, 20, 'null', '0000-00-00 00:00:00', '0000-00-00 00:00:00', 'DO05D0007T05T', ''),
(1556, 'Doilies Round 5,5\" Flower MG Pink New 1x100', 4, 3, 10000, 20, 'null', '0000-00-00 00:00:00', '0000-00-00 00:00:00', 'DO05D0032T05T', ''),
(1557, 'Doilies Round 5,5\" Flower MG Dark Red 1x100', 4, 3, 10000, 20, 'null', '0000-00-00 00:00:00', '0000-00-00 00:00:00', 'DO05D0008T05T', ''),
(1558, 'Doilies Round 5,5\" Flower MG Mix 4 Light Colour 20x100', 4, 4, 163000, 20, 'null', '0000-00-00 00:00:00', '0000-00-00 00:00:00', 'DO05D0000P03SS', ''),
(1559, 'Doilies Round 5,5\" Flower MG Blue 1x100', 4, 3, 10000, 20, 'null', '0000-00-00 00:00:00', '0000-00-00 00:00:00', 'DO05D0002T05T', ''),
(1560, 'Doilies Round 5,5\" Flower MG Pink 1x100', 4, 3, 10000, 20, 'null', '0000-00-00 00:00:00', '0000-00-00 00:00:00', 'DO05D0019T05T', ''),
(1561, 'Doilies Round 5,5\" Flower MG Green 1x100', 4, 3, 10000, 20, 'null', '0000-00-00 00:00:00', '0000-00-00 00:00:00', 'DO05D0011T05T', ''),
(1562, 'Doilies Round 5,5\" Flower MG Yellow 1x100', 4, 3, 10000, 20, 'null', '0000-00-00 00:00:00', '0000-00-00 00:00:00', 'DO05D0028T05T', ''),
(1563, 'Doilies Round 5,5\" Flower Glassine Mix 4 Colour 20x100', 4, 4, 196000, 20, 'null', '0000-00-00 00:00:00', '0000-00-00 00:00:00', 'DO05B0000P03S', ''),
(1564, 'Doilies Round 5,5\" Flower Glassine Blue 1x100', 4, 3, 11000, 20, 'null', '0000-00-00 00:00:00', '0000-00-00 00:00:00', 'DO05B0002T05T', ''),
(1565, 'Doilies Round 5,5\" Flower Glassine Orange 1x100', 4, 3, 11000, 20, 'null', '0000-00-00 00:00:00', '0000-00-00 00:00:00', 'DO05B0018T05T', ''),
(1566, 'Doilies Round 5,5\" Flower Glassine Pink 1x100', 4, 3, 11000, 20, 'null', '0000-00-00 00:00:00', '0000-00-00 00:00:00', 'DO05B0019T05T', ''),
(1567, 'Doilies Round 5,5\" Flower Glassine Purple 1x100', 4, 3, 11000, 20, 'null', '0000-00-00 00:00:00', '0000-00-00 00:00:00', 'DO05B0020T05T', ''),
(1568, 'Doilies Round 5,5\" Fish MG Dark Red 20x100', 4, 4, 163000, 20, 'null', '0000-00-00 00:00:00', '0000-00-00 00:00:00', 'DO07D0008P03S', ''),
(1569, 'Doilies Round 5,5\" Fish MG Dark Red 1x100', 4, 3, 9000, 20, 'null', '0000-00-00 00:00:00', '0000-00-00 00:00:00', 'DO07D0008T05T', ''),
(1570, 'Doilies Round 5,5\" Fish MG Violet 8x250', 4, 4, 163000, 20, 'null', '0000-00-00 00:00:00', '0000-00-00 00:00:00', 'DO07D0024P02S', ''),
(1571, 'Doilies Round 5,5\" Fish MG Violet 1x250', 4, 3, 22000, 20, 'null', '0000-00-00 00:00:00', '0000-00-00 00:00:00', 'DO07D0024T04T', ''),
(1572, 'Doilies Round 7,5\" Flower MG White NF 20x100', 4, 4, 253000, 20, 'null', '0000-00-00 00:00:00', '0000-00-00 00:00:00', 'DO10D0027P03S', ''),
(1573, 'Doilies Round 7,5\" Flower MG White NF 1x100', 4, 3, 14000, 20, 'null', '0000-00-00 00:00:00', '0000-00-00 00:00:00', 'DO10D0027T05T', ''),
(1574, 'Doilies Round 7,5\" Flower MG Mix 4 Light Colour 20x100', 4, 4, 279000, 20, 'null', '0000-00-00 00:00:00', '0000-00-00 00:00:00', 'DO10D0000P03SS', ''),
(1575, 'Doilies Round 7,5\" Flower MG Blue 1x100', 4, 3, 15000, 20, 'null', '0000-00-00 00:00:00', '0000-00-00 00:00:00', 'DO10D0002T05T', ''),
(1576, 'Doilies Round 7,5\" Flower MG Pink 1x100', 4, 3, 15000, 20, 'null', '0000-00-00 00:00:00', '0000-00-00 00:00:00', 'DO10D0019T05T', ''),
(1577, 'Doilies Round 7,5\" Flower MG Green 1x100', 4, 3, 15000, 20, 'null', '0000-00-00 00:00:00', '0000-00-00 00:00:00', 'DO10D0011T05T', ''),
(1578, 'Doilies Round 7,5\" Flower MG Yellow 1x100', 4, 3, 15000, 20, 'null', '0000-00-00 00:00:00', '0000-00-00 00:00:00', 'DO10D0028T05T', ''),
(1579, 'Doilies Round 7,5\" Flower Glassine Mix 4 Colour 20x100', 4, 4, 334000, 20, 'null', '0000-00-00 00:00:00', '0000-00-00 00:00:00', 'DO10B0000P03S', ''),
(1580, 'Doilies Round 7,5\" Flower Glassine Blue 1x100', 4, 3, 18000, 20, 'null', '0000-00-00 00:00:00', '0000-00-00 00:00:00', 'DO10B0002T05T', ''),
(1581, 'Doilies Round 7,5\" Flower Glassine Orange 1x100', 4, 3, 18000, 20, 'null', '0000-00-00 00:00:00', '0000-00-00 00:00:00', 'DO10B0018T05T', ''),
(1582, 'Doilies Round 7,5\" Flower Glassine Pink 1x100', 4, 3, 18000, 20, 'null', '0000-00-00 00:00:00', '0000-00-00 00:00:00', 'DO10B0019T05T', ''),
(1583, 'Doilies Round 7,5\" Flower Glassine Purple 1x100', 4, 3, 18000, 20, 'null', '0000-00-00 00:00:00', '0000-00-00 00:00:00', 'DO10B0020T05T', ''),
(1584, 'Doilies Round 8,5\" Flower MG White NF 20x100', 4, 4, 301000, 20, 'null', '0000-00-00 00:00:00', '0000-00-00 00:00:00', 'DO14D0027P03S', ''),
(1585, 'Doilies Round 8,5\" Flower MG White NF 1x100', 4, 3, 16000, 20, 'null', '0000-00-00 00:00:00', '0000-00-00 00:00:00', 'DO14D0027T05T', ''),
(1586, 'Doilies Round 8,5\" Flower MG Mix 4 Light Colour 20x100', 4, 4, 318000, 20, 'null', '0000-00-00 00:00:00', '0000-00-00 00:00:00', 'DO14D0000P03S', ''),
(1587, 'Doilies Round 8,5\" Flower MG Blue 1x100', 4, 3, 17000, 20, 'null', '0000-00-00 00:00:00', '0000-00-00 00:00:00', 'DO14D0002T05T', ''),
(1588, 'Doilies Round 8,5\" Flower MG Pink 1x100', 4, 3, 17000, 20, 'null', '0000-00-00 00:00:00', '0000-00-00 00:00:00', 'DO14D0019T05T', ''),
(1589, 'Doilies Round 8,5\" Flower MG Green 1x100', 4, 3, 17000, 20, 'null', '0000-00-00 00:00:00', '0000-00-00 00:00:00', 'DO14D0011T05T', ''),
(1590, 'Doilies Round 8,5\" Flower MG Yellow 1x100', 4, 3, 17000, 20, 'null', '0000-00-00 00:00:00', '0000-00-00 00:00:00', 'DO14D0028T05T', ''),
(1591, 'Doilies Round 9,5\" Flower MG White NF 20x100', 4, 4, 376000, 20, 'null', '0000-00-00 00:00:00', '0000-00-00 00:00:00', 'DO15D0027P03S', ''),
(1592, 'Doilies Round 9,5\" Flower MG White NF 1x100', 4, 3, 20000, 20, 'null', '0000-00-00 00:00:00', '0000-00-00 00:00:00', 'DO15D0027T05T', ''),
(1593, 'Doilies Round 9,5\" Flower MG Mix 4 Light Colour 20x100', 4, 4, 404000, 20, 'null', '0000-00-00 00:00:00', '0000-00-00 00:00:00', 'DO15D0000P03S', ''),
(1594, 'Doilies Round 9,5\" Flower MG Blue 1x100', 4, 3, 22000, 20, 'null', '0000-00-00 00:00:00', '0000-00-00 00:00:00', 'DO15D0002T05T', ''),
(1595, 'Doilies Round 9,5\" Flower MG Pink 1x100', 4, 3, 22000, 20, 'null', '0000-00-00 00:00:00', '0000-00-00 00:00:00', 'DO15D0019T05T', ''),
(1596, 'Doilies Round 9,5\" Flower MG Green 1x100', 4, 3, 22000, 20, 'null', '0000-00-00 00:00:00', '0000-00-00 00:00:00', 'DO15D0011T05T', ''),
(1597, 'Doilies Round 9,5\" Flower MG Yellow 1x100', 4, 3, 22000, 20, 'null', '0000-00-00 00:00:00', '0000-00-00 00:00:00', 'DO15D0028T05T', ''),
(1598, 'Doilies Round 10,5\" Flower MG White NF 20x100', 4, 4, 459000, 20, 'null', '0000-00-00 00:00:00', '0000-00-00 00:00:00', 'DO16D0027P03S', ''),
(1599, 'Doilies Round 10,5\" Flower MG White NF 1x100', 4, 3, 24000, 20, 'null', '0000-00-00 00:00:00', '0000-00-00 00:00:00', 'DO16D0027T05T', ''),
(1600, 'Doilies Round 10,5\" Flower MG Mix 4 Light Colour 20x100', 4, 4, 497000, 20, 'null', '0000-00-00 00:00:00', '0000-00-00 00:00:00', 'DO16D0000P03S', ''),
(1601, 'Doilies Round 10,5\" Flower MG Blue 1x100', 4, 3, 26000, 20, 'null', '0000-00-00 00:00:00', '0000-00-00 00:00:00', 'DO16D0002T05T', ''),
(1602, 'Doilies Round 10,5\" Flower MG Pink 1x100', 4, 3, 26000, 20, 'null', '0000-00-00 00:00:00', '0000-00-00 00:00:00', 'DO16D0019T05T', ''),
(1603, 'Doilies Round 10,5\" Flower MG Green 1x100', 4, 3, 26000, 20, 'null', '0000-00-00 00:00:00', '0000-00-00 00:00:00', 'DO16D0011T05T', ''),
(1604, 'Doilies Round 10,5\" Flower MG Yellow 1x100', 4, 3, 26000, 20, 'null', '0000-00-00 00:00:00', '0000-00-00 00:00:00', 'DO16D0028T05T', ''),
(1605, 'Doilies Round 12,5\" Flower MG White NF 20x100', 4, 4, 622000, 20, 'null', '0000-00-00 00:00:00', '0000-00-00 00:00:00', 'DO19D0027P03S', ''),
(1606, 'Doilies Round 12,5\" Flower MG White NF 1x100', 4, 3, 33000, 20, 'null', '0000-00-00 00:00:00', '0000-00-00 00:00:00', 'DO19D0027T05T', ''),
(1607, 'Doilies Round 12,5\" Flower MG Mix 4 Light Colour 20x100', 4, 4, 685000, 20, 'null', '0000-00-00 00:00:00', '0000-00-00 00:00:00', 'DO19D0000P03S', ''),
(1608, 'Doilies Round 12,5\" Flower MG Blue 1x100', 4, 3, 36000, 20, 'null', '0000-00-00 00:00:00', '0000-00-00 00:00:00', 'DO19D0002T05T', ''),
(1609, 'Doilies Round 12,5\" Flower MG Pink 1x100', 4, 3, 36000, 20, 'null', '0000-00-00 00:00:00', '0000-00-00 00:00:00', 'DO19D0019T05T', ''),
(1610, 'Doilies Round 12,5\" Flower MG Green 1x100', 4, 3, 36000, 20, 'null', '0000-00-00 00:00:00', '0000-00-00 00:00:00', 'DO19D0011T05T', ''),
(1611, 'Doilies Round 12,5\" Flower MG Yellow 1x100', 4, 3, 36000, 20, 'null', '0000-00-00 00:00:00', '0000-00-00 00:00:00', 'DO19D0028T05T', ''),
(1612, 'Doilies Square 10\"x10\" Flower MG Mix 4 Light Colour 20x100', 4, 4, 601000, 20, 'null', '0000-00-00 00:00:00', '0000-00-00 00:00:00', 'DO32D0000P03S', ''),
(1613, 'Doilies Square 10\"x10\" Flower MG Blue 1x100', 4, 3, 32000, 20, 'null', '0000-00-00 00:00:00', '0000-00-00 00:00:00', 'DO32D0002T05T', ''),
(1614, 'Doilies Square 10\"x10\" Flower MG Pink 1x100', 4, 3, 32000, 20, 'null', '0000-00-00 00:00:00', '0000-00-00 00:00:00', 'DO32D0019T05T', ''),
(1615, 'Doilies Square 10\"x10\" Flower MG Green 1x100', 4, 3, 32000, 20, 'null', '0000-00-00 00:00:00', '0000-00-00 00:00:00', 'DO32D0011T05T', ''),
(1616, 'Doilies Square 10\"x10\" Flower MG Yellow 1x100', 4, 3, 32000, 20, 'null', '0000-00-00 00:00:00', '0000-00-00 00:00:00', 'DO32D0028T05T', ''),
(1617, 'Doilies Square 10\"x10\" Flower MG White NF 20x100', 4, 4, 546000, 20, 'null', '0000-00-00 00:00:00', '0000-00-00 00:00:00', 'DO32D0027P03S', ''),
(1618, 'Doilies Square 10\"x10\" Flower MG White NF 1x100', 4, 3, 29000, 20, 'null', '0000-00-00 00:00:00', '0000-00-00 00:00:00', 'DO32D0027T05T', ''),
(1619, 'Doilies Square 12,5\"x12,5\" Honeycomb MG Mix 4 Light Colour 20x100', 4, 4, 721000, 20, 'null', '0000-00-00 00:00:00', '0000-00-00 00:00:00', 'DO33D0000P03S', ''),
(1620, 'Doilies Square 12,5\"x12,5\" Honeycomb MG Blue 1x100', 4, 3, 38000, 20, 'null', '0000-00-00 00:00:00', '0000-00-00 00:00:00', 'DO33D0002T05T', ''),
(1621, 'Doilies Square 12,5\"x12,5\" Honeycomb MG Pink 1x100', 4, 3, 38000, 20, 'null', '0000-00-00 00:00:00', '0000-00-00 00:00:00', 'DO33D0019T05T', ''),
(1622, 'Doilies Square 12,5\"x12,5\" Honeycomb MG Green 1x100', 4, 3, 38000, 20, 'null', '0000-00-00 00:00:00', '0000-00-00 00:00:00', 'DO33D0011T05T', ''),
(1623, 'Doilies Square 12,5\"x12,5\" Honeycomb MG Yellow 1x100', 4, 3, 38000, 20, 'null', '0000-00-00 00:00:00', '0000-00-00 00:00:00', 'DO33D0028T05T', ''),
(1624, 'Doilies Square 12,5\"x12,5\" Honeycomb MG White NF 20X100', 4, 4, 656000, 20, 'null', '0000-00-00 00:00:00', '0000-00-00 00:00:00', 'DO33D0027P03S', ''),
(1625, 'Doilies Square 12,5\"x12,5\" Honeycomb MG White NF 1X100', 4, 3, 35000, 20, 'null', '0000-00-00 00:00:00', '0000-00-00 00:00:00', 'DO33D0027T05T', ''),
(1626, 'Doilies Square 8\"x8\" New Flower MG Mix Light Colour 20x100', 4, 4, 501000, 20, 'null', '0000-00-00 00:00:00', '0000-00-00 00:00:00', 'DO31D0000P03SS', ''),
(1627, 'Doilies Square 8\"x8\" New Flower MG Blue 1x100', 4, 3, 27000, 20, 'null', '0000-00-00 00:00:00', '0000-00-00 00:00:00', 'DO31D0002T05T', ''),
(1628, 'Doilies Square 8\"x8\" New Flower MG Pink 1x100', 4, 3, 27000, 20, 'null', '0000-00-00 00:00:00', '0000-00-00 00:00:00', 'DO31D0019T05T', ''),
(1629, 'Doilies Square 8\"x8\" New Flower MG Green 1x100', 4, 3, 27000, 20, 'null', '0000-00-00 00:00:00', '0000-00-00 00:00:00', 'DO31D0011T05T', ''),
(1630, 'Doilies Square 8\"x8\" New Flower MG Yellow 1x100', 4, 3, 27000, 20, 'null', '0000-00-00 00:00:00', '0000-00-00 00:00:00', 'DO31D0028T05T', ''),
(1631, 'Doilies Square 8\"x8\" New Flower MG White NF 20x100', 4, 4, 454000, 20, 'null', '0000-00-00 00:00:00', '0000-00-00 00:00:00', 'DO31D0027P03S', ''),
(1632, 'Doilies Square 8\"x8\" New Flower MG White NF 1x100', 4, 3, 24000, 20, 'null', '0000-00-00 00:00:00', '0000-00-00 00:00:00', 'DO31D0027T05T', ''),
(1633, 'Doilies Oval 10,5\"x14\" Flower MG Mix 4 Light Colour 20x100', 4, 4, 730000, 20, 'null', '0000-00-00 00:00:00', '0000-00-00 00:00:00', 'DO64D0000P03S', ''),
(1634, 'Doilies Oval 10,5\"x14\" Flower MG Blue 1x100', 4, 3, 39000, 20, 'null', '0000-00-00 00:00:00', '0000-00-00 00:00:00', 'DO64D0002T05T', ''),
(1635, 'Doilies Oval 10,5\"x14\" Flower MG Pink 1x100', 4, 3, 39000, 20, 'null', '0000-00-00 00:00:00', '0000-00-00 00:00:00', 'DO64D0019T05T', ''),
(1636, 'Doilies Oval 10,5\"x14\" Flower MG Green 1x100', 4, 3, 39000, 20, 'null', '0000-00-00 00:00:00', '0000-00-00 00:00:00', 'DO64D0011T05T', ''),
(1637, 'Doilies Oval 10,5\"x14\" Flower MG Yellow 1x100', 4, 3, 39000, 20, 'null', '0000-00-00 00:00:00', '0000-00-00 00:00:00', 'DO64D0028T05T', ''),
(1638, 'Doilies Oval 10,5\"x14\" Flower MG White NF 20x100', 4, 4, 664000, 20, 'null', '0000-00-00 00:00:00', '0000-00-00 00:00:00', 'DO64D0027P03S', ''),
(1639, 'Doilies Oval 10,5\"x14\" Flower MG White NF 1x100', 4, 3, 35000, 20, 'null', '0000-00-00 00:00:00', '0000-00-00 00:00:00', 'DO64D0027T05T', ''),
(1640, 'Doilies Oval 11,5\"x14,5\" New Flower MG Mix 4 Light Colour 20x100', 4, 4, 773000, 20, 'null', '0000-00-00 00:00:00', '0000-00-00 00:00:00', 'DO65D0000P03S', ''),
(1641, 'Doilies Oval 11,5\"x14,5\" New Flower MG Blue 1x100', 4, 3, 41000, 20, 'null', '0000-00-00 00:00:00', '0000-00-00 00:00:00', 'DO65D0002T05T', ''),
(1642, 'Doilies Oval 11,5\"x14,5\" New Flower MG Pink 1x100', 4, 3, 41000, 20, 'null', '0000-00-00 00:00:00', '0000-00-00 00:00:00', 'DO65D0019T05T', ''),
(1643, 'Doilies Oval 11,5\"x14,5\" New Flower MG Green 1x100', 4, 3, 41000, 20, 'null', '0000-00-00 00:00:00', '0000-00-00 00:00:00', 'DO65D0011T05T', ''),
(1644, 'Doilies Oval 11,5\"x14,5\" New Flower MG Yellow 1x100', 4, 3, 41000, 20, 'null', '0000-00-00 00:00:00', '0000-00-00 00:00:00', 'DO65D0028T05T', ''),
(1645, 'Doilies Oval 11,5\"x14,5\" New Flower MG White NF 20x100', 4, 4, 702000, 20, 'null', '0000-00-00 00:00:00', '0000-00-00 00:00:00', 'DO65D0027P03S', ''),
(1646, 'Doilies Oval 11,5\"x14,5\" New Flower MG White NF 1x100', 4, 3, 37000, 20, 'null', '0000-00-00 00:00:00', '0000-00-00 00:00:00', 'DO65D0027T05T', ''),
(1647, 'Doilies Oval 4,5\"x6,5\" Flower MG Mix 4 Colour 20x100', 4, 4, 217000, 20, 'null', '0000-00-00 00:00:00', '0000-00-00 00:00:00', 'DO61D0000P03S', ''),
(1648, 'Doilies Oval 4,5\"x6,5\" Flower MG Blue 1x100', 4, 3, 12000, 20, 'null', '0000-00-00 00:00:00', '0000-00-00 00:00:00', 'DO61D0002T05T', ''),
(1649, 'Doilies Oval 4,5\"x6,5\" Flower MG Pink 1x100', 4, 3, 12000, 20, 'null', '0000-00-00 00:00:00', '0000-00-00 00:00:00', 'DO61D0019T05T', ''),
(1650, 'Doilies Oval 4,5\"x6,5\" Flower MG Green 1x100', 4, 3, 12000, 20, 'null', '0000-00-00 00:00:00', '0000-00-00 00:00:00', 'DO61D0011T05T', ''),
(1651, 'Doilies Oval 4,5\"x6,5\" Flower MG Yellow 1x100', 4, 3, 12000, 20, 'null', '0000-00-00 00:00:00', '0000-00-00 00:00:00', 'DO61D0028T05T', ''),
(1652, 'Doilies Oval 4,5\"x6,5\" Flower MG White NF 20x100', 4, 4, 204000, 20, 'null', '0000-00-00 00:00:00', '0000-00-00 00:00:00', 'DO61D0027P03S', ''),
(1653, 'Doilies Oval 4,5\"x6,5\" Flower MG White NF 1x100', 4, 3, 11000, 20, 'null', '0000-00-00 00:00:00', '0000-00-00 00:00:00', 'DO61D0027T05T', ''),
(1654, 'Doilies Oval 7,5\"x10\" Flower MG Mix 4 Light Colour 20x100', 4, 4, 352000, 20, 'null', '0000-00-00 00:00:00', '0000-00-00 00:00:00', 'DO62D0000P03S', ''),
(1655, 'Doilies Oval 7,5\"x10\" Flower MG Blue 1x100', 4, 3, 19000, 20, 'null', '0000-00-00 00:00:00', '0000-00-00 00:00:00', 'DO62D0002T05T', ''),
(1656, 'Doilies Oval 7,5\"x10\" Flower MG Pink 1x100', 4, 3, 19000, 20, 'null', '0000-00-00 00:00:00', '0000-00-00 00:00:00', 'DO62D0019T05T', ''),
(1657, 'Doilies Oval 7,5\"x10\" Flower MG Green 1x100', 4, 3, 19000, 20, 'null', '0000-00-00 00:00:00', '0000-00-00 00:00:00', 'DO62D0011T05T', ''),
(1658, 'Doilies Oval 7,5\"x10\" Flower MG Yellow 1x100', 4, 3, 19000, 20, 'null', '0000-00-00 00:00:00', '0000-00-00 00:00:00', 'DO62D0028T05T', ''),
(1659, 'Doilies Oval 7,5\"x10\" Flower MG White NF 20x100', 4, 4, 322000, 20, 'null', '0000-00-00 00:00:00', '0000-00-00 00:00:00', 'DO62D0027P03S', ''),
(1660, 'Doilies Oval 7,5\"x10\" Flower MG White NF 1x100', 4, 3, 17000, 20, 'null', '0000-00-00 00:00:00', '0000-00-00 00:00:00', 'DO62D0027T05T', ''),
(1661, 'Doilies Oval 8\"x12\" Flower MG Mix 4 Light Colour 20x100', 4, 4, 483000, 20, 'null', '0000-00-00 00:00:00', '0000-00-00 00:00:00', 'DO63D0000P03S', ''),
(1662, 'Doilies Oval 8\"x12\" Flower MG Blue 1x100', 4, 3, 26000, 20, 'null', '0000-00-00 00:00:00', '0000-00-00 00:00:00', 'DO63D0002T05T', ''),
(1663, 'Doilies Oval 8\"x12\" Flower MG Pink 1x100', 4, 3, 26000, 20, 'null', '0000-00-00 00:00:00', '0000-00-00 00:00:00', 'DO63D0019T05T', ''),
(1664, 'Doilies Oval 8\"x12\" Flower MG Green 1x100', 4, 3, 26000, 20, 'null', '0000-00-00 00:00:00', '0000-00-00 00:00:00', 'DO63D0011T05T', ''),
(1665, 'Doilies Oval 8\"x12\" Flower MG Yellow 1x100', 4, 3, 26000, 20, 'null', '0000-00-00 00:00:00', '0000-00-00 00:00:00', 'DO63D0028T05T', ''),
(1666, 'Doilies Oval 8\"x12\" Flower MG White NF 20x100', 4, 4, 440000, 20, 'null', '0000-00-00 00:00:00', '0000-00-00 00:00:00', 'DO63D0027P03S', ''),
(1667, 'Doilies Oval 8\"x12\" Flower MG White NF 1x100', 4, 3, 23000, 20, 'null', '0000-00-00 00:00:00', '0000-00-00 00:00:00', 'DO63D0027T05T', ''),
(1668, 'Doilies Rect 10\"x14,5\" Flower MG Mix 4 Light Colour 20x100', 4, 4, 692000, 20, 'null', '0000-00-00 00:00:00', '0000-00-00 00:00:00', 'DO46D0000P03T', ''),
(1669, 'Doilies Oval 10\"x14,5\" Flower MG Blue 1x100', 4, 3, 37000, 20, 'null', '0000-00-00 00:00:00', '0000-00-00 00:00:00', 'DO46D0002T05T', ''),
(1670, 'Doilies Oval 10\"x14,5\" Flower MG Pink 1x100', 4, 3, 37000, 20, 'null', '0000-00-00 00:00:00', '0000-00-00 00:00:00', 'DO46D0019T05T', ''),
(1671, 'Doilies Oval 10\"x14,5\" Flower MG Green 1x100', 4, 3, 37000, 20, 'null', '0000-00-00 00:00:00', '0000-00-00 00:00:00', 'DO46D0011T05T', ''),
(1672, 'Doilies Oval 10\"x14,5\" Flower MG Yellow 1x100', 4, 3, 37000, 20, 'null', '0000-00-00 00:00:00', '0000-00-00 00:00:00', 'DO46D0028T05T', ''),
(1673, 'Doilies Rect 10\"x14,5\" Flower MG White 20x100', 4, 4, 630000, 20, 'null', '0000-00-00 00:00:00', '0000-00-00 00:00:00', 'DO46D0025P03S', ''),
(1674, 'Doilies Rect 10\"x14,5\" Flower MG White 1x100', 4, 3, 33000, 20, 'null', '0000-00-00 00:00:00', '0000-00-00 00:00:00', 'DO46D0025T05T', ''),
(1675, 'Doilies Rect 10,5\"x14,5\" Honeycomb MG Mix 4 Light Colour 20x100', 4, 4, 833000, 20, 'null', '0000-00-00 00:00:00', '0000-00-00 00:00:00', 'DO48D0000P03S', ''),
(1676, 'Doilies Rect 10,5\"x14,5\" Honeycomb MG Blue 1x100', 4, 3, 44000, 20, 'null', '0000-00-00 00:00:00', '0000-00-00 00:00:00', 'DO48D0002T05T', ''),
(1677, 'Doilies Rect 10,5\"x14,5\" Honeycomb MG Pink 1x100', 4, 3, 44000, 20, 'null', '0000-00-00 00:00:00', '0000-00-00 00:00:00', 'DO48D0019T05T', ''),
(1678, 'Doilies Rect 10,5\"x14,5\" Honeycomb MG Green 1x100', 4, 3, 44000, 20, 'null', '0000-00-00 00:00:00', '0000-00-00 00:00:00', 'DO48D0011T05T', ''),
(1679, 'Doilies Rect 10,5\"x14,5\" Honeycomb MG Yellow 1x100', 4, 3, 44000, 20, 'null', '0000-00-00 00:00:00', '0000-00-00 00:00:00', 'DO48D0028T05T', ''),
(1680, 'Doilies Rect 10,5\"x14,5\" Honeycomb MG White NF 20x100', 4, 4, 758000, 20, 'null', '0000-00-00 00:00:00', '0000-00-00 00:00:00', 'DO48D0027P03S', ''),
(1681, 'Doilies Rect 10,5\"x14,5\" Honeycomb MG White NF 1x100', 4, 3, 40000, 20, 'null', '0000-00-00 00:00:00', '0000-00-00 00:00:00', 'DO48D0027T05T', ''),
(1682, 'Doilies Rect 12\"x16\" Flower MG Mix 4 Light Colour 20x100', 4, 4, 872000, 20, 'null', '0000-00-00 00:00:00', '0000-00-00 00:00:00', 'DO49D0000P03S', ''),
(1683, 'Doilies Rect 12\"x16\" Flower MG Blue 1x100', 4, 3, 46000, 20, 'null', '0000-00-00 00:00:00', '0000-00-00 00:00:00', 'DO49D0002T05T', ''),
(1684, 'Doilies Rect 12\"x16\" Flower MG Pink 1x100', 4, 3, 46000, 20, 'null', '0000-00-00 00:00:00', '0000-00-00 00:00:00', 'DO49D0019T05T', ''),
(1685, 'Doilies Rect 12\"x16\" Flower MG Green 1x100', 4, 3, 46000, 20, 'null', '0000-00-00 00:00:00', '0000-00-00 00:00:00', 'DO49D0011T05T', ''),
(1686, 'Doilies Rect 12\"x16\" Flower MG Yellow 1x100', 4, 3, 46000, 20, 'null', '0000-00-00 00:00:00', '0000-00-00 00:00:00', 'DO49D0028T05T', ''),
(1687, 'Doilies Rect 12\"x16\" Flower MG White NF 20x100', 4, 4, 792000, 20, 'null', '0000-00-00 00:00:00', '0000-00-00 00:00:00', 'DO49D0027P03S', ''),
(1688, 'Doilies Rect 12\"x16\" Flower MG White NF 1x100', 4, 3, 42000, 20, 'null', '0000-00-00 00:00:00', '0000-00-00 00:00:00', 'DO49D0027T05T', ''),
(1689, 'Doilies Rect 12,5\"x18,5\" Flower MG Mix 4 Light Colour 20x100', 4, 4, 1014000, 20, 'null', '0000-00-00 00:00:00', '0000-00-00 00:00:00', 'DO51D0000P03SS', ''),
(1690, 'Doilies Rect 12,5\"x18,5\" Flower MG Blue 1x100', 4, 3, 53000, 20, 'null', '0000-00-00 00:00:00', '0000-00-00 00:00:00', 'DO51D0002T05T', ''),
(1691, 'Doilies Rect 12,5\"x18,5\" Flower MG Pink 1x100', 4, 3, 53000, 20, 'null', '0000-00-00 00:00:00', '0000-00-00 00:00:00', 'DO51D0019T05T', ''),
(1692, 'Doilies Rect 12,5\"x18,5\" Flower MG Green 1x100', 4, 3, 53000, 20, 'null', '0000-00-00 00:00:00', '0000-00-00 00:00:00', 'DO51D0011T05T', ''),
(1693, 'Doilies Rect 12,5\"x18,5\" Flower MG Yellow 1x100', 4, 3, 53000, 20, 'null', '0000-00-00 00:00:00', '0000-00-00 00:00:00', 'DO51D0028T05T', ''),
(1694, 'Doilies Rect 12,5\"x18,5\" Flower MG White NF 20x100', 4, 4, 921000, 20, 'null', '0000-00-00 00:00:00', '0000-00-00 00:00:00', 'DO51D0027P03S', ''),
(1695, 'Doilies Rect 12,5\"x18,5\" Flower MG White NF 1x100', 4, 3, 49000, 20, 'null', '0000-00-00 00:00:00', '0000-00-00 00:00:00', 'DO51D0027T05T', ''),
(1696, 'Doilies Rect 6,5\"x14\" New Flower MG Mix 4 Light Colour 20x100', 4, 4, 502000, 20, 'null', '0000-00-00 00:00:00', '0000-00-00 00:00:00', 'DO42D0000P03S', ''),
(1697, 'Doilies Rect 6,5\"x14\" New Flower MG Blue 1x100', 4, 3, 27000, 20, 'null', '0000-00-00 00:00:00', '0000-00-00 00:00:00', 'DO42D0002T05T', ''),
(1698, 'Doilies Rect 6,5\"x14\" New Flower MG Pink 1x100', 4, 3, 27000, 20, 'null', '0000-00-00 00:00:00', '0000-00-00 00:00:00', 'DO42D0019T05T', ''),
(1699, 'Doilies Rect 6,5\"x14\" New Flower MG Green 1x100', 4, 3, 27000, 20, 'null', '0000-00-00 00:00:00', '0000-00-00 00:00:00', 'DO42D0011T05T', ''),
(1700, 'Doilies Rect 6,5\"x14\" New Flower MG Yellow 1x100', 4, 3, 27000, 20, 'null', '0000-00-00 00:00:00', '0000-00-00 00:00:00', 'DO42D0028T05T', ''),
(1701, 'Doilies Rect 6,5\"x14\" New Flower MG White NF 20x100', 4, 4, 454000, 20, 'null', '0000-00-00 00:00:00', '0000-00-00 00:00:00', 'DO42D0027P03S', ''),
(1702, 'Doilies Rect 6,5\"x14\" New Flower MG White NF 1x100', 4, 3, 24000, 20, 'null', '0000-00-00 00:00:00', '0000-00-00 00:00:00', 'DO42D0027T05T', ''),
(1703, 'Doilies Rect 6,5\"x9,5\" Flower MG Mix 4 Light Colour 20x100', 4, 4, 481000, 20, 'null', '0000-00-00 00:00:00', '0000-00-00 00:00:00', 'DO41D0000P03S', ''),
(1704, 'Doilies Rect 6,5\"x9,5\" Flower MG Blue 1x100', 4, 3, 26000, 20, 'null', '0000-00-00 00:00:00', '0000-00-00 00:00:00', 'DO41D0002T05T', ''),
(1705, 'Doilies Rect 6,5\"x9,5\" Flower MG Pink 1x100', 4, 3, 26000, 20, 'null', '0000-00-00 00:00:00', '0000-00-00 00:00:00', 'DO41D0019T05T', ''),
(1706, 'Doilies Rect 6,5\"x9,5\" Flower MG Green 1x100', 4, 3, 26000, 20, 'null', '0000-00-00 00:00:00', '0000-00-00 00:00:00', 'DO41D0011T05T', ''),
(1707, 'Doilies Rect 6,5\"x9,5\" Flower MG Yellow 1x100', 4, 3, 26000, 20, 'null', '0000-00-00 00:00:00', '0000-00-00 00:00:00', 'DO41D0028T05T', ''),
(1708, 'Doilies Rect 6,5\"x9,5\" Flower MG White NF 20x100', 4, 4, 436000, 20, 'null', '0000-00-00 00:00:00', '0000-00-00 00:00:00', 'DO41D0027P03S', ''),
(1709, 'Doilies Rect 6,5\"x9,5\" Flower MG White NF 1x100', 4, 3, 23000, 20, 'null', '0000-00-00 00:00:00', '0000-00-00 00:00:00', 'DO41D0027T05T', ''),
(1710, 'Doilies Rect 8\"x12\" Flower MG Mix 4 Light Colour 20x100', 4, 4, 487000, 20, 'null', '0000-00-00 00:00:00', '0000-00-00 00:00:00', 'DO43D0000P03S', ''),
(1711, 'Doilies Rect 8\"x12\" Flower MG Blue 1x100', 4, 3, 26000, 20, 'null', '0000-00-00 00:00:00', '0000-00-00 00:00:00', 'DO43D0002T05T', ''),
(1712, 'Doilies Rect 8\"x12\" Flower MG Pink 1x100', 4, 3, 26000, 20, 'null', '0000-00-00 00:00:00', '0000-00-00 00:00:00', 'DO43D0019T05T', ''),
(1713, 'Doilies Rect 8\"x12\" Flower MG Green 1x100', 4, 3, 26000, 20, 'null', '0000-00-00 00:00:00', '0000-00-00 00:00:00', 'DO43D0011T05T', ''),
(1714, 'Doilies Rect 8\"x12\" Flower MG Yellow 1x100', 4, 3, 26000, 20, 'null', '0000-00-00 00:00:00', '0000-00-00 00:00:00', 'DO43D0028T05T', ''),
(1715, 'Doilies Rect 8\"x12\" Flower MG White NF 20x100', 4, 4, 443000, 20, 'null', '0000-00-00 00:00:00', '0000-00-00 00:00:00', 'DO43D0027P03S', ''),
(1716, 'Doilies Rect 8\"x12\" Flower MG White NF 1x100', 4, 3, 24000, 20, 'null', '0000-00-00 00:00:00', '0000-00-00 00:00:00', 'DO43D0027T05T', ''),
(1717, 'Cupcake Round 5,5/2,4cm MG White 50x1000', 12, 4, 365000, 20, 'null', '0000-00-00 00:00:00', '0000-00-00 00:00:00', 'CC02D0025P07S', ''),
(1718, 'Cupcake Round 5,5/2,4cm MG White 1x1000', 12, 3, 8000, 20, 'null', '0000-00-00 00:00:00', '0000-00-00 00:00:00', 'CC02D0025S04T', ''),
(1719, 'Cupcake Round 5,5/2,4cm Glassine Black 50x1000', 12, 4, 774000, 20, 'null', '0000-00-00 00:00:00', '0000-00-00 00:00:00', 'CC03B0001P07S', ''),
(1720, 'Cupcake Round 5,5/2,4cm Glassine Black 1x1000', 12, 3, 17000, 20, 'null', '0000-00-00 00:00:00', '0000-00-00 00:00:00', 'CC03B0001S04T', ''),
(1721, 'Cupcake Round 5,5/2,4cm Glassine Brown 50x1000', 12, 4, 774000, 20, 'null', '0000-00-00 00:00:00', '0000-00-00 00:00:00', 'CC03B0004P07S', ''),
(1722, 'Cupcake Round 5,5/2,4cm Glassine Brown 1x1000', 12, 3, 17000, 20, 'null', '0000-00-00 00:00:00', '0000-00-00 00:00:00', 'CC03B0004S04T', ''),
(1723, 'Cupcake Round 5,5/2,4cm Glassine Mix 5 Colour 50x1000', 12, 4, 715000, 20, 'null', '0000-00-00 00:00:00', '0000-00-00 00:00:00', 'CC03B0000P07S', ''),
(1724, 'Cupcake Round 5,5/2,4cm Glassine Blue 1x1000', 12, 3, 15000, 20, 'null', '0000-00-00 00:00:00', '0000-00-00 00:00:00', 'CC03B0002S04T', ''),
(1725, 'Cupcake Round 5,5/2,4cm Glassine Yellow 1x1000', 12, 3, 15000, 20, 'null', '0000-00-00 00:00:00', '0000-00-00 00:00:00', 'CC03B0028S04T', ''),
(1726, 'Cupcake Round 5,5/2,4cm Glassine Pink 1x1000', 12, 3, 15000, 20, 'null', '0000-00-00 00:00:00', '0000-00-00 00:00:00', 'CC03B0019S04T', ''),
(1727, 'Cupcake Round 5,5/2,4cm Glassine Purple 1x1000', 12, 3, 15000, 20, 'null', '0000-00-00 00:00:00', '0000-00-00 00:00:00', 'CC03B0020S04T', ''),
(1728, 'Cupcake Round 5,5/2,4cm Glassine Orange 1x1000', 12, 3, 15000, 20, 'null', '0000-00-00 00:00:00', '0000-00-00 00:00:00', 'CC03B0018S04T', ''),
(1729, 'Cupcake Round 5,5/2,4cm Al Foil Gold 50x1000', 12, 4, 1016000, 20, 'null', '0000-00-00 00:00:00', '0000-00-00 00:00:00', 'CC03A0009P07S', ''),
(1730, 'Cupcake Round 5,5/2,4cm Al Foil Gold 1x1000', 12, 3, 22000, 20, 'null', '0000-00-00 00:00:00', '0000-00-00 00:00:00', 'CC03A0009S04T', ''),
(1731, 'Cupcake Round 5,5/2,4cm Al Foil Mix 4 Colour 50x1000', 12, 4, 1005000, 20, 'null', '0000-00-00 00:00:00', '0000-00-00 00:00:00', 'CC03A0000P07S', ''),
(1732, 'Cupcake Round 5,5/2,4cm Al Foil Red 1x1000', 12, 3, 21000, 20, 'null', '0000-00-00 00:00:00', '0000-00-00 00:00:00', 'CC03A0021S04T', ''),
(1733, 'Cupcake Round 5,5/2,4cm Al Foil Green 1x1000', 12, 3, 21000, 20, 'null', '0000-00-00 00:00:00', '0000-00-00 00:00:00', 'CC03A0011S04T', ''),
(1734, 'Cupcake Round 5,5/2,4cm Al Foil Purple 1x1000', 12, 3, 21000, 20, 'null', '0000-00-00 00:00:00', '0000-00-00 00:00:00', 'CC03A0020S04T', ''),
(1735, 'Cupcake Round 5,5/2,4cm Al Foil Pink 1x1000', 12, 3, 21000, 20, 'null', '0000-00-00 00:00:00', '0000-00-00 00:00:00', 'CC03A0019S04T', ''),
(1736, 'Cupcake Round 5,5/2,4cm Al Foil Silver 50x1000', 12, 4, 975000, 20, 'null', '0000-00-00 00:00:00', '0000-00-00 00:00:00', 'CC03A0022P07S', ''),
(1737, 'Cupcake Round 5,5/2,4cm Al Foil Silver 1x1000', 12, 3, 21000, 20, 'null', '0000-00-00 00:00:00', '0000-00-00 00:00:00', 'CC03A0022S04T', ''),
(1738, 'Cupcake Round 5,5/2,4cm MG Mix 5 Floral 50x1000', 12, 4, 426000, 20, 'null', '0000-00-00 00:00:00', '0000-00-00 00:00:00', 'CC03D0100P07S', ''),
(1739, 'Cupcake Round 5,5/2,4cm MG Floral 1-01 1x1000', 12, 3, 9000, 20, 'null', '0000-00-00 00:00:00', '0000-00-00 00:00:00', 'CC03D0101S04T', ''),
(1740, 'Cupcake Round 5,5/2,4cm MG Floral 2-01 1x1000', 12, 3, 9000, 20, 'null', '0000-00-00 00:00:00', '0000-00-00 00:00:00', 'CC03D0102S04T', ''),
(1741, 'Cupcake Round 5,5/2,4cm MG Floral 3-01 1x1000', 12, 3, 9000, 20, 'null', '0000-00-00 00:00:00', '0000-00-00 00:00:00', 'CC03D0103S04T', ''),
(1742, 'Cupcake Round 5,5/2,4cm MG Love 1-01 1x1000', 12, 3, 9000, 20, 'null', '0000-00-00 00:00:00', '0000-00-00 00:00:00', 'CC03D1701S04T', ''),
(1743, 'Cupcake Round 5,5/2,4cm MG Love 2-01 1x1000', 12, 3, 9000, 20, 'null', '0000-00-00 00:00:00', '0000-00-00 00:00:00', 'CC03D1702S04T', ''),
(1744, 'Cupcake Round 7/3,2cm Glassine Black 48x1000', 12, 4, 1175000, 20, 'null', '0000-00-00 00:00:00', '0000-00-00 00:00:00', 'CC05B0001P06S', ''),
(1745, 'Cupcake Round 7/3,2cm Glassine Black 1x1000', 12, 3, 26000, 20, 'null', '0000-00-00 00:00:00', '0000-00-00 00:00:00', 'CC05B0001S04T', ''),
(1746, 'Cupcake Round 7/3,2cm Glassine Brown 48x1000', 12, 4, 1175000, 20, 'null', '0000-00-00 00:00:00', '0000-00-00 00:00:00', 'CC05B0004P06S', ''),
(1747, 'Cupcake Round 7/3,2cm Glassine Brown 1x1000', 12, 3, 26000, 20, 'null', '0000-00-00 00:00:00', '0000-00-00 00:00:00', 'CC05B0004S04T', ''),
(1748, 'Cupcake Round 7/3,2cm MG White 48x1000', 12, 4, 442000, 20, 'null', '0000-00-00 00:00:00', '0000-00-00 00:00:00', 'CC05D0025P06S', ''),
(1749, 'Cupcake Round 7/3,2cm MG White 1x1000', 12, 3, 10000, 20, 'null', '0000-00-00 00:00:00', '0000-00-00 00:00:00', 'CC05D0025S04T', ''),
(1750, 'Cupcake Round 9,5/4,3cm Glassine Black 25x1000', 12, 4, 1147000, 20, 'null', '0000-00-00 00:00:00', '0000-00-00 00:00:00', 'CC11B0001P04S', ''),
(1751, 'Cupcake Round 9,5/4,3cm Glassine Black 1x1000', 12, 3, 48000, 20, 'null', '0000-00-00 00:00:00', '0000-00-00 00:00:00', 'CC11B0001S04T', ''),
(1752, 'Cupcake Round 9,5/4,3cm Glassine Brown 25x1000', 12, 4, 1147000, 20, 'null', '0000-00-00 00:00:00', '0000-00-00 00:00:00', 'CC11B0004P04S', ''),
(1753, 'Cupcake Round 9,5/4,3cm Glassine Brown 1x1000', 12, 3, 48000, 20, 'null', '0000-00-00 00:00:00', '0000-00-00 00:00:00', 'CC11B0004S04T', ''),
(1754, 'Cupcake Round 9,5/4,3cm Glassine Mix 5 Colour 25x1000', 12, 4, 962000, 20, 'null', '0000-00-00 00:00:00', '0000-00-00 00:00:00', 'CC11B0000P04S', ''),
(1755, 'Cupcake Round 9,5/4,3cm Glassine Blue 1x1000', 12, 3, 41000, 20, 'null', '0000-00-00 00:00:00', '0000-00-00 00:00:00', 'CC11B0002S04T', ''),
(1756, 'Cupcake Round 9,5/4,3cm Glassine Yellow 1x1000', 12, 3, 41000, 20, 'null', '0000-00-00 00:00:00', '0000-00-00 00:00:00', 'CC11B0028S04T', ''),
(1757, 'Cupcake Round 9,5/4,3cm Glassine Pink 1x1000', 12, 3, 41000, 20, 'null', '0000-00-00 00:00:00', '0000-00-00 00:00:00', 'CC11B0019S04T', ''),
(1758, 'Cupcake Round 9,5/4,3cm Glassine Purple 1x1000', 12, 3, 41000, 20, 'null', '0000-00-00 00:00:00', '0000-00-00 00:00:00', 'CC11B0020S04T', ''),
(1759, 'Cupcake Round 9,5/4,3cm Glassine Orange 1x1000', 12, 3, 41000, 20, 'null', '0000-00-00 00:00:00', '0000-00-00 00:00:00', 'CC11B0018S04T', ''),
(1760, 'Cupcake Round 9,5/4,3cm MG Mix 5 Floral 25x1000', 12, 4, 505000, 20, 'null', '0000-00-00 00:00:00', '0000-00-00 00:00:00', 'CC11D0100P04S', ''),
(1761, 'Cupcake Round 9,5/4,3cm MG Floral 1-01 1x1000', 12, 3, 22000, 20, 'null', '0000-00-00 00:00:00', '0000-00-00 00:00:00', 'CC11D0101S04T', ''),
(1762, 'Cupcake Round 9,5/4,3cm MG Floral 2-01 1x1000', 12, 3, 22000, 20, 'null', '0000-00-00 00:00:00', '0000-00-00 00:00:00', 'CC11D0102S04T', ''),
(1763, 'Cupcake Round 9,5/4,3cm MG Floral 3-01 1x1000', 12, 3, 22000, 20, 'null', '0000-00-00 00:00:00', '0000-00-00 00:00:00', 'CC11D0103S04T', ''),
(1764, 'Cupcake Round 9,5/4,3cm MG Love 1-01 1x1000', 12, 3, 22000, 20, 'null', '0000-00-00 00:00:00', '0000-00-00 00:00:00', 'CC11D1701S04T', ''),
(1765, 'Cupcake Round 9,5/4,3cm MG Love 2-01 1x1000', 12, 3, 22000, 20, 'null', '0000-00-00 00:00:00', '0000-00-00 00:00:00', 'CC11D1702S04T', ''),
(1766, 'Cupcake Round 9,5/4,3cm MG White 25x1000', 12, 4, 415000, 20, 'null', '0000-00-00 00:00:00', '0000-00-00 00:00:00', 'CC11D0025P04S', ''),
(1767, 'Cupcake Round 9,5/4,3cm MG White 1x1000', 12, 3, 18000, 20, 'null', '0000-00-00 00:00:00', '0000-00-00 00:00:00', 'CC11D0025S04T', ''),
(1768, 'Cupcake Round 10,5/4,5cm MG Mix 5 Floral 16x1000', 12, 4, 403000, 20, 'null', '0000-00-00 00:00:00', '0000-00-00 00:00:00', 'CC17D0100P02S', ''),
(1769, 'Cupcake Round 10,5/4,5cm MG Floral 1-01 1x1000', 12, 3, 27000, 20, 'null', '0000-00-00 00:00:00', '0000-00-00 00:00:00', 'CC17D0101S04T', ''),
(1770, 'Cupcake Round 10,5/4,5cm MG Floral 2-01 1x1000', 12, 3, 27000, 20, 'null', '0000-00-00 00:00:00', '0000-00-00 00:00:00', 'CC17D0102S04T', ''),
(1771, 'Cupcake Round 10,5/4,5cm MG Floral 3-01 1x1000', 12, 3, 27000, 20, 'null', '0000-00-00 00:00:00', '0000-00-00 00:00:00', 'CC17D0103S04T', ''),
(1772, 'Cupcake Round 10,5/4,5cm MG Love 1-01 1x1000', 12, 3, 27000, 20, 'null', '0000-00-00 00:00:00', '0000-00-00 00:00:00', 'CC17D1701S04T', ''),
(1773, 'Cupcake Round 10,5/4,5cm MG Love 2-01 1x1000', 12, 3, 27000, 20, 'null', '0000-00-00 00:00:00', '0000-00-00 00:00:00', 'CC17D1702S04T', ''),
(1774, 'Cupcake Round 10,5/4,5cm MG White 16x1000', 12, 4, 340000, 20, 'null', '0000-00-00 00:00:00', '0000-00-00 00:00:00', 'CC17D0025P02S', ''),
(1775, 'Cupcake Round 10,5/4,5cm MG White 1x1000', 12, 3, 23000, 20, 'null', '0000-00-00 00:00:00', '0000-00-00 00:00:00', 'CC17D0025S04T', ''),
(1776, 'Cupcake Round 11/4,2cm MG Mix 5 Floral 16x1000', 12, 4, 409000, 20, 'null', '0000-00-00 00:00:00', '0000-00-00 00:00:00', 'CC21D0100P02S', ''),
(1777, 'Cupcake Round 11/4,2cm MG Floral 1-01 1x1000', 12, 3, 27000, 20, 'null', '0000-00-00 00:00:00', '0000-00-00 00:00:00', 'CC21D0101S04T', ''),
(1778, 'Cupcake Round 11/4,2cm MG Floral 2-01 1x1000', 12, 3, 27000, 20, 'null', '0000-00-00 00:00:00', '0000-00-00 00:00:00', 'CC21D0102S04T', ''),
(1779, 'Cupcake Round 11/4,2cm MG Floral 3-01 1x1000', 12, 3, 27000, 20, 'null', '0000-00-00 00:00:00', '0000-00-00 00:00:00', 'CC21D0103S04T', ''),
(1780, 'Cupcake Round 11/4,2cm MG Love 1-01 1x1000', 12, 3, 27000, 20, 'null', '0000-00-00 00:00:00', '0000-00-00 00:00:00', 'CC21D1701S04T', ''),
(1781, 'Cupcake Round 11/4,2cm MG Love 2-01 1x1000', 12, 3, 27000, 20, 'null', '0000-00-00 00:00:00', '0000-00-00 00:00:00', 'CC21D1702S04T', ''),
(1782, 'Cupcake Round 11/4,2cm MG White 16x1000', 12, 4, 358000, 20, 'null', '0000-00-00 00:00:00', '0000-00-00 00:00:00', 'CC21D0025P02S', ''),
(1783, 'Cupcake Round 11/4,2cm MG White 1x1000', 12, 3, 24000, 20, 'null', '0000-00-00 00:00:00', '0000-00-00 00:00:00', 'CC21D0025S04T', ''),
(1784, 'Cupcake Round 12,5/3,7cm MG Mix 5 Floral 25x500', 12, 4, 488000, 20, 'null', '0000-00-00 00:00:00', '0000-00-00 00:00:00', 'CC29D0100P03S', ''),
(1785, 'Cupcake Round 12,5/3,7cm MG Floral 1-01 1x1000', 12, 3, 21000, 20, 'null', '0000-00-00 00:00:00', '0000-00-00 00:00:00', 'CC29D0101S04T', ''),
(1786, 'Cupcake Round 12,5/3,7cm MG Floral 2-01 1x1000', 12, 3, 21000, 20, 'null', '0000-00-00 00:00:00', '0000-00-00 00:00:00', 'CC29D0102S04T', ''),
(1787, 'Cupcake Round 12,5/3,7cm MG Floral 3-01 1x1000', 12, 3, 21000, 20, 'null', '0000-00-00 00:00:00', '0000-00-00 00:00:00', 'CC29D0103S04T', ''),
(1788, 'Cupcake Round 12,5/3,7cm MG Love 1-01 1x1000', 12, 3, 21000, 20, 'null', '0000-00-00 00:00:00', '0000-00-00 00:00:00', 'CC29D1701S04T', ''),
(1789, 'Cupcake Round 12,5/3,7cm MG Love 2-01 1x1000', 12, 3, 21000, 20, 'null', '0000-00-00 00:00:00', '0000-00-00 00:00:00', 'CC29D1702S04T', ''),
(1790, 'Cupcake Oval 9x6,5/4,8x2,5cm GP Mix 5 Floral 25x1000', 12, 4, 630000, 20, 'null', '0000-00-00 00:00:00', '0000-00-00 00:00:00', 'CC81C0100P02S', ''),
(1791, 'Cupcake Oval 9x6,5/4,8x2,5cm GP Floral 1-01 1x1000', 12, 3, 27000, 20, 'null', '0000-00-00 00:00:00', '0000-00-00 00:00:00', 'CC81C0101S04T', ''),
(1792, 'Cupcake Oval 9x6,5/4,8x2,5cm GP Floral 2-01 1x1000', 12, 3, 27000, 20, 'null', '0000-00-00 00:00:00', '0000-00-00 00:00:00', 'CC81C0102S04T', ''),
(1793, 'Cupcake Oval 9x6,5/4,8x2,5cm GP Floral 3-01 1x1000', 12, 3, 27000, 20, 'null', '0000-00-00 00:00:00', '0000-00-00 00:00:00', 'CC81C0103S04T', ''),
(1794, 'Cupcake Oval 9x6,5/4,8x2,5cm GP Love 1-01 1x1000', 12, 3, 27000, 20, 'null', '0000-00-00 00:00:00', '0000-00-00 00:00:00', 'CC81C1701S04T', ''),
(1795, 'Cupcake Oval 9x6,5/4,8x2,5cm GP Love 2-01 1x1000', 12, 3, 27000, 20, 'null', '0000-00-00 00:00:00', '0000-00-00 00:00:00', 'CC81C1702S04T', ''),
(1796, 'Cupcake Oval 9x6,5/4,8x2,5cm GP White 25x1000', 12, 4, 530000, 20, 'null', '0000-00-00 00:00:00', '0000-00-00 00:00:00', 'CC81C0025P02S', ''),
(1797, 'Cupcake Oval 9x6,5/4,8x2,5cm GP White 1x1000', 12, 3, 23000, 20, 'null', '0000-00-00 00:00:00', '0000-00-00 00:00:00', 'CC81C0025S04T', ''),
(1798, 'Cupcake Oval 10x6,6/6,3x2,8cm GP Mix 5 Floral 25x1000', 12, 4, 667000, 20, 'null', '0000-00-00 00:00:00', '0000-00-00 00:00:00', 'CC82C0100P02S', ''),
(1799, 'Cupcake Oval 10x6,6/6,3x2,8cm GP Floral 1-01 1x1000', 12, 3, 28000, 20, 'null', '0000-00-00 00:00:00', '0000-00-00 00:00:00', 'CC82C0101S04T', ''),
(1800, 'Cupcake Oval 10x6,6/6,3x2,8cm GP Floral 2-01 1x1000', 12, 3, 28000, 20, 'null', '0000-00-00 00:00:00', '0000-00-00 00:00:00', 'CC82C0102S04T', ''),
(1801, 'Cupcake Oval 10x6,6/6,3x2,8cm GP Floral 3-01 1x1000', 12, 3, 28000, 20, 'null', '0000-00-00 00:00:00', '0000-00-00 00:00:00', 'CC82C0103S04T', ''),
(1802, 'Cupcake Oval 10x6,6/6,3x2,8cm GP Love 1-01 1x1000', 12, 3, 28000, 20, 'null', '0000-00-00 00:00:00', '0000-00-00 00:00:00', 'CC82C1701S04T', ''),
(1803, 'Cupcake Oval 10x6,6/6,3x2,8cm GP Love 2-01 1x1000', 12, 3, 28000, 20, 'null', '0000-00-00 00:00:00', '0000-00-00 00:00:00', 'CC82C1702S04T', ''),
(1804, 'Cupcake Oval 10x6,6/6,3x2,8cm GP White 25x1000', 12, 4, 571000, 20, 'null', '0000-00-00 00:00:00', '0000-00-00 00:00:00', 'CC82C0025P02S', ''),
(1805, 'Cupcake Oval 10x6,6/6,3x2,8cm GP White 1x1000', 12, 3, 24000, 20, 'null', '0000-00-00 00:00:00', '0000-00-00 00:00:00', 'CC82C0025S04T', ''),
(1806, 'Cupcake Oval 11,3x7,4/6,9x2,8cm GP Mix 5 Floral 25x1000', 12, 4, 730000, 20, 'null', '0000-00-00 00:00:00', '0000-00-00 00:00:00', 'CC83C0100P02S', ''),
(1807, 'Cupcake Oval 11,3x7,4/6,9x2,8cm GP Floral 1-01 1x1000', 12, 3, 31000, 20, 'null', '0000-00-00 00:00:00', '0000-00-00 00:00:00', 'CC83C0101S04T', ''),
(1808, 'Cupcake Oval 11,3x7,4/6,9x2,8cm GP Floral 2-01 1x1000', 12, 3, 31000, 20, 'null', '0000-00-00 00:00:00', '0000-00-00 00:00:00', 'CC83C0102S04T', ''),
(1809, 'Cupcake Oval 11,3x7,4/6,9x2,8cm GP Floral 3-01 1x1000', 12, 3, 31000, 20, 'null', '0000-00-00 00:00:00', '0000-00-00 00:00:00', 'CC83C0103S04T', ''),
(1810, 'Cupcake Oval 11,3x7,4/6,9x2,8cm GP Love 1-01 1x1000', 12, 3, 31000, 20, 'null', '0000-00-00 00:00:00', '0000-00-00 00:00:00', 'CC83C1701S04T', ''),
(1811, 'Cupcake Oval 11,3x7,4/6,9x2,8cm GP Love 2-01 1x1000', 12, 3, 31000, 20, 'null', '0000-00-00 00:00:00', '0000-00-00 00:00:00', 'CC83C1702S04T', ''),
(1812, 'Cupcake Oval 11,3x7,4/6,9x2,8cm GP White 25x1000', 12, 4, 603000, 20, 'null', '0000-00-00 00:00:00', '0000-00-00 00:00:00', 'CC83C0025P02S', ''),
(1813, 'Cupcake Oval 11,3x7,4/6,9x2,8cm GP White 1x1000', 12, 3, 26000, 20, 'null', '0000-00-00 00:00:00', '0000-00-00 00:00:00', 'CC83C0025S04T', ''),
(1814, 'Cupcake Oval 12,9x8,1/7,6x2,8cm GP Mix 5 Floral 25x1000', 12, 4, 844000, 20, 'null', '0000-00-00 00:00:00', '0000-00-00 00:00:00', 'CC84C0100P02S', ''),
(1815, 'Cupcake Oval 12,9x8,1/7,6x2,8cm GP Floral 1-01 1x1000', 12, 3, 36000, 20, 'null', '0000-00-00 00:00:00', '0000-00-00 00:00:00', 'CC84C0101S04T', ''),
(1816, 'Cupcake Oval 12,9x8,1/7,6x2,8cm GP Floral 2-01 1x1000', 12, 3, 36000, 20, 'null', '0000-00-00 00:00:00', '0000-00-00 00:00:00', 'CC84C0102S04T', ''),
(1817, 'Cupcake Oval 12,9x8,1/7,6x2,8cm GP Floral 3-01 1x1000', 12, 3, 36000, 20, 'null', '0000-00-00 00:00:00', '0000-00-00 00:00:00', 'CC84C0103S04T', '');
INSERT INTO `p_item` (`item_id`, `name`, `category_id`, `unit_id`, `price`, `stock`, `image`, `created`, `updated`, `barcode`, `keterangan`) VALUES
(1818, 'Cupcake Oval 12,9x8,1/7,6x2,8cm GP Love 1-01 1x1000', 12, 3, 36000, 20, 'null', '0000-00-00 00:00:00', '0000-00-00 00:00:00', 'CC84C1701S04T', ''),
(1819, 'Cupcake Oval 12,9x8,1/7,6x2,8cm GP Love 2-01 1x1000', 12, 3, 36000, 20, 'null', '0000-00-00 00:00:00', '0000-00-00 00:00:00', 'CC84C1702S04T', ''),
(1820, 'Cupcake Oval 12,9x8,1/7,6x2,8cm GP White 25x1000', 12, 4, 599000, 20, 'null', '0000-00-00 00:00:00', '0000-00-00 00:00:00', 'CC84C0025P02S', ''),
(1821, 'Cupcake Oval 12,9x8,1/7,6x2,8cm GP White 1x1000', 12, 3, 26000, 20, 'null', '0000-00-00 00:00:00', '0000-00-00 00:00:00', 'CC84C0025S04T', ''),
(1822, 'Rim Cup PET 11,5/4cm HVS LAM Mix 5 Animal 16x100', 12, 4, 530000, 20, 'null', '0000-00-00 00:00:00', '0000-00-00 00:00:00', 'RC21C0200P01S', ''),
(1823, 'Rim Cup PET 11,5/4cm HVS LAM Animal 1-SC 1x100', 12, 3, 35000, 20, 'null', '0000-00-00 00:00:00', '0000-00-00 00:00:00', 'RC21C0201S02T', ''),
(1824, 'Rim Cup PET 11,5/4cm HVS LAM Animal 2-SC 1x100', 12, 3, 35000, 20, 'null', '0000-00-00 00:00:00', '0000-00-00 00:00:00', 'RC21C0202S02T', ''),
(1825, 'Rim Cup PET 11,5/4cm HVS LAM Animal 3-SC 1x100', 12, 3, 35000, 20, 'null', '0000-00-00 00:00:00', '0000-00-00 00:00:00', 'RC21C0203S02T', ''),
(1826, 'Rim Cup PET 11,5/4cm HVS LAM Animal 4-SC 1x100', 12, 3, 35000, 20, 'null', '0000-00-00 00:00:00', '0000-00-00 00:00:00', 'RC21C0204S02T', ''),
(1827, 'Rim Cup PET 11,5/4cm HVS LAM Animal 5-SC 1x100', 12, 3, 35000, 20, 'null', '0000-00-00 00:00:00', '0000-00-00 00:00:00', 'RC21C0205S02T', ''),
(1828, 'Rim Cup PET 11,5/4cm HVS LAM Mix 5 Polkadot 16x100', 12, 4, 530000, 20, 'null', '0000-00-00 00:00:00', '0000-00-00 00:00:00', 'RC21C0400P01S', ''),
(1829, 'Rim Cup PET 11,5/4cm HVS LAM Polkadot 1-01 Green 1x100', 12, 3, 35000, 20, 'null', '0000-00-00 00:00:00', '0000-00-00 00:00:00', 'RC21C040111S02T', ''),
(1830, 'Rim Cup PET 11,5/4cm HVS LAM Polkadot 1-01 Red 1x100', 12, 3, 35000, 20, 'null', '0000-00-00 00:00:00', '0000-00-00 00:00:00', 'RC21C040121S02T', ''),
(1831, 'Rim Cup PET 11,5/4cm HVS LAM Polkadot 1-01 Purple 1x100', 12, 3, 35000, 20, 'null', '0000-00-00 00:00:00', '0000-00-00 00:00:00', 'RC21C040120S02T', ''),
(1832, 'Rim Cup PET 11,5/4cm HVS LAM Polkadot 1-01 Yellow 1x100', 12, 3, 35000, 20, 'null', '0000-00-00 00:00:00', '0000-00-00 00:00:00', 'RC21C040128S02T', ''),
(1833, 'Rim Cup PET 11,5/4cm HVS LAM Polkadot 1-01 Blue 1x100', 12, 3, 35000, 20, 'null', '0000-00-00 00:00:00', '0000-00-00 00:00:00', 'RC21C040102S02T', ''),
(1834, 'Rim Cup PET 14/5cm HVS LAM Mix 5 Animal 16x100', 12, 4, 631000, 20, 'null', '0000-00-00 00:00:00', '0000-00-00 00:00:00', 'RC22C0200P01S', ''),
(1835, 'Rim Cup PET 14/5cm HVS LAM Animal 1-SC 1x100', 12, 3, 42000, 20, 'null', '0000-00-00 00:00:00', '0000-00-00 00:00:00', 'RC22C0201S02T', ''),
(1836, 'Rim Cup PET 14/5cm HVS LAM Animal 2-SC 1x100', 12, 3, 42000, 20, 'null', '0000-00-00 00:00:00', '0000-00-00 00:00:00', 'RC22C0202S02T', ''),
(1837, 'Rim Cup PET 14/5cm HVS LAM Animal 3-SC 1x100', 12, 3, 42000, 20, 'null', '0000-00-00 00:00:00', '0000-00-00 00:00:00', 'RC22C0203S02T', ''),
(1838, 'Rim Cup PET 14/5cm HVS LAM Animal 4-SC 1x100', 12, 3, 42000, 20, 'null', '0000-00-00 00:00:00', '0000-00-00 00:00:00', 'RC22C0204S02T', ''),
(1839, 'Rim Cup PET 14/5cm HVS LAM Animal 5-SC 1x100', 12, 3, 42000, 20, 'null', '0000-00-00 00:00:00', '0000-00-00 00:00:00', 'RC22C0205S02T', ''),
(1840, 'Rim Cup PET 14/5cm HVS LAM Mix 5 BW 2 16x100', 12, 4, 631000, 20, 'null', '0000-00-00 00:00:00', '0000-00-00 00:00:00', 'RC22C1211P01S', ''),
(1841, 'Rim Cup PET 14/5cm HVS LAM BW 6-01 1x100', 12, 3, 42000, 20, 'null', '0000-00-00 00:00:00', '0000-00-00 00:00:00', 'RC22C1206S02T', ''),
(1842, 'Rim Cup PET 14/5cm HVS LAM BW 7-01 1x100', 12, 3, 42000, 20, 'null', '0000-00-00 00:00:00', '0000-00-00 00:00:00', 'RC22C1207S02T', ''),
(1843, 'Rim Cup PET 14/5cm HVS LAM BW 8-01 1x100', 12, 3, 42000, 20, 'null', '0000-00-00 00:00:00', '0000-00-00 00:00:00', 'RC22C1208S02T', ''),
(1844, 'Rim Cup PET 14/5cm HVS LAM BW 9-01 1x100', 12, 3, 42000, 20, 'null', '0000-00-00 00:00:00', '0000-00-00 00:00:00', 'RC22C1209S02T', ''),
(1845, 'Rim Cup PET 14/5cm HVS LAM BW 10-01 1x100', 12, 3, 42000, 20, 'null', '0000-00-00 00:00:00', '0000-00-00 00:00:00', 'RC22C1210S02T', ''),
(1846, 'Rim Cup PET 14/5cm HVS LAM Mix 5 Floral 16x100', 12, 4, 631000, 20, 'null', '0000-00-00 00:00:00', '0000-00-00 00:00:00', 'RC22C0100P01S', ''),
(1847, 'Rim Cup PET 14/5cm HVS LAM Floral 1-01 1x100', 12, 3, 42000, 20, 'null', '0000-00-00 00:00:00', '0000-00-00 00:00:00', 'RC22C0101S02T', ''),
(1848, 'Rim Cup PET 14/5cm HVS LAM Floral 2-01 1x100', 12, 3, 42000, 20, 'null', '0000-00-00 00:00:00', '0000-00-00 00:00:00', 'RC22C0102S02T', ''),
(1849, 'Rim Cup PET 14/5cm HVS LAM Floral 3-01 1x100', 12, 3, 42000, 20, 'null', '0000-00-00 00:00:00', '0000-00-00 00:00:00', 'RC22C0103S02T', ''),
(1850, 'Rim Cup PET 14/5cm HVS LAM Love 1-01 1x100', 12, 3, 42000, 20, 'null', '0000-00-00 00:00:00', '0000-00-00 00:00:00', 'RC22C1701S02T', ''),
(1851, 'Rim Cup PET 14/5cm HVS LAM Love 2-01 1x100', 12, 3, 42000, 20, 'null', '0000-00-00 00:00:00', '0000-00-00 00:00:00', 'RC22C1702S02T', ''),
(1852, 'Rim Cup PET 14/5cm HVS LAM Mix 5 Polkadot 16x100', 12, 4, 631000, 20, 'null', '0000-00-00 00:00:00', '0000-00-00 00:00:00', 'RC22C0400P01S', ''),
(1853, 'Rim Cup PET 14/5cm HVS LAM Polkadot 1-01 Green 1x100', 12, 3, 42000, 20, 'null', '0000-00-00 00:00:00', '0000-00-00 00:00:00', 'RC22C040111S02T', ''),
(1854, 'Rim Cup PET 14/5cm HVS LAM Polkadot 1-01 Red 1x100', 12, 3, 42000, 20, 'null', '0000-00-00 00:00:00', '0000-00-00 00:00:00', 'RC22C040121S02T', ''),
(1855, 'Rim Cup PET 14/5cm HVS LAM Polkadot 1-01 Purple 1x100', 12, 3, 42000, 20, 'null', '0000-00-00 00:00:00', '0000-00-00 00:00:00', 'RC22C040120S02T', ''),
(1856, 'Rim Cup PET 14/5cm HVS LAM Polkadot 1-01 Yellow 1x100', 12, 3, 42000, 20, 'null', '0000-00-00 00:00:00', '0000-00-00 00:00:00', 'RC22C040128S02T', ''),
(1857, 'Rim Cup PET 14/5cm HVS LAM Polkadot 1-01 Blue 1x100', 12, 3, 42000, 20, 'null', '0000-00-00 00:00:00', '0000-00-00 00:00:00', 'RC22C040102S02T', ''),
(1858, 'Rim Cup PET 14/5cm HVS LAM Mix 5 Polkadot Mini 16x100', 12, 4, 631000, 20, 'null', '0000-00-00 00:00:00', '0000-00-00 00:00:00', 'RC22C0400P01SS', ''),
(1859, 'Rim Cup PET 14/5cm HVS LAM Polkadot 2-01 Green 1x100', 12, 3, 42000, 20, 'null', '0000-00-00 00:00:00', '0000-00-00 00:00:00', 'RC22C040211S02T', ''),
(1860, 'Rim Cup PET 14/5cm HVS LAM Polkadot 2-01 Red 1x100', 12, 3, 42000, 20, 'null', '0000-00-00 00:00:00', '0000-00-00 00:00:00', 'RC22C040221S02T', ''),
(1861, 'Rim Cup PET 14/5cm HVS LAM Polkadot 2-01 Purple 1x100', 12, 3, 42000, 20, 'null', '0000-00-00 00:00:00', '0000-00-00 00:00:00', 'RC22C040220S02T', ''),
(1862, 'Rim Cup PET 14/5cm HVS LAM Polkadot 2-01 Yellow 1x100', 12, 3, 42000, 20, 'null', '0000-00-00 00:00:00', '0000-00-00 00:00:00', 'RC22C040228S02T', ''),
(1863, 'Rim Cup PET 14/5cm HVS LAM Polkadot 2-01 Blue 1x100', 12, 3, 42000, 20, 'null', '0000-00-00 00:00:00', '0000-00-00 00:00:00', 'RC22C040202S02T', ''),
(1864, 'Cupcake Tulip 8/5cm Glassine Mix 5 Colour 16x100', 12, 4, 391000, 20, 'null', '0000-00-00 00:00:00', '0000-00-00 00:00:00', 'CT06B0000P01S', ''),
(1865, 'Cupcake Tulip 8/5cm Glassine Blue 1x100', 12, 3, 26000, 20, 'null', '0000-00-00 00:00:00', '0000-00-00 00:00:00', 'CT06B0002S02T', ''),
(1866, 'Cupcake Tulip 8/5cm Glassine Yellow 1x100', 12, 3, 26000, 20, 'null', '0000-00-00 00:00:00', '0000-00-00 00:00:00', 'CT06B0028S02T', ''),
(1867, 'Cupcake Tulip 8/5cm Glassine Pink 1x100', 12, 3, 26000, 20, 'null', '0000-00-00 00:00:00', '0000-00-00 00:00:00', 'CT06B0019S02T', ''),
(1868, 'Cupcake Tulip 8/5cm Glassine Purple 1x100', 12, 3, 26000, 20, 'null', '0000-00-00 00:00:00', '0000-00-00 00:00:00', 'CT06B0020S02T', ''),
(1869, 'Cupcake Tulip 8/5cm Glassine Orange 1x100', 12, 3, 26000, 20, 'null', '0000-00-00 00:00:00', '0000-00-00 00:00:00', 'CT06B0018S02T', ''),
(1870, 'Cupcake Tulip 8/5cm MG Mix 4 Colour 16x100', 12, 4, 224000, 20, 'null', '0000-00-00 00:00:00', '0000-00-00 00:00:00', 'CT06D0000P01S', ''),
(1871, 'Cupcake Tulip 8/5cm MG Blue 1x100', 12, 3, 15000, 20, 'null', '0000-00-00 00:00:00', '0000-00-00 00:00:00', 'CT06D0002S02T', ''),
(1872, 'Cupcake Tulip 8/5cm MG Green 1x100', 12, 3, 15000, 20, 'null', '0000-00-00 00:00:00', '0000-00-00 00:00:00', 'CT06D0011S02T', ''),
(1873, 'Cupcake Tulip 8/5cm MG Pink 1x100', 12, 3, 15000, 20, 'null', '0000-00-00 00:00:00', '0000-00-00 00:00:00', 'CT06D0019S02T', ''),
(1874, 'Cupcake Tulip 8/5cm MG Yellow 1x100', 12, 3, 15000, 20, 'null', '0000-00-00 00:00:00', '0000-00-00 00:00:00', 'CT06D0028S02T', ''),
(1875, 'Cupcake Tulip 5,5/3,5cm Glassine Mix 5 Colour 25x200', 12, 4, 890000, 20, 'null', '0000-00-00 00:00:00', '0000-00-00 00:00:00', 'CT01B0000P02S', ''),
(1876, 'Cupcake Tulip 5,5/3,5cm Glassine Blue 1x200', 12, 3, 38000, 20, 'null', '0000-00-00 00:00:00', '0000-00-00 00:00:00', 'CT01B0002S02T', ''),
(1877, 'Cupcake Tulip 5,5/3,5cm Glassine Yellow 1x200', 12, 3, 38000, 20, 'null', '0000-00-00 00:00:00', '0000-00-00 00:00:00', 'CT01B0028S02T', ''),
(1878, 'Cupcake Tulip 5,5/3,5cm Glassine Pink 1x200', 12, 3, 38000, 20, 'null', '0000-00-00 00:00:00', '0000-00-00 00:00:00', 'CT01B0019S02T', ''),
(1879, 'Cupcake Tulip 5,5/3,5cm Glassine Purple 1x200', 12, 3, 38000, 20, 'null', '0000-00-00 00:00:00', '0000-00-00 00:00:00', 'CT01B0020S02T', ''),
(1880, 'Cupcake Tulip 5,5/3,5cm Glassine Orange 1x200', 12, 3, 38000, 20, 'null', '0000-00-00 00:00:00', '0000-00-00 00:00:00', 'CT01B0018S02T', ''),
(1881, 'Cupcake Tulip 5,5/3,5cm MG Mix 5 Floral 25x200', 12, 4, 481000, 20, 'null', '0000-00-00 00:00:00', '0000-00-00 00:00:00', 'CT01D0100P02S', ''),
(1882, 'Cupcake Tulip 5,5/3,5cm Floral 1-01 1x200', 12, 3, 21000, 20, 'null', '0000-00-00 00:00:00', '0000-00-00 00:00:00', 'CT01D0101S06T', ''),
(1883, 'Cupcake Tulip 5,5/3,5cm Floral 2-01 1x200', 12, 3, 21000, 20, 'null', '0000-00-00 00:00:00', '0000-00-00 00:00:00', 'CT01D0102S06T', ''),
(1884, 'Cupcake Tulip 5,5/3,5cm Floral 3-01 1x200', 12, 3, 21000, 20, 'null', '0000-00-00 00:00:00', '0000-00-00 00:00:00', 'CT01D0103S06T', ''),
(1885, 'Cupcake Tulip 5,5/3,5cm Love 1-01 1x200', 12, 3, 21000, 20, 'null', '0000-00-00 00:00:00', '0000-00-00 00:00:00', 'CT01D1701S06T', ''),
(1886, 'Cupcake Tulip 5,5/3,5cm Love 2-01 1x200', 12, 3, 21000, 20, 'null', '0000-00-00 00:00:00', '0000-00-00 00:00:00', 'CT01D1702S06T', ''),
(1887, 'Cupcake PET Oval 16x10/10x4cm HVS LAM Mix 5 BW 2 40x100', 12, 4, 1159000, 20, 'null', '0000-00-00 00:00:00', '0000-00-00 00:00:00', 'CP46A1211P02S', ''),
(1888, 'Cupcake PET Oval 16x10/10x4cm HVS LAM BW 6-01 1x100', 12, 3, 31000, 20, 'null', '0000-00-00 00:00:00', '0000-00-00 00:00:00', 'CP46A1206S02T', ''),
(1889, 'Cupcake PET Oval 16x10/10x4cm HVS LAM BW 7-01 1x100', 12, 3, 31000, 20, 'null', '0000-00-00 00:00:00', '0000-00-00 00:00:00', 'CP46A1207S02T', ''),
(1890, 'Cupcake PET Oval 16x10/10x4cm HVS LAM BW 8-01 1x100', 12, 3, 31000, 20, 'null', '0000-00-00 00:00:00', '0000-00-00 00:00:00', 'CP46A1208S02T', ''),
(1891, 'Cupcake PET Oval 16x10/10x4cm HVS LAM BW 9-01 1x100', 12, 3, 31000, 20, 'null', '0000-00-00 00:00:00', '0000-00-00 00:00:00', 'CP46A1209S02T', ''),
(1892, 'Cupcake PET Oval 16x10/10x4cm HVS LAM BW 10-01 1x100', 12, 3, 31000, 20, 'null', '0000-00-00 00:00:00', '0000-00-00 00:00:00', 'CP46A1210S02T', ''),
(1893, 'Cupcake PET Oval 16x10/10x4cm HVS LAM Mix 5 Polkadot 40x100', 12, 4, 1159000, 20, 'null', '0000-00-00 00:00:00', '0000-00-00 00:00:00', 'CP46A0400P02S', ''),
(1894, 'Cupcake PET Oval 16x10/10x4cm HVS LAM Polkadot 1-01 Green 1x100', 12, 3, 31000, 20, 'null', '0000-00-00 00:00:00', '0000-00-00 00:00:00', 'CP46A040111S02T', ''),
(1895, 'Cupcake PET Oval 16x10/10x4cm HVS LAM Polkadot 1-01 Red 1x100', 12, 3, 31000, 20, 'null', '0000-00-00 00:00:00', '0000-00-00 00:00:00', 'CP46A040121S02T', ''),
(1896, 'Cupcake PET Oval 16x10/10x4cm HVS LAM Polkadot 1-01 Purple 1x100', 12, 3, 31000, 20, 'null', '0000-00-00 00:00:00', '0000-00-00 00:00:00', 'CP46A040120S02T', ''),
(1897, 'Cupcake PET Oval 16x10/10x4cm HVS LAM Polkadot 1-01 Yellow 1x100', 12, 3, 31000, 20, 'null', '0000-00-00 00:00:00', '0000-00-00 00:00:00', 'CP46A040128S02T', ''),
(1898, 'Cupcake PET Oval 16x10/10x4cm HVS LAM Polkadot 1-01 Blue 1x100', 12, 3, 31000, 20, 'null', '0000-00-00 00:00:00', '0000-00-00 00:00:00', 'CP46A040102S02T', ''),
(1899, 'Cupcake PET Oval 16x10/10x4cm HVS LAM Unique 2-01 40x100', 12, 4, 1159000, 20, 'null', '0000-00-00 00:00:00', '0000-00-00 00:00:00', 'CP46A0602P02S', ''),
(1900, 'Cupcake PET Oval 16x10/10x4cm HVS LAM Unique 2-01 1x100', 12, 3, 31000, 20, 'null', '0000-00-00 00:00:00', '0000-00-00 00:00:00', 'CP46A0602S02T', ''),
(1901, 'Cupcake PET Oval 20x10,6/14x4,6cm HVS LAM Mix 5 Fruits 40x100', 12, 4, 1338000, 20, 'null', '0000-00-00 00:00:00', '0000-00-00 00:00:00', 'CP48A1000P02S', ''),
(1902, 'Cupcake PET Oval 20x10,6/14x4,6cm HVS LAM Mix 5 Polkadot 40x100', 12, 4, 1338000, 20, 'null', '0000-00-00 00:00:00', '0000-00-00 00:00:00', 'CP48A0400P02S', ''),
(1903, 'Cupcake PET Oval 20x10,6/14x4,6cm HVS LAM Polkadot 1-01 Green 1x100', 12, 3, 35000, 20, 'null', '0000-00-00 00:00:00', '0000-00-00 00:00:00', 'CP48A040111S02T', ''),
(1904, 'Cupcake PET Oval 20x10,6/14x4,6cm HVS LAM Polkadot 1-01 Red 1x100', 12, 3, 35000, 20, 'null', '0000-00-00 00:00:00', '0000-00-00 00:00:00', 'CP48A040121S02T', ''),
(1905, 'Cupcake PET Oval 20x10,6/14x4,6cm HVS LAM Polkadot 1-01 Purple 1x100', 12, 3, 35000, 20, 'null', '0000-00-00 00:00:00', '0000-00-00 00:00:00', 'CP48A040120S02T', ''),
(1906, 'Cupcake PET Oval 20x10,6/14x4,6cm HVS LAM Polkadot 1-01 Yellow 1x100', 12, 3, 35000, 20, 'null', '0000-00-00 00:00:00', '0000-00-00 00:00:00', 'CP48A040128S02T', ''),
(1907, 'Cupcake PET Oval 20x10,6/14x4,6cm HVS LAM Polkadot 1-01 Blue 1x100', 12, 3, 35000, 20, 'null', '0000-00-00 00:00:00', '0000-00-00 00:00:00', 'CP48A040102S02T', ''),
(1908, 'Cupcake PET Oval 20x10,6/14x4,6cm HVS LAM Unique 1 40x100', 12, 4, 1338000, 20, 'null', '0000-00-00 00:00:00', '0000-00-00 00:00:00', 'CP48A0601P02S', ''),
(1909, 'Cupcake PET Oval 20x10,6/14x4,6cm HVS LAM Unique 1 1x100', 12, 3, 35000, 20, 'null', '0000-00-00 00:00:00', '0000-00-00 00:00:00', 'CP48A0601S02T', ''),
(1910, 'Cupcake PET Oval 20x10,6/14x4,6cm HVS LAM Unique 2 40x100', 12, 4, 1338000, 20, 'null', '0000-00-00 00:00:00', '0000-00-00 00:00:00', 'CP48A0602P02S', ''),
(1911, 'Cupcake PET Oval 20x10,6/14x4,6cm HVS LAM Unique 2 1x100', 12, 3, 35000, 20, 'null', '0000-00-00 00:00:00', '0000-00-00 00:00:00', 'CP48A0602S02T', ''),
(1912, 'Cupcake PET Oval 20x11/14x5cm HVS LAM Mix 5 Batik 40x100', 12, 4, 1389000, 20, 'null', '0000-00-00 00:00:00', '0000-00-00 00:00:00', 'CP49A0500P02S', ''),
(1913, 'Cupcake PET Oval 20x11/14x5cm HVS LAM Batik 1-SC 1x100', 12, 3, 37000, 20, 'null', '0000-00-00 00:00:00', '0000-00-00 00:00:00', 'CP49A0501S02T', ''),
(1914, 'Cupcake PET Oval 20x11/14x5cm HVS LAM Batik 2-SC 1x100', 12, 3, 37000, 20, 'null', '0000-00-00 00:00:00', '0000-00-00 00:00:00', 'CP49A0502S02T', ''),
(1915, 'Cupcake PET Oval 20x11/14x5cm HVS LAM Batik 3-SC 1x100', 12, 3, 37000, 20, 'null', '0000-00-00 00:00:00', '0000-00-00 00:00:00', 'CP49A0503S02T', ''),
(1916, 'Cupcake PET Oval 20x11/14x5cm HVS LAM Batik 4-SC 1x100', 12, 3, 37000, 20, 'null', '0000-00-00 00:00:00', '0000-00-00 00:00:00', 'CP49A0504S02T', ''),
(1917, 'Cupcake PET Oval 20x11/14x5cm HVS LAM Batik 5-SC 1x100', 12, 3, 37000, 20, 'null', '0000-00-00 00:00:00', '0000-00-00 00:00:00', 'CP49A0505S02T', ''),
(1918, 'Cupcake PET Oval 20x11/14x5cm HVS LAM Mix 5 BW 2 40x100', 12, 4, 1389000, 20, 'null', '0000-00-00 00:00:00', '0000-00-00 00:00:00', 'CP49A1211P02S', ''),
(1919, 'Cupcake PET Oval 20x11/14x5cm HVS LAM BW 6-01 1x100', 12, 3, 37000, 20, 'null', '0000-00-00 00:00:00', '0000-00-00 00:00:00', 'CP49A1206S02T', ''),
(1920, 'Cupcake PET Oval 20x11/14x5cm HVS LAM BW 7-01 1x100', 12, 3, 37000, 20, 'null', '0000-00-00 00:00:00', '0000-00-00 00:00:00', 'CP49A1207S02T', ''),
(1921, 'Cupcake PET Oval 20x11/14x5cm HVS LAM BW 8-01 1x100', 12, 3, 37000, 20, 'null', '0000-00-00 00:00:00', '0000-00-00 00:00:00', 'CP49A1208S02T', ''),
(1922, 'Cupcake PET Oval 20x11/14x5cm HVS LAM BW 9-01 1x100', 12, 3, 37000, 20, 'null', '0000-00-00 00:00:00', '0000-00-00 00:00:00', 'CP49A1209S02T', ''),
(1923, 'Cupcake PET Oval 20x11/14x5cm HVS LAM BW 10-01 1x100', 12, 3, 37000, 20, 'null', '0000-00-00 00:00:00', '0000-00-00 00:00:00', 'CP49A1210S02T', ''),
(1924, 'Cupcake PET Oval 20x11/14x5cm HVS LAM Mix 5 BW 40x100', 12, 4, 1389000, 20, 'null', '0000-00-00 00:00:00', '0000-00-00 00:00:00', 'CP49A1200P02S', ''),
(1925, 'Cupcake PET Oval 20x11/14x5cm HVS LAM BW 1-01 1x100', 12, 3, 37000, 20, 'null', '0000-00-00 00:00:00', '0000-00-00 00:00:00', 'CP49A1201S02T', ''),
(1926, 'Cupcake PET Oval 20x11/14x5cm HVS LAM BW 2-01 1x100', 12, 3, 37000, 20, 'null', '0000-00-00 00:00:00', '0000-00-00 00:00:00', 'CP49A1202S02T', ''),
(1927, 'Cupcake PET Oval 20x11/14x5cm HVS LAM BW 3-01 1x100', 12, 3, 37000, 20, 'null', '0000-00-00 00:00:00', '0000-00-00 00:00:00', 'CP49A1203S02T', ''),
(1928, 'Cupcake PET Oval 20x11/14x5cm HVS LAM BW 4-01 1x100', 12, 3, 37000, 20, 'null', '0000-00-00 00:00:00', '0000-00-00 00:00:00', 'CP49A1204S02T', ''),
(1929, 'Cupcake PET Oval 20x11/14x5cm HVS LAM BW 5-01 1x100', 12, 3, 37000, 20, 'null', '0000-00-00 00:00:00', '0000-00-00 00:00:00', 'CP49A1205S02T', ''),
(1930, 'Cupcake PET Oval 20x11/14x5cm HVS LAM Mix 5 Ceramic 40x100', 12, 4, 1389000, 20, 'null', '0000-00-00 00:00:00', '0000-00-00 00:00:00', 'CP49A0300P02S', ''),
(1931, 'Cupcake PET Oval 20x11/14x5cm HVS LAM Ceramic 1-SC 1x100', 12, 3, 37000, 20, 'null', '0000-00-00 00:00:00', '0000-00-00 00:00:00', 'CP49A0301S02T', ''),
(1932, 'Cupcake PET Oval 20x11/14x5cm HVS LAM Ceramic 2-SC 1x100', 12, 3, 37000, 20, 'null', '0000-00-00 00:00:00', '0000-00-00 00:00:00', 'CP49A0302S02T', ''),
(1933, 'Cupcake PET Oval 20x11/14x5cm HVS LAM Ceramic 3-SC 1x100', 12, 3, 37000, 20, 'null', '0000-00-00 00:00:00', '0000-00-00 00:00:00', 'CP49A0303S02T', ''),
(1934, 'Cupcake PET Oval 20x11/14x5cm HVS LAM Ceramic 4-SC 1x100', 12, 3, 37000, 20, 'null', '0000-00-00 00:00:00', '0000-00-00 00:00:00', 'CP49A0304S02T', ''),
(1935, 'Cupcake PET Oval 20x11/14x5cm HVS LAM Ceramic 5-SC 1x100', 12, 3, 37000, 20, 'null', '0000-00-00 00:00:00', '0000-00-00 00:00:00', 'CP49A0305S02T', ''),
(1936, 'Cupcake PET Rect 18x13/10x5cm HVS LAM Mix 5 Stripe 40x100', 12, 4, 1694000, 20, 'null', '0000-00-00 00:00:00', '0000-00-00 00:00:00', 'CP31A1600P02S', ''),
(1937, 'Cupcake PET Rect 18x13/10x5cm HVS LAM Unique 1-01 40x100', 12, 4, 1694000, 20, 'null', '0000-00-00 00:00:00', '0000-00-00 00:00:00', 'CP31A0601P02S', ''),
(1938, 'Cupcake PET Rect 18x13/10x5cm HVS LAM Unique 1-01 1x100', 12, 3, 45000, 20, 'null', '0000-00-00 00:00:00', '0000-00-00 00:00:00', 'CP31A0601S02T', ''),
(1939, 'Cupcake PET Rect 18x13/10x5cm HVS LAM Unique 2-01 40x100', 12, 4, 1694000, 20, 'null', '0000-00-00 00:00:00', '0000-00-00 00:00:00', 'CP31A0602P02S', ''),
(1940, 'Cupcake PET Rect 18x13/10x5cm HVS LAM Unique 2-01 1x100', 12, 3, 45000, 20, 'null', '0000-00-00 00:00:00', '0000-00-00 00:00:00', 'CP31A0602S02T', ''),
(1941, 'Cupcake PET Round 13,5/8,5cm HVS LAM Mix 5 Polkadot 40x100', 12, 4, 1205000, 20, 'null', '0000-00-00 00:00:00', '0000-00-00 00:00:00', 'CP04A0400P02S', ''),
(1942, 'Cupcake PET Round 13,5/8,5cm HVS LAM Polkadot 1-01 Green 1x100', 12, 3, 32000, 20, 'null', '0000-00-00 00:00:00', '0000-00-00 00:00:00', 'CP04A040111S02T', ''),
(1943, 'Cupcake PET Round 13,5/8,5cm HVS LAM Polkadot 1-01 Red 1x100', 12, 3, 32000, 20, 'null', '0000-00-00 00:00:00', '0000-00-00 00:00:00', 'CP04A040121S02T', ''),
(1944, 'Cupcake PET Round 13,5/8,5cm HVS LAM Polkadot 1-01 Purple 1x100', 12, 3, 32000, 20, 'null', '0000-00-00 00:00:00', '0000-00-00 00:00:00', 'CP04A040120S02T', ''),
(1945, 'Cupcake PET Round 13,5/8,5cm HVS LAM Polkadot 1-01 Yellow 1x100', 12, 3, 32000, 20, 'null', '0000-00-00 00:00:00', '0000-00-00 00:00:00', 'CP04A040128S02T', ''),
(1946, 'Cupcake PET Round 13,5/8,5cm HVS LAM Polkadot 1-01 Blue 1x100', 12, 3, 32000, 20, 'null', '0000-00-00 00:00:00', '0000-00-00 00:00:00', 'CP04A040102S02T', ''),
(1947, 'Cupcake PET Round 13,5/8,5cm HVS LAM Unique 1-01 40x100', 12, 4, 1205000, 20, 'null', '0000-00-00 00:00:00', '0000-00-00 00:00:00', 'CP04A0601P02S', ''),
(1948, 'Cupcake PET Round 13,5/8,5cm HVS LAM Unique 1-01 1x100', 12, 3, 32000, 20, 'null', '0000-00-00 00:00:00', '0000-00-00 00:00:00', 'CP04A0601S02T', ''),
(1949, 'Cupcake PET Round 14/8cm HVS LAM Mix 5 Batik 40x100', 12, 4, 1159000, 20, 'null', '0000-00-00 00:00:00', '0000-00-00 00:00:00', 'CP06A0500P02S', ''),
(1950, 'Cupcake PET Round 14/8cm HVS LAM Batik 1-SC 1x100', 12, 3, 31000, 20, 'null', '0000-00-00 00:00:00', '0000-00-00 00:00:00', 'CP06A0501S02T', ''),
(1951, 'Cupcake PET Round 14/8cm HVS LAM Batik 2-SC 1x100', 12, 3, 31000, 20, 'null', '0000-00-00 00:00:00', '0000-00-00 00:00:00', 'CP06A0502S02T', ''),
(1952, 'Cupcake PET Round 14/8cm HVS LAM Batik 3-SC 1x100', 12, 3, 31000, 20, 'null', '0000-00-00 00:00:00', '0000-00-00 00:00:00', 'CP06A0503S02T', ''),
(1953, 'Cupcake PET Round 14/8cm HVS LAM Batik 4-SC 1x100', 12, 3, 31000, 20, 'null', '0000-00-00 00:00:00', '0000-00-00 00:00:00', 'CP06A0504S02T', ''),
(1954, 'Cupcake PET Round 14/8cm HVS LAM Batik 5-SC 1x100', 12, 3, 31000, 20, 'null', '0000-00-00 00:00:00', '0000-00-00 00:00:00', 'CP06A0505S02T', ''),
(1955, 'Cupcake PET Round 14/8cm HVS LAM Mix 5 BW 40x100', 12, 4, 1159000, 20, 'null', '0000-00-00 00:00:00', '0000-00-00 00:00:00', 'CP06A1200P02S', ''),
(1956, 'Cupcake PET Round 14/8cm HVS LAM BW 1-01 1x100', 12, 3, 31000, 20, 'null', '0000-00-00 00:00:00', '0000-00-00 00:00:00', 'CP06A1201S02T', ''),
(1957, 'Cupcake PET Round 14/8cm HVS LAM BW 2-01 1x100', 12, 3, 31000, 20, 'null', '0000-00-00 00:00:00', '0000-00-00 00:00:00', 'CP06A1202S02T', ''),
(1958, 'Cupcake PET Round 14/8cm HVS LAM BW 3-01 1x100', 12, 3, 31000, 20, 'null', '0000-00-00 00:00:00', '0000-00-00 00:00:00', 'CP06A1203S02T', ''),
(1959, 'Cupcake PET Round 14/8cm HVS LAM BW 4-01 1x100', 12, 3, 31000, 20, 'null', '0000-00-00 00:00:00', '0000-00-00 00:00:00', 'CP06A1204S02T', ''),
(1960, 'Cupcake PET Round 14/8cm HVS LAM BW 5-01 1x100', 12, 3, 31000, 20, 'null', '0000-00-00 00:00:00', '0000-00-00 00:00:00', 'CP06A1205S02T', ''),
(1961, 'Cupcake PET Round 14/8cm HVS LAM Mix 5 Ceramic 40x100', 12, 4, 1159000, 20, 'null', '0000-00-00 00:00:00', '0000-00-00 00:00:00', 'CP06A0300P02S', ''),
(1962, 'Cupcake PET Round 14/8cm HVS LAM Ceramic 1-SC 1x100', 12, 3, 31000, 20, 'null', '0000-00-00 00:00:00', '0000-00-00 00:00:00', 'CP06A0301S02T', ''),
(1963, 'Cupcake PET Round 14/8cm HVS LAM Ceramic 2-SC 1x100', 12, 3, 31000, 20, 'null', '0000-00-00 00:00:00', '0000-00-00 00:00:00', 'CP06A0302S02T', ''),
(1964, 'Cupcake PET Round 14/8cm HVS LAM Ceramic 3-SC 1x100', 12, 3, 31000, 20, 'null', '0000-00-00 00:00:00', '0000-00-00 00:00:00', 'CP06A0303S02T', ''),
(1965, 'Cupcake PET Round 14/8cm HVS LAM Ceramic 4-SC 1x100', 12, 3, 31000, 20, 'null', '0000-00-00 00:00:00', '0000-00-00 00:00:00', 'CP06A0304S02T', ''),
(1966, 'Cupcake PET Round 14/8cm HVS LAM Ceramic 5-SC 1x100', 12, 3, 31000, 20, 'null', '0000-00-00 00:00:00', '0000-00-00 00:00:00', 'CP06A0305S02T', ''),
(1967, 'Cupcake PET Round 14/8cm HVS LAM Mix 5 Fruits 40x100', 12, 4, 1159000, 20, 'null', '0000-00-00 00:00:00', '0000-00-00 00:00:00', 'CP06A1000P02S', ''),
(1968, 'Cupcake PET Round 14/8cm HVS LAM Mix 5 Kpop 40x100', 12, 4, 1159000, 20, 'null', '0000-00-00 00:00:00', '0000-00-00 00:00:00', 'CP06A1100P02S', ''),
(1969, 'Cupcake PET Round 14/8cm HVS LAM Kpop 1-04 1x100', 12, 3, 31000, 20, 'null', '0000-00-00 00:00:00', '0000-00-00 00:00:00', 'CP06A1101S02T', ''),
(1970, 'Cupcake PET Round 14/8cm HVS LAM Kpop 2-04 1x100', 12, 3, 31000, 20, 'null', '0000-00-00 00:00:00', '0000-00-00 00:00:00', 'CP06A1102S02T', ''),
(1971, 'Cupcake PET Round 14/8cm HVS LAM Kpop 3-02 1x100', 12, 3, 31000, 20, 'null', '0000-00-00 00:00:00', '0000-00-00 00:00:00', 'CP06A1103S02T', ''),
(1972, 'Cupcake PET Round 14/8cm HVS LAM Kpop 4-01 1x100', 12, 3, 31000, 20, 'null', '0000-00-00 00:00:00', '0000-00-00 00:00:00', 'CP06A1104S02T', ''),
(1973, 'Cupcake PET Round 14/8cm HVS LAM Kpop 5-02 1x100', 12, 3, 31000, 20, 'null', '0000-00-00 00:00:00', '0000-00-00 00:00:00', 'CP06A1105S02T', ''),
(1974, 'Cupcake PET Round 14/8cm HVS LAM Mix 5 Love 40x100', 12, 4, 1159000, 20, 'null', '0000-00-00 00:00:00', '0000-00-00 00:00:00', 'CP06A1700P02S', ''),
(1975, 'Cupcake PET Round 14/8cm HVS LAM Mix 5 Polkadot 40x100', 12, 4, 1159000, 20, 'null', '0000-00-00 00:00:00', '0000-00-00 00:00:00', 'CP06A0400P02S', ''),
(1976, 'Cupcake PET Round 14/8cm HVS LAM Polkadot 1-01 Green 1x100', 12, 3, 31000, 20, 'null', '0000-00-00 00:00:00', '0000-00-00 00:00:00', 'CP06A040111S02T', ''),
(1977, 'Cupcake PET Round 14/8cm HVS LAM Polkadot 1-01 Red 1x100', 12, 3, 31000, 20, 'null', '0000-00-00 00:00:00', '0000-00-00 00:00:00', 'CP06A040121S02T', ''),
(1978, 'Cupcake PET Round 14/8cm HVS LAM Polkadot 1-01 Purple 1x100', 12, 3, 31000, 20, 'null', '0000-00-00 00:00:00', '0000-00-00 00:00:00', 'CP06A040120S02T', ''),
(1979, 'Cupcake PET Round 14/8cm HVS LAM Polkadot 1-01 Yellow 1x100', 12, 3, 31000, 20, 'null', '0000-00-00 00:00:00', '0000-00-00 00:00:00', 'CP06A040128S02T', ''),
(1980, 'Cupcake PET Round 14/8cm HVS LAM Polkadot 1-01 Blue 1x100', 12, 3, 31000, 20, 'null', '0000-00-00 00:00:00', '0000-00-00 00:00:00', 'CP06A040102S02T', ''),
(1981, 'Cupcake PET Round 14/8cm HVS LAM Unique 1-01 40x100', 12, 4, 1159000, 20, 'null', '0000-00-00 00:00:00', '0000-00-00 00:00:00', 'CP06A0601P02S', ''),
(1982, 'Cupcake PET Round 14/8cm HVS LAM Unique 1-01 1x100', 12, 3, 31000, 20, 'null', '0000-00-00 00:00:00', '0000-00-00 00:00:00', 'CP06A0601S02T', ''),
(1983, 'Cupcake PET Round 14/8cm HVS LAM Unique 2-01 40x100', 12, 4, 1159000, 20, 'null', '0000-00-00 00:00:00', '0000-00-00 00:00:00', 'CP06A0602P02S', ''),
(1984, 'Cupcake PET Round 14/8cm HVS LAM Unique 2-01 1x100', 12, 3, 31000, 20, 'null', '0000-00-00 00:00:00', '0000-00-00 00:00:00', 'CP06A0602S02T', ''),
(1985, 'Kertas Gorengan 20x30 MG White 1x500', 11, 3, 41000, 20, 'null', '0000-00-00 00:00:00', '0000-00-00 00:00:00', 'KG01A0025P03S', ''),
(1986, 'Kertas Gorengan 24x34 MG Food 1-02 Green 10x250', 11, 4, 291000, 20, 'null', '0000-00-00 00:00:00', '0000-00-00 00:00:00', 'KG01A1431P01S', ''),
(1987, 'Kertas Gorengan 24x34 MG Food 1-02 Green 1x250', 11, 3, 31000, 20, 'null', '0000-00-00 00:00:00', '0000-00-00 00:00:00', 'KG01A1431P01T', ''),
(1988, 'Kertas Gorengan 24x34 MG Food 17-01 10x250', 11, 4, 291000, 20, 'null', '0000-00-00 00:00:00', '0000-00-00 00:00:00', 'KG01A1417P01S', ''),
(1989, 'Kertas Gorengan 24x34 MG Food 17-01 1x250', 11, 3, 31000, 20, 'null', '0000-00-00 00:00:00', '0000-00-00 00:00:00', 'KG01A1417P01T', ''),
(1990, 'Kertas Gorengan 24x34 MG White 10x250', 11, 4, 259000, 20, 'null', '0000-00-00 00:00:00', '0000-00-00 00:00:00', 'KG01A0025P01S', ''),
(1991, 'Kertas Gorengan 24x34 MG White 1x250', 11, 3, 28000, 20, 'null', '0000-00-00 00:00:00', '0000-00-00 00:00:00', 'KG01A0025P01T', ''),
(1992, 'Kertas Gorengan 25x35 Food 1-02 Red & Green 10x250', 11, 4, 311000, 20, 'null', '0000-00-00 00:00:00', '0000-00-00 00:00:00', 'KG02A1431P01S', ''),
(1993, 'Kertas Gorengan 25x35 Food 1-02 Red & Green 1x250', 11, 3, 33000, 20, 'null', '0000-00-00 00:00:00', '0000-00-00 00:00:00', 'KG02A1431P01T', ''),
(1994, 'Kertas Gorengan 25x35 MG Food 1-02 10x250', 11, 4, 311000, 20, 'null', '0000-00-00 00:00:00', '0000-00-00 00:00:00', 'KG02A1401P01S', ''),
(1995, 'Kertas Gorengan 25x35 MG Food 1-02 1x250', 11, 3, 33000, 20, 'null', '0000-00-00 00:00:00', '0000-00-00 00:00:00', 'KG02A1401P01T', ''),
(1996, 'Kertas Gorengan 25x35 MG Food 14-01 10x250', 11, 4, 311000, 20, 'null', '0000-00-00 00:00:00', '0000-00-00 00:00:00', 'KG02A1414P01S', ''),
(1997, 'Kertas Gorengan 25x35 MG Food 14-01 1x250', 11, 3, 33000, 20, 'null', '0000-00-00 00:00:00', '0000-00-00 00:00:00', 'KG02A1414P01T', ''),
(1998, 'Kertas Gorengan 25x35 MG Food 4-01 10x250', 11, 4, 311000, 20, 'null', '0000-00-00 00:00:00', '0000-00-00 00:00:00', 'KG02A1404P01S', ''),
(1999, 'Kertas Gorengan 25x35 MG Food 4-01 1x250', 11, 3, 33000, 20, 'null', '0000-00-00 00:00:00', '0000-00-00 00:00:00', 'KG02A1404P01T', ''),
(2000, 'Kertas Gorengan 25x35 MG White 10x250', 11, 4, 275000, 20, 'null', '0000-00-00 00:00:00', '0000-00-00 00:00:00', 'KG02A0025P01S', ''),
(2001, 'Kertas Gorengan 25x35 MG White 1x250', 11, 3, 29000, 20, 'null', '0000-00-00 00:00:00', '0000-00-00 00:00:00', 'KG02A0025P01T', ''),
(2002, 'Paper Wrap 20x20 MG LAM Batik 6-01 30x100', 11, 4, 471000, 20, 'null', '0000-00-00 00:00:00', '0000-00-00 00:00:00', 'PW04C0506P02S', ''),
(2003, 'Paper Wrap 20x20 MG LAM Batik 6-01 1x100', 11, 3, 17000, 20, 'null', '0000-00-00 00:00:00', '0000-00-00 00:00:00', 'PW04C0506T01T', ''),
(2004, 'Paper Wrap 20x20 MG LAM Food 1-02 30x100', 11, 4, 471000, 20, 'null', '0000-00-00 00:00:00', '0000-00-00 00:00:00', 'PW04C1401P02S', ''),
(2005, 'Paper Wrap 20x20 MG LAM Food 1-02 1x100', 11, 3, 17000, 20, 'null', '0000-00-00 00:00:00', '0000-00-00 00:00:00', 'PW04C1401T01T', ''),
(2006, 'Paper Wrap 20x20 MG LAM Food 11-02 30x100', 11, 4, 471000, 20, 'null', '0000-00-00 00:00:00', '0000-00-00 00:00:00', 'PW04C1411P02S', ''),
(2007, 'Paper Wrap 20x20 MG LAM Food 11-02 1x100', 11, 3, 17000, 20, 'null', '0000-00-00 00:00:00', '0000-00-00 00:00:00', 'PW04C1411T01T', ''),
(2008, 'Paper Wrap 20x20 MG LAM Food 4-01 30x100', 11, 4, 471000, 20, 'null', '0000-00-00 00:00:00', '0000-00-00 00:00:00', 'PW04C1404P02S', ''),
(2009, 'Paper Wrap 20x20 MG LAM Food 4-01 1x100', 11, 3, 17000, 20, 'null', '0000-00-00 00:00:00', '0000-00-00 00:00:00', 'PW04C1404T01T', ''),
(2010, 'Paper Wrap 20x20 MG LAM Food 7-01 30x100', 11, 4, 471000, 20, 'null', '0000-00-00 00:00:00', '0000-00-00 00:00:00', 'PW04C1407P02S', ''),
(2011, 'Paper Wrap 20x20 MG LAM Food 7-01 1x100', 11, 3, 17000, 20, 'null', '0000-00-00 00:00:00', '0000-00-00 00:00:00', 'PW04C1407T01T', ''),
(2012, 'Paper Wrap 20x20 MG LAM Food 8-01 30x100', 11, 4, 471000, 20, 'null', '0000-00-00 00:00:00', '0000-00-00 00:00:00', 'PW04C1408P02S', ''),
(2013, 'Paper Wrap 20x20 MG LAM Food 8-01 1x100', 11, 3, 17000, 20, 'null', '0000-00-00 00:00:00', '0000-00-00 00:00:00', 'PW04C1408T01T', ''),
(2014, 'Paper Wrap 20x20 MG LAM Fruit 3-01 30x100', 11, 4, 471000, 20, 'null', '0000-00-00 00:00:00', '0000-00-00 00:00:00', 'PW04C1003P02S', ''),
(2015, 'Paper Wrap 20x20 MG LAM Fruit 3-01 1x100', 11, 3, 17000, 20, 'null', '0000-00-00 00:00:00', '0000-00-00 00:00:00', 'PW04C1003T01T', ''),
(2016, 'Paper Wrap 20x20 MG LAM Love 4-02 30x100', 11, 4, 471000, 20, 'null', '0000-00-00 00:00:00', '0000-00-00 00:00:00', 'PW04C1704P02S', ''),
(2017, 'Paper Wrap 20x20 MG LAM Love 4-02 1x100', 11, 3, 17000, 20, 'null', '0000-00-00 00:00:00', '0000-00-00 00:00:00', 'PW04C1704T01T', ''),
(2018, 'Paper Wrap 20x20 MG LAM Rice 1-01 30x100', 11, 4, 471000, 20, 'null', '0000-00-00 00:00:00', '0000-00-00 00:00:00', 'PW04C1301P02S', ''),
(2019, 'Paper Wrap 20x20 MG LAM Rice 1-01 1x100', 11, 3, 17000, 20, 'null', '0000-00-00 00:00:00', '0000-00-00 00:00:00', 'PW04C1301T01T', ''),
(2020, 'Paper Wrap 20x20 MG LAM Rice 2-01 30x100', 11, 4, 471000, 20, 'null', '0000-00-00 00:00:00', '0000-00-00 00:00:00', 'PW04C1302P02S', ''),
(2021, 'Paper Wrap 20x20 MG LAM Rice 2-01 1x100', 11, 3, 17000, 20, 'null', '0000-00-00 00:00:00', '0000-00-00 00:00:00', 'PW04C1302T01T', ''),
(2022, 'Paper Wrap 20x20 MG LAM Rice 3-01 30x100', 11, 4, 471000, 20, 'null', '0000-00-00 00:00:00', '0000-00-00 00:00:00', 'PW04C1303P02S', ''),
(2023, 'Paper Wrap 20x20 MG LAM Rice 3-01 1x100', 11, 3, 17000, 20, 'null', '0000-00-00 00:00:00', '0000-00-00 00:00:00', 'PW04C1303T01T', ''),
(2024, 'Paper Wrap 20x20 MG LAM Unique 6-03 30x100', 11, 4, 471000, 20, 'null', '0000-00-00 00:00:00', '0000-00-00 00:00:00', 'PW04C0606P02S', ''),
(2025, 'Paper Wrap 20x20 MG LAM Unique 6-03 1x100', 11, 3, 17000, 20, 'null', '0000-00-00 00:00:00', '0000-00-00 00:00:00', 'PW04C0606T01T', ''),
(2026, 'Paper Wrap 20x20 MG LAM White NF 30x100', 11, 4, 418000, 20, 'null', '0000-00-00 00:00:00', '0000-00-00 00:00:00', 'PW04C0027P02S', ''),
(2027, 'Paper Wrap 20x20 MG LAM White NF 1x100', 11, 3, 15000, 20, 'null', '0000-00-00 00:00:00', '0000-00-00 00:00:00', 'PW04C0027T01T', ''),
(2028, 'Paper Wrap 23x27,5 MG LAM Food 11-02  30x100', 11, 4, 501000, 20, 'null', '0000-00-00 00:00:00', '0000-00-00 00:00:00', 'PW14C1411P02S', ''),
(2029, 'Paper Wrap 23x27,5 MG LAM Food 11-02  1x100', 11, 3, 18000, 20, 'null', '0000-00-00 00:00:00', '0000-00-00 00:00:00', 'PW14C1411T01T', ''),
(2030, 'Paper Wrap 23x27,5 MG LAM Food 4-01 30x100', 11, 4, 501000, 20, 'null', '0000-00-00 00:00:00', '0000-00-00 00:00:00', 'PW14C1404P02S', ''),
(2031, 'Paper Wrap 23x27,5 MG LAM Food 4-01 1x100', 11, 3, 18000, 20, 'null', '0000-00-00 00:00:00', '0000-00-00 00:00:00', 'PW14C1404T01T', ''),
(2032, 'Paper Wrap 23x27,5 MG LAM Love 4-02  30x100', 11, 4, 501000, 20, 'null', '0000-00-00 00:00:00', '0000-00-00 00:00:00', 'PW14C1704P02S', ''),
(2033, 'Paper Wrap 23x27,5 MG LAM Love 4-02  1x100', 11, 3, 18000, 20, 'null', '0000-00-00 00:00:00', '0000-00-00 00:00:00', 'PW14C1704T01T', ''),
(2034, 'Paper Wrap 23x27,5 MG LAM Rice 2-01 30x100', 11, 4, 501000, 20, 'null', '0000-00-00 00:00:00', '0000-00-00 00:00:00', 'PW14C1302P02S', ''),
(2035, 'Paper Wrap 23x27,5 MG LAM Rice 2-01 1x100', 11, 3, 18000, 20, 'null', '0000-00-00 00:00:00', '0000-00-00 00:00:00', 'PW14C1302T01T', ''),
(2036, 'Paper Wrap 23x27,5 MG LAM White NF 30x100', 11, 4, 444000, 20, 'null', '0000-00-00 00:00:00', '0000-00-00 00:00:00', 'PW14C0027P02S', ''),
(2037, 'Paper Wrap 23x27,5 MG LAM White NF 1x100', 11, 3, 16000, 20, 'null', '0000-00-00 00:00:00', '0000-00-00 00:00:00', 'PW14C0027T01T', ''),
(2038, 'Paper Wrap 23x27,5 MG LAM White NF 3x1000', 11, 4, 444000, 20, 'null', '0000-00-00 00:00:00', '0000-00-00 00:00:00', 'PW14C0027P01S', ''),
(2039, 'Paper Wrap 23x27,5 MG LAM White NF 1x1000', 11, 3, 155000, 20, 'null', '0000-00-00 00:00:00', '0000-00-00 00:00:00', 'PW14C0027T03T', ''),
(2040, 'Paper Wrap 25x27,5 MG LAM Batik 6-01 30x100', 11, 4, 528000, 20, 'null', '0000-00-00 00:00:00', '0000-00-00 00:00:00', 'PW18C0506P02S', ''),
(2041, 'Paper Wrap 25x27,5 MG LAM Batik 6-01 1x100', 11, 3, 19000, 20, 'null', '0000-00-00 00:00:00', '0000-00-00 00:00:00', 'PW18C0506T01T', ''),
(2042, 'Paper Wrap 25x27,5 MG LAM Floral 4-01 30x100', 11, 4, 528000, 20, 'null', '0000-00-00 00:00:00', '0000-00-00 00:00:00', 'PW18C0104P02S', ''),
(2043, 'Paper Wrap 25x27,5 MG LAM Floral 4-01 1x100', 11, 3, 19000, 20, 'null', '0000-00-00 00:00:00', '0000-00-00 00:00:00', 'PW18C0104T01T', ''),
(2044, 'Paper Wrap 25x27,5 MG LAM Floral 8-01 30x100', 11, 4, 528000, 20, 'null', '0000-00-00 00:00:00', '0000-00-00 00:00:00', 'PW18C0108P02S', ''),
(2045, 'Paper Wrap 25x27,5 MG LAM Floral 8-01 1x100', 11, 3, 19000, 20, 'null', '0000-00-00 00:00:00', '0000-00-00 00:00:00', 'PW18C0108T01T', ''),
(2046, 'Paper Wrap 25x27,5 MG LAM Floral 9-01 30x100', 11, 4, 528000, 20, 'null', '0000-00-00 00:00:00', '0000-00-00 00:00:00', 'PW18C0109P02S', ''),
(2047, 'Paper Wrap 25x27,5 MG LAM Floral 9-01 1x100', 11, 3, 19000, 20, 'null', '0000-00-00 00:00:00', '0000-00-00 00:00:00', 'PW18C0109T01T', ''),
(2048, 'Paper Wrap 25x27,5 MG LAM Food 1-02 30x100', 11, 4, 528000, 20, 'null', '0000-00-00 00:00:00', '0000-00-00 00:00:00', 'PW18C1401P02S', ''),
(2049, 'Paper Wrap 25x27,5 MG LAM Food 1-02 1x100', 11, 3, 19000, 20, 'null', '0000-00-00 00:00:00', '0000-00-00 00:00:00', 'PW18C1401T01T', ''),
(2050, 'Paper Wrap 25x27,5 MG LAM Food 11-02 30x100', 11, 4, 528000, 20, 'null', '0000-00-00 00:00:00', '0000-00-00 00:00:00', 'PW18C1411P02S', ''),
(2051, 'Paper Wrap 25x27,5 MG LAM Food 11-02 1x100', 11, 3, 19000, 20, 'null', '0000-00-00 00:00:00', '0000-00-00 00:00:00', 'PW18C1411T01T', ''),
(2052, 'Paper Wrap 25x27,5 MG LAM Food 13-01 30x100', 11, 4, 528000, 20, 'null', '0000-00-00 00:00:00', '0000-00-00 00:00:00', 'PW18C1413P02S', ''),
(2053, 'Paper Wrap 25x27,5 MG LAM Food 13-01 1x100', 11, 3, 19000, 20, 'null', '0000-00-00 00:00:00', '0000-00-00 00:00:00', 'PW18C1413T01T', ''),
(2054, 'Paper Wrap 25x27,5 MG LAM Food 18-01 30x100', 11, 4, 528000, 20, 'null', '0000-00-00 00:00:00', '0000-00-00 00:00:00', 'PW18C1418P02S', ''),
(2055, 'Paper Wrap 25x27,5 MG LAM Food 18-01 1x100', 11, 3, 19000, 20, 'null', '0000-00-00 00:00:00', '0000-00-00 00:00:00', 'PW18C1418T01T', ''),
(2056, 'Paper Wrap 25x27,5 MG LAM Food 4-01 30x100', 11, 4, 528000, 20, 'null', '0000-00-00 00:00:00', '0000-00-00 00:00:00', 'PW18C1404P02S', ''),
(2057, 'Paper Wrap 25x27,5 MG LAM Food 4-01 1x100', 11, 3, 19000, 20, 'null', '0000-00-00 00:00:00', '0000-00-00 00:00:00', 'PW18C1404T01T', ''),
(2058, 'Paper Wrap 25x27,5 MG LAM Food 7-01 30x100', 11, 4, 528000, 20, 'null', '0000-00-00 00:00:00', '0000-00-00 00:00:00', 'PW18C1407P02S', ''),
(2059, 'Paper Wrap 25x27,5 MG LAM Food 7-01 1x100', 11, 3, 19000, 20, 'null', '0000-00-00 00:00:00', '0000-00-00 00:00:00', 'PW18C1407T01T', ''),
(2060, 'Paper Wrap 25x27,5 MG LAM Food 8-01 30x100', 11, 4, 528000, 20, 'null', '0000-00-00 00:00:00', '0000-00-00 00:00:00', 'PW18C1408P02S', ''),
(2061, 'Paper Wrap 25x27,5 MG LAM Food 8-01 1x100', 11, 3, 19000, 20, 'null', '0000-00-00 00:00:00', '0000-00-00 00:00:00', 'PW18C1408T01T', ''),
(2062, 'Paper Wrap 25x27,5 MG LAM Fruits 3-01 30x100', 11, 4, 528000, 20, 'null', '0000-00-00 00:00:00', '0000-00-00 00:00:00', 'PW18C1003P02S', ''),
(2063, 'Paper Wrap 25x27,5 MG LAM Fruits 3-01 1x100', 11, 3, 19000, 20, 'null', '0000-00-00 00:00:00', '0000-00-00 00:00:00', 'PW18C1003T01T', ''),
(2064, 'Paper Wrap 25x27,5 MG LAM Rice 1-01 30x100', 11, 4, 528000, 20, 'null', '0000-00-00 00:00:00', '0000-00-00 00:00:00', 'PW18C1301P02S', ''),
(2065, 'Paper Wrap 25x27,5 MG LAM Rice 1-01 1x100', 11, 3, 19000, 20, 'null', '0000-00-00 00:00:00', '0000-00-00 00:00:00', 'PW18C1301T01T', ''),
(2066, 'Paper Wrap 25x27,5 MG LAM Rice 2-01 30x100', 11, 4, 528000, 20, 'null', '0000-00-00 00:00:00', '0000-00-00 00:00:00', 'PW18C1302P02S', ''),
(2067, 'Paper Wrap 25x27,5 MG LAM Rice 2-01 1x100', 11, 3, 19000, 20, 'null', '0000-00-00 00:00:00', '0000-00-00 00:00:00', 'PW18C1302T01T', ''),
(2068, 'Paper Wrap 25x27,5 MG LAM Rice 3-01 30x100', 11, 4, 528000, 20, 'null', '0000-00-00 00:00:00', '0000-00-00 00:00:00', 'PW18C1303P02S', ''),
(2069, 'Paper Wrap 25x27,5 MG LAM Rice 3-01 1x100', 11, 3, 19000, 20, 'null', '0000-00-00 00:00:00', '0000-00-00 00:00:00', 'PW18C1303T01T', ''),
(2070, 'Paper Wrap 25x27,5 MG LAM Unique 6-03 30x100', 11, 4, 528000, 20, 'null', '0000-00-00 00:00:00', '0000-00-00 00:00:00', 'PW18C0606P02S', ''),
(2071, 'Paper Wrap 25x27,5 MG LAM Unique 6-03 1x100', 11, 3, 19000, 20, 'null', '0000-00-00 00:00:00', '0000-00-00 00:00:00', 'PW18C0606T01T', ''),
(2072, 'Paper Wrap 25x27,5 MG LAM White NF 30x100', 11, 4, 468000, 20, 'null', '0000-00-00 00:00:00', '0000-00-00 00:00:00', 'PW18C0027P02S', ''),
(2073, 'Paper Wrap 25x27,5 MG LAM White NF 1x100', 11, 3, 17000, 20, 'null', '0000-00-00 00:00:00', '0000-00-00 00:00:00', 'PW18C0027T01T', ''),
(2074, 'Paper Wrap 25x27,5 MG LAM White NF 3x1000', 11, 4, 468000, 20, 'null', '0000-00-00 00:00:00', '0000-00-00 00:00:00', 'PW18C0027P01S', ''),
(2075, 'Paper Wrap 25x27,5 MG LAM White NF 1x1000', 11, 3, 163000, 20, 'null', '0000-00-00 00:00:00', '0000-00-00 00:00:00', 'PW18C0027T03T', ''),
(2076, 'Paper Wrap 30x30 MG LAM Floral 4-01 30x100', 11, 4, 582000, 20, 'null', '0000-00-00 00:00:00', '0000-00-00 00:00:00', 'PW32C0104P03S', ''),
(2077, 'Paper Wrap 30x30 MG LAM Floral 4-01 1x100', 11, 3, 21000, 20, 'null', '0000-00-00 00:00:00', '0000-00-00 00:00:00', 'PW32C0104T01T', ''),
(2078, 'Paper Wrap 30x30 MG LAM Food 1-02 30x100', 11, 4, 582000, 20, 'null', '0000-00-00 00:00:00', '0000-00-00 00:00:00', 'PW32C1401P02S', ''),
(2079, 'Paper Wrap 30x30 MG LAM Food 1-02 1x100', 11, 3, 21000, 20, 'null', '0000-00-00 00:00:00', '0000-00-00 00:00:00', 'PW32C1401T01T', ''),
(2080, 'Paper Wrap 30x30 MG LAM Food 11-02 30x100', 11, 4, 582000, 20, 'null', '0000-00-00 00:00:00', '0000-00-00 00:00:00', 'PW32C1411P02S', ''),
(2081, 'Paper Wrap 30x30 MG LAM Food 11-02 1x100', 11, 3, 21000, 20, 'null', '0000-00-00 00:00:00', '0000-00-00 00:00:00', 'PW32C1411T01T', ''),
(2082, 'Paper Wrap 30x30 MG LAM Food 18-01 30x100', 11, 4, 582000, 20, 'null', '0000-00-00 00:00:00', '0000-00-00 00:00:00', 'PW32C1418P02S', ''),
(2083, 'Paper Wrap 30x30 MG LAM Food 18-01 1x100', 11, 3, 21000, 20, 'null', '0000-00-00 00:00:00', '0000-00-00 00:00:00', 'PW32C1418T01T', ''),
(2084, 'Paper Wrap 30x30 MG LAM Food 4-01 30x100', 11, 4, 582000, 20, 'null', '0000-00-00 00:00:00', '0000-00-00 00:00:00', 'PW32C1404P02S', ''),
(2085, 'Paper Wrap 30x30 MG LAM Food 4-01 1x100', 11, 3, 21000, 20, 'null', '0000-00-00 00:00:00', '0000-00-00 00:00:00', 'PW32C1404T01T', ''),
(2086, 'Paper Wrap 30x30 MG LAM Food 8-01 30x100', 11, 4, 582000, 20, 'null', '0000-00-00 00:00:00', '0000-00-00 00:00:00', 'PW32C1408P02S', ''),
(2087, 'Paper Wrap 30x30 MG LAM Food 8-01 1x100', 11, 3, 21000, 20, 'null', '0000-00-00 00:00:00', '0000-00-00 00:00:00', 'PW32C1408T01T', ''),
(2088, 'Paper Wrap 30x30 MG LAM Fruits 3-01 30x100', 11, 4, 582000, 20, 'null', '0000-00-00 00:00:00', '0000-00-00 00:00:00', 'PW32C1003P02S', ''),
(2089, 'Paper Wrap 30x30 MG LAM Fruits 3-01 1x100', 11, 3, 21000, 20, 'null', '0000-00-00 00:00:00', '0000-00-00 00:00:00', 'PW32C1003T01T', ''),
(2090, 'Paper Wrap 30x30 MG LAM Love 4-02 30x100', 11, 4, 582000, 20, 'null', '0000-00-00 00:00:00', '0000-00-00 00:00:00', 'PW32C1704P02S', ''),
(2091, 'Paper Wrap 30x30 MG LAM Love 4-02 1x100', 11, 3, 21000, 20, 'null', '0000-00-00 00:00:00', '0000-00-00 00:00:00', 'PW32C1704T01T', ''),
(2092, 'Paper Wrap 30x30 MG Lam Polkadot 7-01 1x100', 11, 3, 582000, 20, 'null', '0000-00-00 00:00:00', '0000-00-00 00:00:00', 'PW32C0407T01T', ''),
(2093, 'Paper Wrap 30x30 MG Lam Polkadot 7-01 30x100', 11, 4, 21000, 20, 'null', '0000-00-00 00:00:00', '0000-00-00 00:00:00', 'PW32C0407P02T', ''),
(2094, 'Paper Wrap 30x30 MG LAM Rice 1-01 30x100', 11, 4, 582000, 20, 'null', '0000-00-00 00:00:00', '0000-00-00 00:00:00', 'PW32C1301P02S', ''),
(2095, 'Paper Wrap 30x30 MG LAM Rice 1-01 1x100', 11, 3, 21000, 20, 'null', '0000-00-00 00:00:00', '0000-00-00 00:00:00', 'PW32C1301T01T', ''),
(2096, 'Paper Wrap 30x30 MG LAM Rice 2-01 30x100', 11, 4, 582000, 20, 'null', '0000-00-00 00:00:00', '0000-00-00 00:00:00', 'PW32C1302P02S', ''),
(2097, 'Paper Wrap 30x30 MG LAM Rice 2-01 1x100', 11, 3, 21000, 20, 'null', '0000-00-00 00:00:00', '0000-00-00 00:00:00', 'PW32C1302T01T', ''),
(2098, 'Paper Wrap 30x30 MG LAM Rice 3-01 30x100', 11, 4, 582000, 20, 'null', '0000-00-00 00:00:00', '0000-00-00 00:00:00', 'PW32C1303P02S', ''),
(2099, 'Paper Wrap 30x30 MG LAM Rice 3-01 1x100', 11, 3, 21000, 20, 'null', '0000-00-00 00:00:00', '0000-00-00 00:00:00', 'PW32C1303T01T', ''),
(2100, 'Paper Wrap 30x30 MG LAM Unique 6-03 30x100', 11, 4, 582000, 20, 'null', '0000-00-00 00:00:00', '0000-00-00 00:00:00', 'PW32C0606P02S', ''),
(2101, 'Paper Wrap 30x30 MG LAM Unique 6-03 1x100', 11, 3, 21000, 20, 'null', '0000-00-00 00:00:00', '0000-00-00 00:00:00', 'PW32C0606T01T', ''),
(2102, 'Paper Wrap 30x30 MG LAM White NF 30x100', 11, 4, 516000, 20, 'null', '0000-00-00 00:00:00', '0000-00-00 00:00:00', 'PW32C0027P02S', ''),
(2103, 'Paper Wrap 30x30 MG LAM White NF 1x100', 11, 3, 18000, 20, 'null', '0000-00-00 00:00:00', '0000-00-00 00:00:00', 'PW32C0027T01T', ''),
(2104, 'Paper Wrap 30x30 MG LAM White NF 3x1000', 11, 4, 516000, 20, 'null', '0000-00-00 00:00:00', '0000-00-00 00:00:00', 'PW32C0027P01S', ''),
(2105, 'Paper Wrap 30x30 MG LAM White NF 1x1000', 11, 3, 180000, 20, 'null', '0000-00-00 00:00:00', '0000-00-00 00:00:00', 'PW32C0027T03T', ''),
(2106, 'Paper Wrap 40x60 MG LAM White NF 3x1000', 11, 4, 1339000, 20, 'null', '0000-00-00 00:00:00', '0000-00-00 00:00:00', 'PW51C0027P01S', ''),
(2107, 'Paper Wrap 40x60 MG LAM White NF 1x1000', 11, 3, 467000, 20, 'null', '0000-00-00 00:00:00', '0000-00-00 00:00:00', 'PW51C0027T03T', ''),
(2108, 'Dimsum Paper Round 4\" Siliconize White 4x500', 12, 4, 109000, 20, 'null', '0000-00-00 00:00:00', '0000-00-00 00:00:00', 'DP02A0025P01S', ''),
(2109, 'Dimsum Paper Round 4\" Siliconize White 1x500', 12, 3, 29000, 20, 'null', '0000-00-00 00:00:00', '0000-00-00 00:00:00', 'DP02A0025S02T', ''),
(2110, 'Dimsum Paper Round 4,5\" Siliconize White 4x500', 12, 4, 138000, 20, 'null', '0000-00-00 00:00:00', '0000-00-00 00:00:00', 'DP03A0025P01S', ''),
(2111, 'Dimsum Paper Round 4,5\" Siliconize White 1x500', 12, 3, 36000, 20, 'null', '0000-00-00 00:00:00', '0000-00-00 00:00:00', 'DP03A0025S02T', ''),
(2112, 'Dimsum Paper Round 5,5\" Siliconize White 4x500', 12, 4, 213000, 20, 'null', '0000-00-00 00:00:00', '0000-00-00 00:00:00', 'DP04A0025P01S', ''),
(2113, 'Dimsum Paper Round 5,5\" Siliconize White 1x500', 12, 3, 56000, 20, 'null', '0000-00-00 00:00:00', '0000-00-00 00:00:00', 'DP04A0025S02T', ''),
(2114, 'Dimsum Paper Round 9,5\" Siliconize White 4x500', 12, 4, 812000, 20, 'null', '0000-00-00 00:00:00', '0000-00-00 00:00:00', 'DP10A0025P01S', ''),
(2115, 'Dimsum Paper Round 9,5\" Siliconize White 1x500', 12, 3, 213000, 20, 'null', '0000-00-00 00:00:00', '0000-00-00 00:00:00', 'DP10A0025S02T', ''),
(2116, 'Bakpau Round 6cm GP White 40x500', 12, 4, 197000, 20, 'null', '0000-00-00 00:00:00', '0000-00-00 00:00:00', 'CB01A0025P02S', ''),
(2117, 'Bakpau Round 6cm GP White 1x500', 12, 3, 6000, 20, 'null', '0000-00-00 00:00:00', '0000-00-00 00:00:00', 'CB01A0025S02T', ''),
(2118, 'Bakpau Round 7cm GP White 40x500', 12, 4, 264000, 20, 'null', '0000-00-00 00:00:00', '0000-00-00 00:00:00', 'CB02A0025P02S', ''),
(2119, 'Bakpau Round 7cm GP White 1x500', 12, 3, 7000, 20, 'null', '0000-00-00 00:00:00', '0000-00-00 00:00:00', 'CB02A0025S02T', ''),
(2120, 'Bakpau Round 8cm GP White 40x500', 12, 4, 319000, 20, 'null', '0000-00-00 00:00:00', '0000-00-00 00:00:00', 'CB03A0025P02S', ''),
(2121, 'Bakpau Round 8cm GP White 1x500', 12, 3, 9000, 20, 'null', '0000-00-00 00:00:00', '0000-00-00 00:00:00', 'CB03A0025S02T', ''),
(2122, 'Bakpau Round 8cm GP Mix 5 Floral 40x500', 12, 4, 407000, 20, 'null', '0000-00-00 00:00:00', '0000-00-00 00:00:00', 'CB03A0100P02S', ''),
(2123, 'Bakpau Round 8cm GP Floral 1-01 1x500', 12, 3, 11000, 20, 'null', '0000-00-00 00:00:00', '0000-00-00 00:00:00', 'CB03A0101S02T', ''),
(2124, 'Bakpau Round 8cm GP Floral 2-01 1x500', 12, 3, 11000, 20, 'null', '0000-00-00 00:00:00', '0000-00-00 00:00:00', 'CB03A0102S02T', ''),
(2125, 'Bakpau Round 8cm GP Floral 3-01 1x500', 12, 3, 11000, 20, 'null', '0000-00-00 00:00:00', '0000-00-00 00:00:00', 'CB03A0103S02T', ''),
(2126, 'Bakpau Round 8cm GP Love 1-01 1x500', 12, 3, 11000, 20, 'null', '0000-00-00 00:00:00', '0000-00-00 00:00:00', 'CB03A1701S02T', ''),
(2127, 'Bakpau Round 8cm GP Love 2-01 1x500', 12, 3, 11000, 20, 'null', '0000-00-00 00:00:00', '0000-00-00 00:00:00', 'CB03A1702S02T', ''),
(2128, 'Bakpau Square 10x10cm GP White 40x500', 12, 4, 477000, 20, 'null', '0000-00-00 00:00:00', '0000-00-00 00:00:00', 'CB22A0025P01S', ''),
(2129, 'Bakpau Square 10x10cm GP White 1x500', 12, 3, 13000, 20, 'null', '0000-00-00 00:00:00', '0000-00-00 00:00:00', 'CB22A0025S02T', ''),
(2130, 'Paper Bag 10,5x11 GP Flat PB 14-02 25x100', 10, 4, 475000, 20, 'null', '0000-00-00 00:00:00', '0000-00-00 00:00:00', 'PB01B3014P05S', ''),
(2131, 'Paper Bag 10,5x11 GP Flat PB 14-02 1x100', 10, 3, 20000, 20, 'null', '0000-00-00 00:00:00', '0000-00-00 00:00:00', 'PB01B3014T03T', ''),
(2132, 'Paper Bag 10,5x11 GP White 25x100', 10, 4, 412000, 20, 'null', '0000-00-00 00:00:00', '0000-00-00 00:00:00', 'PB01B0025P05S', ''),
(2133, 'Paper Bag 10,5x11 GP White 1x100', 10, 3, 18000, 20, 'null', '0000-00-00 00:00:00', '0000-00-00 00:00:00', 'PB01B0025T03T', ''),
(2134, 'Paper Bag 15,5x11+6 GP White 20x100', 10, 4, 469000, 20, 'null', '0000-00-00 00:00:00', '0000-00-00 00:00:00', 'PB10B0025P04S', ''),
(2135, 'Paper Bag 15,5x11+6 GP White 1x100', 10, 3, 25000, 20, 'null', '0000-00-00 00:00:00', '0000-00-00 00:00:00', 'PB10B0025T03T', ''),
(2136, 'Paper Bag 15,5x11+6 MG Brown 20x100', 10, 4, 311000, 20, 'null', '0000-00-00 00:00:00', '0000-00-00 00:00:00', 'PB10D0004P04S', ''),
(2137, 'Paper Bag 15,5x11+6 MG Brown 1x100', 10, 3, 17000, 20, 'null', '0000-00-00 00:00:00', '0000-00-00 00:00:00', 'PB10D0004T03T', ''),
(2138, 'Paper Bag 23,5x12,5+8 GP White 20x100', 10, 4, 610000, 20, 'null', '0000-00-00 00:00:00', '0000-00-00 00:00:00', 'PB35B0025P04S', ''),
(2139, 'Paper Bag 23,5x12,5+8 GP White 1x100', 10, 3, 32000, 20, 'null', '0000-00-00 00:00:00', '0000-00-00 00:00:00', 'PB35B0025T03T', ''),
(2140, 'Paper Bag 23,5x12,5+8 GP Flat PB 15-01 20x100', 10, 4, 678000, 20, 'null', '0000-00-00 00:00:00', '0000-00-00 00:00:00', 'PB35B3015P04S', ''),
(2141, 'Paper Bag 23,5x12,5+8 GP Flat PB 15-01 1x100', 10, 3, 36000, 20, 'null', '0000-00-00 00:00:00', '0000-00-00 00:00:00', 'PB35B3015T03T', ''),
(2142, 'Paper Bag 23,5x12,5+8 GP Flat PB 16-01 20x100', 10, 4, 678000, 20, 'null', '0000-00-00 00:00:00', '0000-00-00 00:00:00', 'PB35B3016P04S', ''),
(2143, 'Paper Bag 23,5x12,5+8 GP Flat PB 16-01 1x100', 10, 3, 36000, 20, 'null', '0000-00-00 00:00:00', '0000-00-00 00:00:00', 'PB35B3016T03T', ''),
(2144, 'Paper Bag 23,5x12,5+8 GP Flat PB 18-02 20x100', 10, 4, 747000, 20, 'null', '0000-00-00 00:00:00', '0000-00-00 00:00:00', 'PB35B3018P04T', ''),
(2145, 'Paper Bag 23,5x12,5+8 GP Flat PB 18-02 1x100', 10, 3, 40000, 20, 'null', '0000-00-00 00:00:00', '0000-00-00 00:00:00', 'PB35B3018T03T', ''),
(2146, 'Paper Bag 23,5x12,5+8 GP Flat PB 2-01 20x100', 10, 4, 678000, 20, 'null', '0000-00-00 00:00:00', '0000-00-00 00:00:00', 'PB35B3002P04T', ''),
(2147, 'Paper Bag 23,5x12,5+8 GP Flat PB 2-01 1x100', 10, 3, 36000, 20, 'null', '0000-00-00 00:00:00', '0000-00-00 00:00:00', 'PB35B3002T03T', ''),
(2148, 'Paper Bag 23,5x12,5+8 GP Flat PB 6-02 20x100', 10, 4, 747000, 20, 'null', '0000-00-00 00:00:00', '0000-00-00 00:00:00', 'PB35B3006P04S', ''),
(2149, 'Paper Bag 23,5x12,5+8 GP Flat PB 6-02 1x100', 10, 3, 40000, 20, 'null', '0000-00-00 00:00:00', '0000-00-00 00:00:00', 'PB35B3006T03T', ''),
(2150, 'Paper Bag 23,5x12,5+8 GP Flat PB 9-01 20x100', 10, 4, 678000, 20, 'null', '0000-00-00 00:00:00', '0000-00-00 00:00:00', 'PB35B3009P04T', '');
INSERT INTO `p_item` (`item_id`, `name`, `category_id`, `unit_id`, `price`, `stock`, `image`, `created`, `updated`, `barcode`, `keterangan`) VALUES
(2151, 'Paper Bag 23,5x12,5+8 GP Flat PB 9-01 1x100', 10, 3, 36000, 20, 'null', '0000-00-00 00:00:00', '0000-00-00 00:00:00', 'PB35B3009T03T', ''),
(2152, 'Paper Bag 23,5x12,5+8 MG Brown 20x100', 10, 4, 535000, 20, 'null', '0000-00-00 00:00:00', '0000-00-00 00:00:00', 'PB35D0004P04S', ''),
(2153, 'Paper Bag 23,5x12,5+8 MG Brown 1x100', 10, 3, 28000, 20, 'null', '0000-00-00 00:00:00', '0000-00-00 00:00:00', 'PB35D0004T03T', ''),
(2154, 'Paper Bag 32x19,5+10 GP White 10x100', 10, 4, 552000, 20, 'null', '0000-00-00 00:00:00', '0000-00-00 00:00:00', 'PB54B0025P02S', ''),
(2155, 'Paper Bag 32x19,5+10 GP White 1x100', 10, 3, 58000, 20, 'null', '0000-00-00 00:00:00', '0000-00-00 00:00:00', 'PB54B0025T03T', ''),
(2156, 'Paper Bag 32x19,5+10 MG Brown 10x100', 10, 4, 501000, 20, 'null', '0000-00-00 00:00:00', '0000-00-00 00:00:00', 'PB54D0004P02T', ''),
(2157, 'Paper Bag 32x19,5+10 MG Brown 1x100', 10, 3, 53000, 20, 'null', '0000-00-00 00:00:00', '0000-00-00 00:00:00', 'PB54D0004T03T', ''),
(2158, 'Paper Bag SOS 23,5x12,5+8 GP White 40x50', 10, 4, 877000, 20, 'null', '0000-00-00 00:00:00', '0000-00-00 00:00:00', 'PS35B0025T08S', ''),
(2159, 'Paper Bag SOS 23,5x12,5+8 GP White 1x50', 10, 3, 23000, 20, 'null', '0000-00-00 00:00:00', '0000-00-00 00:00:00', 'PS35B0025T02T', ''),
(2160, 'Paper Bag SOS 23,5x12,5+8 MG Brown 40x50', 10, 4, 542000, 20, 'null', '0000-00-00 00:00:00', '0000-00-00 00:00:00', 'PS35D0004T08S', ''),
(2161, 'Paper Bag SOS 23,5x12,5+8 MG Brown 1x50', 10, 3, 15000, 20, 'null', '0000-00-00 00:00:00', '0000-00-00 00:00:00', 'PS35D0004T02T', ''),
(2162, 'Grocery Bag SOS 38,5x27+16 Kraft Brown 20x50', 10, 4, 975000, 20, 'null', '0000-00-00 00:00:00', '0000-00-00 00:00:00', 'GB01B0004P01S', ''),
(2163, 'Grocery Bag SOS 38,5x27+16 Kraft Brown 1x50', 10, 3, 51000, 20, 'null', '0000-00-00 00:00:00', '0000-00-00 00:00:00', 'GB01B0004T02T', ''),
(2164, 'Grocery Bag SOS With Handle 38,5x27+16 Kraft Brown 5x50 (PLASTIC PACKAGING)', 10, 4, 343000, 20, 'null', '0000-00-00 00:00:00', '0000-00-00 00:00:00', 'GH01A0004T02TPP', ''),
(2165, 'Grocery Bag SOS With Handle 38,5x27+16 Kraft Brown 1x50 (PLASTIC PACKAGING)', 10, 3, 72000, 20, 'null', '0000-00-00 00:00:00', '0000-00-00 00:00:00', 'GH01A0004T02T', ''),
(2166, 'Burger Wrap 10x10 MG LAM White 20x100', 11, 4, 413000, 15, 'null', '0000-00-00 00:00:00', '0000-00-00 00:00:00', 'BW02C0025P02S', ''),
(2167, 'Burger Wrap 10x10 MG LAM White 1x100', 11, 3, 22000, 20, 'null', '0000-00-00 00:00:00', '0000-00-00 00:00:00', 'BW02C0025T01T', ''),
(2168, 'Burger Wrap 12,5x12,5 MG LAM White 20x100', 11, 4, 458000, 19, 'null', '0000-00-00 00:00:00', '0000-00-00 00:00:00', 'BW04C0025P02S', ''),
(2169, 'Burger Wrap 12,5x12,5 MG LAM White 1x100', 11, 3, 24000, 20, 'null', '0000-00-00 00:00:00', '0000-00-00 00:00:00', 'BW04C0025T01T', ''),
(2170, 'Paper Coaster 9cm Towel White 16x200', 12, 4, 1184000, 20, 'null', '0000-00-00 00:00:00', '0000-00-00 00:00:00', 'PC01B0025P01S', ''),
(2171, 'Paper Coaster 9cm Towel White 1x200', 12, 3, 78000, 20, 'null', '0000-00-00 00:00:00', '0000-00-00 00:00:00', 'PC01B0025P01T', ''),
(2172, 'Glass Cover 10,5/7,5cm BC White 16x200', 12, 4, 620000, 20, 'null', '0000-00-00 00:00:00', '0000-00-00 00:00:00', 'GC02A0025P01S', ''),
(2173, 'Glass Cover 10,5/7,5cm BC White 1x200', 12, 3, 41000, 20, 'null', '0000-00-00 00:00:00', '0000-00-00 00:00:00', 'GC02A0025S01T', ''),
(2174, 'Glass Cover 9,5/6,5cm BC White 16x200', 12, 4, 567000, 20, 'null', '0000-00-00 00:00:00', '0000-00-00 00:00:00', 'GC01A0025P01S', ''),
(2175, 'Glass Cover 9,5/6,5cm BC White 1x200', 12, 3, 38000, 20, 'null', '0000-00-00 00:00:00', '0000-00-00 00:00:00', 'GC01A0025S01T', ''),
(2176, 'Toilet Seat Cover 35x42 MG White 50x12', 11, 4, 304000, 20, 'null', '0000-00-00 00:00:00', '0000-00-00 00:00:00', 'TS01A0025P01S', ''),
(2177, 'Toilet Seat Cover 35x42 MG White 1x12', 11, 3, 7000, 20, 'null', '0000-00-00 00:00:00', '0000-00-00 00:00:00', 'TS01A0025P01T', ''),
(2178, 'Shopping Bag 15x30+15 Kraft Brown 1x12', 10, 3, 44000, 20, 'null', '0000-00-00 00:00:00', '0000-00-00 00:00:00', 'SB02A0004P01S', ''),
(2179, 'Shopping Bag 18x22+22 Kraft Brown 1x12', 10, 3, 44000, 20, 'null', '0000-00-00 00:00:00', '0000-00-00 00:00:00', 'SB05A0004P01S', ''),
(2180, 'Shopping Bag 20x25+25 Kraft Brown 1x12', 10, 3, 51000, 20, 'null', '0000-00-00 00:00:00', '0000-00-00 00:00:00', 'SB13A0004P01S', ''),
(2181, 'Shopping Bag 20x25+25 Kraft White 1x12', 10, 3, 51000, 20, 'null', '0000-00-00 00:00:00', '0000-00-00 00:00:00', 'SB13A0025P01S', ''),
(2182, 'Shopping Bag 20x27+27 Kraft Brown 1x12', 10, 3, 56000, 20, 'null', '0000-00-00 00:00:00', '0000-00-00 00:00:00', 'SB14A0004P01S', ''),
(2183, 'Shopping Bag 20x27+27 Kraft Unique 1-01 1x12', 10, 3, 64000, 20, 'null', '0000-00-00 00:00:00', '0000-00-00 00:00:00', 'SB14A0601P01S', ''),
(2184, 'Shopping Bag 20x31+31 Kraft Block Red 1x12', 10, 3, 80000, 20, 'null', '0000-00-00 00:00:00', '0000-00-00 00:00:00', 'SB15A2012P01S', ''),
(2185, 'Shopping Bag 24x21+8 Kraft Block Black Laminating 1x12', 10, 3, 47000, 20, 'null', '0000-00-00 00:00:00', '0000-00-00 00:00:00', 'SB31A2101P01S', ''),
(2186, 'Shopping Bag 24x21+8 Kraft Block Blue Laminating 1x12', 10, 3, 47000, 20, 'null', '0000-00-00 00:00:00', '0000-00-00 00:00:00', 'SB31A2102P01S', ''),
(2187, 'Shopping Bag 24x21+8 Kraft Block Red 1x12', 10, 3, 43000, 20, 'null', '0000-00-00 00:00:00', '0000-00-00 00:00:00', 'SB31A2012P01S', ''),
(2188, 'Shopping Bag 24x21+8 Kraft Brown 1x12', 10, 3, 36000, 20, 'null', '0000-00-00 00:00:00', '0000-00-00 00:00:00', 'SB31A0004P01S', ''),
(2189, 'Shopping Bag 24x21+8 Kraft White 1x12', 10, 3, 36000, 20, 'null', '0000-00-00 00:00:00', '0000-00-00 00:00:00', 'SB31A0025P01S', ''),
(2190, 'Shopping Bag 29x27+8,5 Kraft White 1x12', 10, 3, 41000, 20, 'null', '0000-00-00 00:00:00', '0000-00-00 00:00:00', 'SB51A0025P01S', ''),
(2191, 'Shopping Bag 33x22+9 Kraft Brown 1x12', 10, 3, 40000, 20, 'null', '0000-00-00 00:00:00', '0000-00-00 00:00:00', 'SB66A0004P01S', ''),
(2192, 'Shopping Bag 33x22+9 Kraft White 1x12', 10, 3, 40000, 20, 'null', '0000-00-00 00:00:00', '0000-00-00 00:00:00', 'SB66A0025P01S', ''),
(2193, 'Shopping Bag 33x26+7 Kraft Block Red 1x12', 10, 3, 48000, 20, 'null', '0000-00-00 00:00:00', '0000-00-00 00:00:00', 'SB67A2012P01S', ''),
(2194, 'Shopping Bag 33x26+7 Kraft Brown Polos 1x12', 10, 3, 39000, 20, 'null', '0000-00-00 00:00:00', '0000-00-00 00:00:00', 'SB67A0004P01S', ''),
(2195, 'Shopping Bag 33x26+7 Kraft White 1x12', 10, 3, 39000, 20, 'null', '0000-00-00 00:00:00', '0000-00-00 00:00:00', 'SB67A0025P01S', ''),
(2196, 'Shopping Bag 42x30+17 Kraft Brown 1x12', 10, 3, 82000, 20, 'null', '0000-00-00 00:00:00', '0000-00-00 00:00:00', 'SB86A0004P01S', ''),
(2197, 'Cupcake Round 10,5/4,5cm GP Mix 5 Batik 16x1000', 12, 4, 787000, 20, 'null', '0000-00-00 00:00:00', '0000-00-00 00:00:00', 'CC17C0500P02S', ''),
(2198, 'Cupcake Round 10,5/4,5cm GP Batik 1-SC 1x1000', 12, 3, 52000, 20, 'null', '0000-00-00 00:00:00', '0000-00-00 00:00:00', 'CC17C0501S04T', ''),
(2199, 'Cupcake Round 10,5/4,5cm GP Batik 2-SC 1x1000', 12, 3, 52000, 20, 'null', '0000-00-00 00:00:00', '0000-00-00 00:00:00', 'CC17C0502S04T', ''),
(2200, 'Cupcake Round 10,5/4,5cm GP Batik 3-SC 1x1000', 12, 3, 52000, 20, 'null', '0000-00-00 00:00:00', '0000-00-00 00:00:00', 'CC17C0503S04T', ''),
(2201, 'Cupcake Round 10,5/4,5cm GP Batik 4-SC 1x1000', 12, 3, 52000, 20, 'null', '0000-00-00 00:00:00', '0000-00-00 00:00:00', 'CC17C0504S04T', ''),
(2202, 'Cupcake Round 10,5/4,5cm GP Batik 5-SC 1x1000', 12, 3, 52000, 20, 'null', '0000-00-00 00:00:00', '0000-00-00 00:00:00', 'CC17C0505S04T', ''),
(2203, 'Cupcake Round 10,5/5,5cm GP Mix 5 Batik 16x1000', 12, 4, 787000, 20, 'null', '0000-00-00 00:00:00', '0000-00-00 00:00:00', 'CC19C0500P02S', ''),
(2204, 'Cupcake Round 10,5/5,5cm GP Batik 1-SC 1x1000', 12, 3, 52000, 20, 'null', '0000-00-00 00:00:00', '0000-00-00 00:00:00', 'CC19C0501S04T', ''),
(2205, 'Cupcake Round 10,5/5,5cm GP Batik 2-SC 1x1000', 12, 3, 52000, 20, 'null', '0000-00-00 00:00:00', '0000-00-00 00:00:00', 'CC19C0502S04T', ''),
(2206, 'Cupcake Round 10,5/5,5cm GP Batik 3-SC 1x1000', 12, 3, 52000, 20, 'null', '0000-00-00 00:00:00', '0000-00-00 00:00:00', 'CC19C0503S04T', ''),
(2207, 'Cupcake Round 10,5/5,5cm GP Batik 4-SC 1x1000', 12, 3, 52000, 20, 'null', '0000-00-00 00:00:00', '0000-00-00 00:00:00', 'CC19C0504S04T', ''),
(2208, 'Cupcake Round 10,5/5,5cm GP Batik 5-SC 1x1000', 12, 3, 52000, 20, 'null', '0000-00-00 00:00:00', '0000-00-00 00:00:00', 'CC19C0505S04T', ''),
(2209, 'Cupcake Round 12,5/3,7cm GP Mix 5 Batik 16x1000', 12, 4, 954000, 20, 'null', '0000-00-00 00:00:00', '0000-00-00 00:00:00', 'CC29C0500P02S', ''),
(2210, 'Cupcake Round 12,5/3,7cm GP Batik 1-SC 1x1000', 12, 3, 63000, 20, 'null', '0000-00-00 00:00:00', '0000-00-00 00:00:00', 'CC29C0501S04T', ''),
(2211, 'Cupcake Round 12,5/3,7cm GP Batik 2-SC 1x1000', 12, 3, 63000, 20, 'null', '0000-00-00 00:00:00', '0000-00-00 00:00:00', 'CC29C0502S04T', ''),
(2212, 'Cupcake Round 12,5/3,7cm GP Batik 3-SC 1x1000', 12, 3, 63000, 20, 'null', '0000-00-00 00:00:00', '0000-00-00 00:00:00', 'CC29C0503S04T', ''),
(2213, 'Cupcake Round 12,5/3,7cm GP Batik 4-SC 1x1000', 12, 3, 63000, 20, 'null', '0000-00-00 00:00:00', '0000-00-00 00:00:00', 'CC29C0504S04T', ''),
(2214, 'Cupcake Round 12,5/3,7cm GP Batik 5-SC 1x1000', 12, 3, 63000, 20, 'null', '0000-00-00 00:00:00', '0000-00-00 00:00:00', 'CC29C0505S04T', ''),
(2215, 'Cupcake Round 12,5/3,7cm MG Mix 5 Batik 25x500', 12, 4, 570000, 20, 'null', '0000-00-00 00:00:00', '0000-00-00 00:00:00', 'CC29D0500P03S', ''),
(2216, 'Cupcake Round 12,5/3,7cm MG Batik 1-SC 1x500', 12, 3, 24000, 20, 'null', '0000-00-00 00:00:00', '0000-00-00 00:00:00', 'CC29D0501S03T', ''),
(2217, 'Cupcake Round 12,5/3,7cm MG Batik 2-SC 1x500', 12, 3, 24000, 20, 'null', '0000-00-00 00:00:00', '0000-00-00 00:00:00', 'CC29D0502S03T', ''),
(2218, 'Cupcake Round 12,5/3,7cm MG Batik 3-SC 1x500', 12, 3, 24000, 20, 'null', '0000-00-00 00:00:00', '0000-00-00 00:00:00', 'CC29D0503S03T', ''),
(2219, 'Cupcake Round 12,5/3,7cm MG Batik 4-SC 1x500', 12, 3, 24000, 20, 'null', '0000-00-00 00:00:00', '0000-00-00 00:00:00', 'CC29D0504S03T', ''),
(2220, 'Cupcake Round 12,5/3,7cm MG Batik 5-SC 1x500', 12, 3, 24000, 20, 'null', '0000-00-00 00:00:00', '0000-00-00 00:00:00', 'CC29D0505S03T', ''),
(2221, 'Cupcake Round 12,5/5,5cm GP Mix 5 Batik 16x1000', 12, 4, 954000, 20, 'null', '0000-00-00 00:00:00', '0000-00-00 00:00:00', 'CC30C0500P02S', ''),
(2222, 'Cupcake Round 12,5/5,5cm GP Batik 1-SC 1x1000', 12, 3, 63000, 20, 'null', '0000-00-00 00:00:00', '0000-00-00 00:00:00', 'CC30C0501S04T', ''),
(2223, 'Cupcake Round 12,5/5,5cm GP Batik 2-SC 1x1000', 12, 3, 63000, 20, 'null', '0000-00-00 00:00:00', '0000-00-00 00:00:00', 'CC30C0502S04T', ''),
(2224, 'Cupcake Round 12,5/5,5cm GP Batik 3-SC 1x1000', 12, 3, 63000, 20, 'null', '0000-00-00 00:00:00', '0000-00-00 00:00:00', 'CC30C0503S04T', ''),
(2225, 'Cupcake Round 12,5/5,5cm GP Batik 4-SC 1x1000', 12, 3, 63000, 20, 'null', '0000-00-00 00:00:00', '0000-00-00 00:00:00', 'CC30C0504S04T', ''),
(2226, 'Cupcake Round 12,5/5,5cm GP Batik 5-SC 1x1000', 12, 3, 63000, 20, 'null', '0000-00-00 00:00:00', '0000-00-00 00:00:00', 'CC30C0505S04T', ''),
(2227, 'Cupcake Round 5,5/2,4cm GP Mix 5 Batik 50x1000', 12, 4, 690000, 20, 'null', '0000-00-00 00:00:00', '0000-00-00 00:00:00', 'CC03C0500P07S', ''),
(2228, 'Cupcake Round 5,5/2,4cm GP Batik 1-SC 1x1000', 12, 3, 15000, 20, 'null', '0000-00-00 00:00:00', '0000-00-00 00:00:00', 'CC03C0501S04T', ''),
(2229, 'Cupcake Round 5,5/2,4cm GP Batik 2-SC 1x1000', 12, 3, 15000, 20, 'null', '0000-00-00 00:00:00', '0000-00-00 00:00:00', 'CC03C0502S04T', ''),
(2230, 'Cupcake Round 5,5/2,4cm GP Batik 3-SC 1x1000', 12, 3, 15000, 20, 'null', '0000-00-00 00:00:00', '0000-00-00 00:00:00', 'CC03C0503S04T', ''),
(2231, 'Cupcake Round 5,5/2,4cm GP Batik 4-SC 1x1000', 12, 3, 15000, 20, 'null', '0000-00-00 00:00:00', '0000-00-00 00:00:00', 'CC03C0504S04T', ''),
(2232, 'Cupcake Round 5,5/2,4cm GP Batik 5-SC 1x1000', 12, 3, 15000, 20, 'null', '0000-00-00 00:00:00', '0000-00-00 00:00:00', 'CC03C0505S04T', ''),
(2233, 'Cupcake Round 5/2,4cm GP Mix 5 Batik 50x1000', 12, 4, 627000, 20, 'null', '0000-00-00 00:00:00', '0000-00-00 00:00:00', 'CC02C0500P07S', ''),
(2234, 'Cupcake Round 5/2,4cm GP Batik 1-SC 1x1000', 12, 3, 14000, 20, 'null', '0000-00-00 00:00:00', '0000-00-00 00:00:00', 'CC02C0501S04T', ''),
(2235, 'Cupcake Round 5/2,4cm GP Batik 2-SC 1x1000', 12, 3, 14000, 20, 'null', '0000-00-00 00:00:00', '0000-00-00 00:00:00', 'CC02C0502S04T', ''),
(2236, 'Cupcake Round 5/2,4cm GP Batik 3-SC 1x1000', 12, 3, 14000, 20, 'null', '0000-00-00 00:00:00', '0000-00-00 00:00:00', 'CC02C0503S04T', ''),
(2237, 'Cupcake Round 5/2,4cm GP Batik 4-SC 1x1000', 12, 3, 14000, 20, 'null', '0000-00-00 00:00:00', '0000-00-00 00:00:00', 'CC02C0504S04T', ''),
(2238, 'Cupcake Round 5/2,4cm GP Batik 5-SC 1x1000', 12, 3, 14000, 20, 'null', '0000-00-00 00:00:00', '0000-00-00 00:00:00', 'CC02C0505S04T', ''),
(2239, 'Cupcake Round 7/3,2cm GP Mix 5 Batik 48x1000', 12, 4, 1005000, 20, 'null', '0000-00-00 00:00:00', '0000-00-00 00:00:00', 'CC05C0500P06S', ''),
(2240, 'Cupcake Round 7/3,2cm GP Batik 1-SC 1x1000', 12, 3, 22000, 20, 'null', '0000-00-00 00:00:00', '0000-00-00 00:00:00', 'CC05C0501S04T', ''),
(2241, 'Cupcake Round 7/3,2cm GP Batik 2-SC 1x1000', 12, 3, 22000, 20, 'null', '0000-00-00 00:00:00', '0000-00-00 00:00:00', 'CC05C0502S04T', ''),
(2242, 'Cupcake Round 7/3,2cm GP Batik 3-SC 1x1000', 12, 3, 22000, 20, 'null', '0000-00-00 00:00:00', '0000-00-00 00:00:00', 'CC05C0503S04T', ''),
(2243, 'Cupcake Round 7/3,2cm GP Batik 4-SC 1x1000', 12, 3, 22000, 20, 'null', '0000-00-00 00:00:00', '0000-00-00 00:00:00', 'CC05C0504S04T', ''),
(2244, 'Cupcake Round 7/3,2cm GP Batik 5-SC 1x1000', 12, 3, 22000, 20, 'null', '0000-00-00 00:00:00', '0000-00-00 00:00:00', 'CC05C0505S04T', ''),
(2245, 'Cupcake Round 9,5/4,3cm GP Mix 5 Batik 25x1000', 12, 4, 945000, 20, 'null', '0000-00-00 00:00:00', '0000-00-00 00:00:00', 'CC11C0500P04S', ''),
(2246, 'Cupcake Round 9,5/4,3cm GP Batik 1-SC 1x1000', 12, 3, 40000, 20, 'null', '0000-00-00 00:00:00', '0000-00-00 00:00:00', 'CC11C0501S04T', ''),
(2247, 'Cupcake Round 9,5/4,3cm GP Batik 2-SC 1x1000', 12, 3, 40000, 20, 'null', '0000-00-00 00:00:00', '0000-00-00 00:00:00', 'CC11C0502S04T', ''),
(2248, 'Cupcake Round 9,5/4,3cm GP Batik 3-SC 1x1000', 12, 3, 40000, 20, 'null', '0000-00-00 00:00:00', '0000-00-00 00:00:00', 'CC11C0503S04T', ''),
(2249, 'Cupcake Round 9,5/4,3cm GP Batik 4-SC 1x1000', 12, 3, 40000, 20, 'null', '0000-00-00 00:00:00', '0000-00-00 00:00:00', 'CC11C0504S04T', ''),
(2250, 'Cupcake Round 9,5/4,3cm GP Batik 5-SC 1x1000', 12, 3, 40000, 20, 'null', '0000-00-00 00:00:00', '0000-00-00 00:00:00', 'CC11C0505S04T', ''),
(2251, 'Doilies Round 3,5\" Flower MG Mix 5 Batik 20x250', 4, 4, 311000, 20, 'null', '0000-00-00 00:00:00', '0000-00-00 00:00:00', 'DO01D0500P04S', ''),
(2252, 'Doilies Round 3,5\" Flower MG Batik 1-SC 1x250', 4, 3, 17000, 20, 'null', '0000-00-00 00:00:00', '0000-00-00 00:00:00', 'DO01D0501T04T', ''),
(2253, 'Doilies Round 3,5\" Flower MG Batik 2-SC 1x250', 4, 3, 17000, 20, 'null', '0000-00-00 00:00:00', '0000-00-00 00:00:00', 'DO01D0502T04T', ''),
(2254, 'Doilies Round 3,5\" Flower MG Batik 3-SC 1x250', 4, 3, 17000, 20, 'null', '0000-00-00 00:00:00', '0000-00-00 00:00:00', 'DO01D0503T04T', ''),
(2255, 'Doilies Round 3,5\" Flower MG Batik 4-SC 1x250', 4, 3, 17000, 20, 'null', '0000-00-00 00:00:00', '0000-00-00 00:00:00', 'DO01D0504T04T', ''),
(2256, 'Doilies Round 3,5\" Flower MG Batik 5-SC 1x250', 4, 3, 17000, 20, 'null', '0000-00-00 00:00:00', '0000-00-00 00:00:00', 'DO01D0505T04T', ''),
(2257, 'Doilies Round 4,5\" Flower MG Mix 5 Batik 20x100', 4, 4, 150000, 20, 'null', '0000-00-00 00:00:00', '0000-00-00 00:00:00', 'DO02D0500P03S', ''),
(2258, 'Doilies Round 4,5\" Flower MG Batik 1-SC 1x100', 4, 3, 8000, 20, 'null', '0000-00-00 00:00:00', '0000-00-00 00:00:00', 'DO02D0501T05T', ''),
(2259, 'Doilies Round 4,5\" Flower MG Batik 2-SC 1x100', 4, 3, 8000, 20, 'null', '0000-00-00 00:00:00', '0000-00-00 00:00:00', 'DO02D0502T05T', ''),
(2260, 'Doilies Round 4,5\" Flower MG Batik 3-SC 1x100', 4, 3, 8000, 20, 'null', '0000-00-00 00:00:00', '0000-00-00 00:00:00', 'DO02D0503T05T', ''),
(2261, 'Doilies Round 4,5\" Flower MG Batik 4-SC 1x100', 4, 3, 8000, 20, 'null', '0000-00-00 00:00:00', '0000-00-00 00:00:00', 'DO02D0504T05T', ''),
(2262, 'Doilies Round 4,5\" Flower MG Batik 5-SC 1x100', 4, 3, 8000, 20, 'null', '0000-00-00 00:00:00', '0000-00-00 00:00:00', 'DO02D0505T05T', ''),
(2263, 'Doilies Round 5\" Flower MG Mix 5 Batik 20x100', 4, 4, 187000, 20, 'null', '0000-00-00 00:00:00', '0000-00-00 00:00:00', 'DO04D0500P03S', ''),
(2264, 'Doilies Round 5\" Flower MG Batik 1-SC 1x100', 4, 3, 10000, 20, 'null', '0000-00-00 00:00:00', '0000-00-00 00:00:00', 'DO04D0501T05T', ''),
(2265, 'Doilies Round 5\" Flower MG Batik 2-SC 1x100', 4, 3, 10000, 20, 'null', '0000-00-00 00:00:00', '0000-00-00 00:00:00', 'DO04D0502T05T', ''),
(2266, 'Doilies Round 5\" Flower MG Batik 3-SC 1x100', 4, 3, 10000, 20, 'null', '0000-00-00 00:00:00', '0000-00-00 00:00:00', 'DO04D0503T05T', ''),
(2267, 'Doilies Round 5\" Flower MG Batik 4-SC 1x100', 4, 3, 10000, 20, 'null', '0000-00-00 00:00:00', '0000-00-00 00:00:00', 'DO04D0504T05T', ''),
(2268, 'Doilies Round 5\" Flower MG Batik 5-SC 1x100', 4, 3, 10000, 20, 'null', '0000-00-00 00:00:00', '0000-00-00 00:00:00', 'DO04D0505T05T', ''),
(2269, 'Doilies Round 5,5\" Flower MG Mix 5 Batik 20x100', 4, 4, 196000, 20, 'null', '0000-00-00 00:00:00', '0000-00-00 00:00:00', 'DO05D0500P03S', ''),
(2270, 'Doilies Round 5,5\" Flower MG Batik 1-SC 1x100', 4, 3, 11000, 20, 'null', '0000-00-00 00:00:00', '0000-00-00 00:00:00', 'DO05D0501T05T', ''),
(2271, 'Doilies Round 5,5\" Flower MG Batik 2-SC 1x100', 4, 3, 11000, 20, 'null', '0000-00-00 00:00:00', '0000-00-00 00:00:00', 'DO05D0502T05T', ''),
(2272, 'Doilies Round 5,5\" Flower MG Batik 3-SC 1x100', 4, 3, 11000, 20, 'null', '0000-00-00 00:00:00', '0000-00-00 00:00:00', 'DO05D0503T05T', ''),
(2273, 'Doilies Round 5,5\" Flower MG Batik 4-SC 1x100', 4, 3, 11000, 20, 'null', '0000-00-00 00:00:00', '0000-00-00 00:00:00', 'DO05D0504T05T', ''),
(2274, 'Doilies Round 5,5\" Flower MG Batik 5-SC 1x100', 4, 3, 11000, 20, 'null', '0000-00-00 00:00:00', '0000-00-00 00:00:00', 'DO05D0505T05T', ''),
(2275, 'Doilies Round 6,5\" Flower MG Mix 5 Batik 20x100', 4, 4, 257000, 20, 'null', '0000-00-00 00:00:00', '0000-00-00 00:00:00', 'DO08D0500P03S', ''),
(2276, 'Doilies Round 6,5\" Flower MG Batik 1-SC 1x100', 4, 3, 14000, 20, 'null', '0000-00-00 00:00:00', '0000-00-00 00:00:00', 'DO08D0501T05T', ''),
(2277, 'Doilies Round 6,5\" Flower MG Batik 2-SC 1x100', 4, 3, 14000, 20, 'null', '0000-00-00 00:00:00', '0000-00-00 00:00:00', 'DO08D0502T05T', ''),
(2278, 'Doilies Round 6,5\" Flower MG Batik 3-SC 1x100', 4, 3, 14000, 20, 'null', '0000-00-00 00:00:00', '0000-00-00 00:00:00', 'DO08D0503T05T', ''),
(2279, 'Doilies Round 6,5\" Flower MG Batik 4-SC 1x100', 4, 3, 14000, 20, 'null', '0000-00-00 00:00:00', '0000-00-00 00:00:00', 'DO08D0504T05T', ''),
(2280, 'Doilies Round 6,5\" Flower MG Batik 5-SC 1x100', 4, 3, 14000, 20, 'null', '0000-00-00 00:00:00', '0000-00-00 00:00:00', 'DO08D0505T05T', ''),
(2281, 'Doilies Round 7,5\" Flower MG Mix 5 Batik 20x100', 4, 4, 334000, 20, 'null', '0000-00-00 00:00:00', '0000-00-00 00:00:00', 'DO10D0500P03S', ''),
(2282, 'Doilies Round 7,5\" Flower MG Batik 1-SC 1x100', 4, 3, 18000, 20, 'null', '0000-00-00 00:00:00', '0000-00-00 00:00:00', 'DO10D0501T05T', ''),
(2283, 'Doilies Round 7,5\" Flower MG Batik 2-SC 1x100', 4, 3, 18000, 20, 'null', '0000-00-00 00:00:00', '0000-00-00 00:00:00', 'DO10D0502T05T', ''),
(2284, 'Doilies Round 7,5\" Flower MG Batik 3-SC 1x100', 4, 3, 18000, 20, 'null', '0000-00-00 00:00:00', '0000-00-00 00:00:00', 'DO10D0503T05T', ''),
(2285, 'Doilies Round 7,5\" Flower MG Batik 4-SC 1x100', 4, 3, 18000, 20, 'null', '0000-00-00 00:00:00', '0000-00-00 00:00:00', 'DO10D0504T05T', ''),
(2286, 'Doilies Round 7,5\" Flower MG Batik 5-SC 1x100', 4, 3, 18000, 20, 'null', '0000-00-00 00:00:00', '0000-00-00 00:00:00', 'DO10D0505T05T', ''),
(2287, 'Doilies Round 8,5\" Flower MG Mix 5 Batik 20x100', 4, 4, 382000, 20, 'null', '0000-00-00 00:00:00', '0000-00-00 00:00:00', 'DO14D0500P03S', ''),
(2288, 'Doilies Round 8,5\" Flower MG Batik 1-SC 1x100', 4, 3, 20000, 20, 'null', '0000-00-00 00:00:00', '0000-00-00 00:00:00', 'DO14D0501T05T', ''),
(2289, 'Doilies Round 8,5\" Flower MG Batik 2-SC 1x100', 4, 3, 20000, 20, 'null', '0000-00-00 00:00:00', '0000-00-00 00:00:00', 'DO14D0502T05T', ''),
(2290, 'Doilies Round 8,5\" Flower MG Batik 3-SC 1x100', 4, 3, 20000, 20, 'null', '0000-00-00 00:00:00', '0000-00-00 00:00:00', 'DO14D0503T05T', ''),
(2291, 'Doilies Round 8,5\" Flower MG Batik 4-SC 1x100', 4, 3, 20000, 20, 'null', '0000-00-00 00:00:00', '0000-00-00 00:00:00', 'DO14D0504T05T', ''),
(2292, 'Doilies Round 8,5\" Flower MG Batik 5-SC 1x100', 4, 3, 20000, 20, 'null', '0000-00-00 00:00:00', '0000-00-00 00:00:00', 'DO14D0505T05T', ''),
(2293, 'Doilies Round 9,5\" Flower MG Mix 5 Batik 20x100', 4, 4, 486000, 20, 'null', '0000-00-00 00:00:00', '0000-00-00 00:00:00', 'DO15D0500P03S', ''),
(2294, 'Doilies Round 9,5\" Flower MG Batik 1-SC 1x100', 4, 3, 26000, 20, 'null', '0000-00-00 00:00:00', '0000-00-00 00:00:00', 'DO15D0501T05T', ''),
(2295, 'Doilies Round 9,5\" Flower MG Batik 2-SC 1x100', 4, 3, 26000, 20, 'null', '0000-00-00 00:00:00', '0000-00-00 00:00:00', 'DO15D0502T05T', ''),
(2296, 'Doilies Round 9,5\" Flower MG Batik 3-SC 1x100', 4, 3, 26000, 20, 'null', '0000-00-00 00:00:00', '0000-00-00 00:00:00', 'DO15D0503T05T', ''),
(2297, 'Doilies Round 9,5\" Flower MG Batik 4-SC 1x100', 4, 3, 26000, 20, 'null', '0000-00-00 00:00:00', '0000-00-00 00:00:00', 'DO15D0504T05T', ''),
(2298, 'Doilies Round 9,5\" Flower MG Batik 5-SC 1x100', 4, 3, 26000, 20, 'null', '0000-00-00 00:00:00', '0000-00-00 00:00:00', 'DO15D0505T05T', ''),
(2299, 'Doilies Square 10\"x10\" Flower MG Mix 5 Batik 8x250', 4, 4, 723000, 20, 'null', '0000-00-00 00:00:00', '0000-00-00 00:00:00', 'DO32D0500P03S', ''),
(2300, 'Doilies Square 10\"x10\" Flower MG Batik 1-SC 1x250', 4, 3, 95000, 20, 'null', '0000-00-00 00:00:00', '0000-00-00 00:00:00', 'DO32D0501T04T', ''),
(2301, 'Doilies Square 10\"x10\" Flower MG Batik 2-SC 1x250', 4, 3, 95000, 20, 'null', '0000-00-00 00:00:00', '0000-00-00 00:00:00', 'DO32D0502T04T', ''),
(2302, 'Doilies Square 10\"x10\" Flower MG Batik 3-SC 1x250', 4, 3, 95000, 20, 'null', '0000-00-00 00:00:00', '0000-00-00 00:00:00', 'DO32D0503T04T', ''),
(2303, 'Doilies Square 10\"x10\" Flower MG Batik 4-SC 1x250', 4, 3, 95000, 20, 'null', '0000-00-00 00:00:00', '0000-00-00 00:00:00', 'DO32D0504T04T', ''),
(2304, 'Doilies Square 10\"x10\" Flower MG Batik 5-SC 1x250', 4, 3, 95000, 20, 'null', '0000-00-00 00:00:00', '0000-00-00 00:00:00', 'DO32D0505T04T', ''),
(2305, 'Doilies Square 8\"x8\" New Flower MG Mix 5 Batik 8x250', 4, 4, 600000, 20, 'null', '0000-00-00 00:00:00', '0000-00-00 00:00:00', 'DO31D0500P02S', ''),
(2306, 'Doilies Square 8\"x8\" New Flower MG Batik 1-SC 1x250', 4, 3, 79000, 20, 'null', '0000-00-00 00:00:00', '0000-00-00 00:00:00', 'DO31D0501T04T', ''),
(2307, 'Doilies Square 8\"x8\" New Flower MG Batik 2-SC 1x250', 4, 3, 79000, 20, 'null', '0000-00-00 00:00:00', '0000-00-00 00:00:00', 'DO31D0502T04T', ''),
(2308, 'Doilies Square 8\"x8\" New Flower MG Batik 3-SC 1x250', 4, 3, 79000, 20, 'null', '0000-00-00 00:00:00', '0000-00-00 00:00:00', 'DO31D0503T04T', ''),
(2309, 'Doilies Square 8\"x8\" New Flower MG Batik 4-SC 1x250', 4, 3, 79000, 20, 'null', '0000-00-00 00:00:00', '0000-00-00 00:00:00', 'DO31D0504T04T', ''),
(2310, 'Doilies Square 8\"x8\" New Flower MG Batik 5-SC 1x250', 4, 3, 79000, 19, 'null', '0000-00-00 00:00:00', '0000-00-00 00:00:00', 'DO31D0505T04T', ''),
(2311, 'Permen Karet Merah', 3, 3, 2000, 22, NULL, '2022-10-12 09:19:02', NULL, 'B0001', '');

-- --------------------------------------------------------

--
-- Struktur dari tabel `p_unit`
--

CREATE TABLE `p_unit` (
  `unit_id` int(11) NOT NULL,
  `name` varchar(100) NOT NULL,
  `created` datetime NOT NULL DEFAULT CURRENT_TIMESTAMP,
  `updated` datetime DEFAULT NULL
) ENGINE=InnoDB DEFAULT CHARSET=latin1;

--
-- Dumping data untuk tabel `p_unit`
--

INSERT INTO `p_unit` (`unit_id`, `name`, `created`, `updated`) VALUES
(3, 'Pack', '2022-08-11 14:08:37', '2022-10-07 04:07:00'),
(4, 'Box', '2022-08-11 14:35:33', '2022-10-07 04:06:53');

-- --------------------------------------------------------

--
-- Struktur dari tabel `supplier`
--

CREATE TABLE `supplier` (
  `supplier_id` int(11) NOT NULL,
  `name` varchar(100) NOT NULL,
  `phone` varchar(15) NOT NULL,
  `address` varchar(255) NOT NULL,
  `description` text,
  `created` datetime NOT NULL DEFAULT CURRENT_TIMESTAMP,
  `updated` datetime DEFAULT NULL
) ENGINE=InnoDB DEFAULT CHARSET=latin1;

--
-- Dumping data untuk tabel `supplier`
--

INSERT INTO `supplier` (`supplier_id`, `name`, `phone`, `address`, `description`, `created`, `updated`) VALUES
(1, 'PT Vantsing International Group 1', '08198399832', 'Jl. Dr suprapro grogol. ', NULL, '2022-08-10 14:49:50', '2022-09-23 09:50:11'),
(2, 'PT Velocetrax', '0909490949', 'Jl Mega Kuningan', NULL, '2022-08-10 14:49:50', NULL),
(3, 'Toko Surya Kencana', '00909444099', 'Bayu', NULL, '2022-08-11 09:59:20', NULL),
(4, 'Toko Jaya Sejahtera 2', '081299009933', 'Hadi', NULL, '2022-08-11 10:01:39', '2022-08-11 05:43:02'),
(5, 'Toko Surya Kencana', '00909444099', 'Suryadi', 'baik', '2022-10-12 09:20:18', NULL);

-- --------------------------------------------------------

--
-- Struktur dari tabel `t_cart`
--

CREATE TABLE `t_cart` (
  `cart_id` int(11) NOT NULL,
  `item_id` int(11) NOT NULL,
  `price` int(11) NOT NULL,
  `qty` int(10) NOT NULL,
  `discount_item` int(11) NOT NULL DEFAULT '0',
  `total` int(11) NOT NULL,
  `user_id` int(11) NOT NULL
) ENGINE=InnoDB DEFAULT CHARSET=latin1;

--
-- Dumping data untuk tabel `t_cart`
--

INSERT INTO `t_cart` (`cart_id`, `item_id`, `price`, `qty`, `discount_item`, `total`, `user_id`) VALUES
(2, 1509, 644000, 1, 0, 644000, 19),
(3, 2311, 2000, 1, 0, 2000, 2);

-- --------------------------------------------------------

--
-- Struktur dari tabel `t_sale`
--

CREATE TABLE `t_sale` (
  `sale_id` int(11) NOT NULL,
  `invoice` varchar(50) NOT NULL,
  `customer_id` int(11) DEFAULT NULL,
  `total_price` int(11) NOT NULL,
  `discount` int(11) NOT NULL,
  `final_price` int(11) NOT NULL,
  `cash` int(11) DEFAULT NULL,
  `remaining` int(11) DEFAULT NULL,
  `note` text NOT NULL,
  `date` date NOT NULL,
  `user_id` int(11) NOT NULL,
  `created` datetime NOT NULL DEFAULT CURRENT_TIMESTAMP,
  `status_pesanan` int(2) NOT NULL,
  `jenis_pembayaran` varchar(50) NOT NULL
) ENGINE=InnoDB DEFAULT CHARSET=latin1;

--
-- Dumping data untuk tabel `t_sale`
--

INSERT INTO `t_sale` (`sale_id`, `invoice`, `customer_id`, `total_price`, `discount`, `final_price`, `cash`, `remaining`, `note`, `date`, `user_id`, `created`, `status_pesanan`, `jenis_pembayaran`) VALUES
(108, 'DP2210070001', NULL, 646000, 0, 646000, 646000, 0, '', '2022-10-07', 1, '2022-10-07 11:53:54', 1, 'Debit'),
(109, 'DP2210070002', NULL, 644000, 0, 644000, 644000, 0, '', '2022-10-07', 8, '2022-10-07 14:06:00', 1, 'Debit'),
(110, 'DP2210070003', NULL, 2000, 0, 2000, 2000, 0, '', '2022-10-07', 8, '2022-10-07 14:16:09', 1, 'Debit'),
(111, 'DP2210100001', 6, 79000, 0, 79000, 79000, 0, '', '2022-10-10', 8, '2022-10-10 11:10:01', 0, 'Debit'),
(112, 'DP2210100002', 3, 2000, 0, 2000, 0, 0, '', '2022-10-10', 7, '2022-10-10 14:14:34', 0, ''),
(113, 'DP2210110001', NULL, 2000, 0, 2000, 0, 0, '', '2022-10-11', 8, '2022-10-11 13:27:30', 0, ''),
(114, 'DP2210120001', 4, 646000, 0, 646000, NULL, NULL, '', '2022-10-12', 13, '2022-10-12 11:18:58', 0, ''),
(115, 'DP2210120002', 2, 458000, 0, 458000, NULL, NULL, 'Titip ', '2022-10-12', 13, '2022-10-12 11:21:07', 0, ''),
(116, 'DP2210120003', 14, 4872000, 0, 4872000, 4872000, 0, '', '2022-10-12', 2, '2022-10-12 11:21:13', 0, 'Debit'),
(117, 'DP2210120004', 3, 415000, 0, 415000, 500000, 85000, '', '2022-10-12', 2, '2022-10-12 13:39:20', 0, 'Cash'),
(118, 'DP2210120005', NULL, 2000, 0, 2000, 2000, 0, '', '2022-10-12', 2, '2022-10-12 15:14:15', 1, 'Debit'),
(119, 'DP2210120006', NULL, 2000, 0, 2000, 2000, 0, '', '2022-10-12', 2, '2022-10-12 15:42:46', 1, 'Debit'),
(120, 'DP2210120007', 4, 2000, 0, 2000, 2000, 0, 'punya ika', '2022-10-12', 17, '2022-10-12 16:15:09', 1, 'Debit'),
(126, 'DP2210130004', NULL, 2000, 0, 2000, 2000, 0, '', '2022-10-13', 2, '2022-10-13 13:19:02', 1, 'Debit'),
(127, 'DP2210130005', NULL, 2000, 0, 2000, 2000, 0, '', '2022-10-13', 2, '2022-10-13 13:29:56', 1, 'Debit'),
(128, 'DP2210130006', NULL, 644000, 0, 644000, 644000, 0, '', '2022-10-13', 2, '2022-10-13 14:07:56', 1, 'Debit'),
(130, 'DP2210130007', 3, 2000, 0, 2000, 2000, 0, '', '2022-10-13', 2, '2022-10-13 14:19:52', 1, 'Debit'),
(133, 'DP2210140001', NULL, 2000, 0, 2000, NULL, NULL, '', '2022-10-14', 2, '2022-10-14 09:01:46', 0, '');

--
-- Trigger `t_sale`
--
DELIMITER $$
CREATE TRIGGER `del_detail` AFTER DELETE ON `t_sale` FOR EACH ROW BEGIN
	DELETE FROM t_sale_detail
    WHERE sale_id = OLD.sale_id;
    
END
$$
DELIMITER ;

-- --------------------------------------------------------

--
-- Struktur dari tabel `t_sale_detail`
--

CREATE TABLE `t_sale_detail` (
  `detail_id` int(11) NOT NULL,
  `sale_id` int(11) NOT NULL,
  `item_id` int(11) NOT NULL,
  `price` int(11) NOT NULL,
  `qty` int(10) NOT NULL,
  `discount_item` int(11) NOT NULL,
  `total` int(11) NOT NULL
) ENGINE=InnoDB DEFAULT CHARSET=latin1;

--
-- Dumping data untuk tabel `t_sale_detail`
--

INSERT INTO `t_sale_detail` (`detail_id`, `sale_id`, `item_id`, `price`, `qty`, `discount_item`, `total`) VALUES
(115, 108, 1479, 2000, 1, 0, 2000),
(116, 108, 1509, 644000, 1, 0, 644000),
(117, 109, 1509, 644000, 1, 0, 644000),
(118, 110, 1479, 2000, 1, 0, 2000),
(119, 111, 2310, 79000, 1, 0, 79000),
(120, 112, 1479, 2000, 1, 0, 2000),
(121, 113, 1479, 2000, 1, 0, 2000),
(122, 114, 1479, 2000, 1, 0, 2000),
(123, 114, 1509, 644000, 1, 0, 644000),
(124, 115, 2168, 458000, 1, 0, 458000),
(125, 116, 1509, 644000, 5, 0, 3220000),
(126, 116, 2166, 413000, 4, 0, 1652000),
(127, 117, 2166, 413000, 1, 0, 413000),
(128, 117, 2311, 2000, 1, 0, 2000),
(129, 118, 2311, 2000, 1, 0, 2000),
(130, 119, 2311, 2000, 1, 0, 2000),
(131, 120, 2311, 2000, 1, 0, 2000),
(138, 126, 2311, 2000, 1, 0, 2000),
(139, 127, 2311, 2000, 1, 0, 2000),
(140, 128, 1509, 644000, 1, 0, 644000),
(142, 130, 2311, 2000, 1, 0, 2000),
(145, 133, 2311, 2000, 1, 0, 2000);

--
-- Trigger `t_sale_detail`
--
DELIMITER $$
CREATE TRIGGER `stock_min` AFTER INSERT ON `t_sale_detail` FOR EACH ROW BEGIN

UPDATE p_item SET stock = stock - NEW.qty
WHERE item_id = NEW.item_id;

END
$$
DELIMITER ;
DELIMITER $$
CREATE TRIGGER `stock_return` AFTER DELETE ON `t_sale_detail` FOR EACH ROW BEGIN
	UPDATE p_item SET stock = stock + OLD.qty
    WHERE item_id = OLD.item_id;
END
$$
DELIMITER ;

-- --------------------------------------------------------

--
-- Struktur dari tabel `t_stock`
--

CREATE TABLE `t_stock` (
  `stock_id` int(11) NOT NULL,
  `item_id` int(11) NOT NULL,
  `type` enum('in','out') NOT NULL,
  `detail` varchar(250) NOT NULL,
  `supplier_id` int(11) DEFAULT NULL,
  `qty` int(10) NOT NULL,
  `date` date NOT NULL,
  `created` datetime NOT NULL DEFAULT CURRENT_TIMESTAMP,
  `updated` datetime DEFAULT NULL,
  `user_id` int(11) NOT NULL
) ENGINE=InnoDB DEFAULT CHARSET=latin1;

--
-- Dumping data untuk tabel `t_stock`
--

INSERT INTO `t_stock` (`stock_id`, `item_id`, `type`, `detail`, `supplier_id`, `qty`, `date`, `created`, `updated`, `user_id`) VALUES
(1, 2311, 'in', 'tambah stock', 1, 30, '2022-10-12', '2022-10-12 13:38:47', NULL, 1);

--
-- Indexes for dumped tables
--

--
-- Indexes for table `customer`
--
ALTER TABLE `customer`
  ADD PRIMARY KEY (`customer_id`);

--
-- Indexes for table `p_category`
--
ALTER TABLE `p_category`
  ADD PRIMARY KEY (`category_id`);

--
-- Indexes for table `p_item`
--
ALTER TABLE `p_item`
  ADD PRIMARY KEY (`item_id`),
  ADD UNIQUE KEY `barcode` (`barcode`),
  ADD KEY `p_item_ibfk_1` (`category_id`),
  ADD KEY `p_item_ibfk_2` (`unit_id`);

--
-- Indexes for table `p_unit`
--
ALTER TABLE `p_unit`
  ADD PRIMARY KEY (`unit_id`);

--
-- Indexes for table `supplier`
--
ALTER TABLE `supplier`
  ADD PRIMARY KEY (`supplier_id`);

--
-- Indexes for table `t_cart`
--
ALTER TABLE `t_cart`
  ADD PRIMARY KEY (`cart_id`),
  ADD KEY `item_id` (`item_id`),
  ADD KEY `user_id` (`user_id`);

--
-- Indexes for table `t_sale`
--
ALTER TABLE `t_sale`
  ADD PRIMARY KEY (`sale_id`);

--
-- Indexes for table `t_sale_detail`
--
ALTER TABLE `t_sale_detail`
  ADD PRIMARY KEY (`detail_id`),
  ADD KEY `item_id` (`item_id`);

--
-- Indexes for table `t_stock`
--
ALTER TABLE `t_stock`
  ADD PRIMARY KEY (`stock_id`),
  ADD KEY `item_id` (`item_id`),
  ADD KEY `t_stock_ibfk_2` (`supplier_id`),
  ADD KEY `user_id` (`user_id`);

--
-- AUTO_INCREMENT for dumped tables
--

--
-- AUTO_INCREMENT for table `customer`
--
ALTER TABLE `customer`
  MODIFY `customer_id` int(11) NOT NULL AUTO_INCREMENT, AUTO_INCREMENT=19;

--
-- AUTO_INCREMENT for table `p_category`
--
ALTER TABLE `p_category`
  MODIFY `category_id` int(11) NOT NULL AUTO_INCREMENT, AUTO_INCREMENT=13;

--
-- AUTO_INCREMENT for table `p_item`
--
ALTER TABLE `p_item`
  MODIFY `item_id` int(11) NOT NULL AUTO_INCREMENT, AUTO_INCREMENT=2312;

--
-- AUTO_INCREMENT for table `p_unit`
--
ALTER TABLE `p_unit`
  MODIFY `unit_id` int(11) NOT NULL AUTO_INCREMENT, AUTO_INCREMENT=5;

--
-- AUTO_INCREMENT for table `supplier`
--
ALTER TABLE `supplier`
  MODIFY `supplier_id` int(11) NOT NULL AUTO_INCREMENT, AUTO_INCREMENT=6;

--
-- AUTO_INCREMENT for table `t_sale`
--
ALTER TABLE `t_sale`
  MODIFY `sale_id` int(11) NOT NULL AUTO_INCREMENT, AUTO_INCREMENT=134;

--
-- AUTO_INCREMENT for table `t_sale_detail`
--
ALTER TABLE `t_sale_detail`
  MODIFY `detail_id` int(11) NOT NULL AUTO_INCREMENT, AUTO_INCREMENT=146;

--
-- AUTO_INCREMENT for table `t_stock`
--
ALTER TABLE `t_stock`
  MODIFY `stock_id` int(11) NOT NULL AUTO_INCREMENT, AUTO_INCREMENT=2;

--
-- Ketidakleluasaan untuk tabel pelimpahan (Dumped Tables)
--

--
-- Ketidakleluasaan untuk tabel `p_item`
--
ALTER TABLE `p_item`
  ADD CONSTRAINT `p_item_ibfk_1` FOREIGN KEY (`category_id`) REFERENCES `p_category` (`category_id`) ON UPDATE CASCADE,
  ADD CONSTRAINT `p_item_ibfk_2` FOREIGN KEY (`unit_id`) REFERENCES `p_unit` (`unit_id`) ON UPDATE CASCADE;

--
-- Ketidakleluasaan untuk tabel `t_cart`
--
ALTER TABLE `t_cart`
  ADD CONSTRAINT `t_cart_ibfk_1` FOREIGN KEY (`item_id`) REFERENCES `p_item` (`item_id`) ON DELETE CASCADE ON UPDATE CASCADE,
  ADD CONSTRAINT `t_cart_ibfk_2` FOREIGN KEY (`user_id`) REFERENCES `user` (`user_id`) ON DELETE CASCADE ON UPDATE CASCADE;

--
-- Ketidakleluasaan untuk tabel `t_sale_detail`
--
ALTER TABLE `t_sale_detail`
  ADD CONSTRAINT `t_sale_detail_ibfk_1` FOREIGN KEY (`item_id`) REFERENCES `p_item` (`item_id`);

--
-- Ketidakleluasaan untuk tabel `t_stock`
--
ALTER TABLE `t_stock`
  ADD CONSTRAINT `t_stock_ibfk_1` FOREIGN KEY (`item_id`) REFERENCES `p_item` (`item_id`) ON DELETE CASCADE ON UPDATE CASCADE,
  ADD CONSTRAINT `t_stock_ibfk_2` FOREIGN KEY (`supplier_id`) REFERENCES `supplier` (`supplier_id`),
  ADD CONSTRAINT `t_stock_ibfk_3` FOREIGN KEY (`user_id`) REFERENCES `user` (`user_id`);
COMMIT;

